I/Xposed ( 1021): at de.robv.android.xposed.IXposedHookLoadPackage$Wrapper.handleLoadPackage(IXposedHookLoadPackage.java:20)
I/Xposed ( 1021): at de.robv.android.xposed.callbacks.XC_LoadPackage.call(XC_LoadPackage.java:34)
I/Xposed ( 1021): at de.robv.android.xposed.callbacks.XCallback.callAll(XCallback.java:70)
I/Xposed ( 1021): at de.robv.android.xposed.XposedBridge$2.beforeHookedMethod(XposedBridge.java:228)
I/Xposed ( 1021): at de.robv.android.xposed.XposedBridge.handleHookedMethod(XposedBridge.java:611)
I/Xposed ( 1021): at com.android.server.ServerThread.initAndLoop(Native Method)
I/Xposed ( 1021): at com.android.server.SystemServer.main(SystemServer.java:2215)
I/Xposed ( 1021): at java.lang.reflect.Method.invokeNative(Native Method)
I/Xposed ( 1021): at java.lang.reflect.Method.invoke(Method.java:515)
I/Xposed ( 1021): at com.android.internal.os.ZygoteInit$MethodAndArgsCaller.run(ZygoteInit.java:1283)
I/Xposed ( 1021): at com.android.internal.os.ZygoteInit.main(ZygoteInit.java:1099)
I/Xposed ( 1021): at de.robv.android.xposed.XposedBridge.main(XposedBridge.java:132)
I/Xposed ( 1021): at dalvik.system.NativeStart.main(Native Method)
W/ResourceType( 1021): Failure getting entry for 0x7f020769 (t=1 e=1897) in package 0 (error -75)
W/PackageParser( 1021): Unknown element under : uses-sdk at /data/app/media.hd.video.player-4.apk Binary XML file line #506 6,1002,16005035,-;[c0] [secgpio_dvs][pxa_check_mfp_configuration] state : init 6,1003,16005310,-;[c0] [secgpio_dvs][pxa_check_mfp_configuration]-
W/PackageParser( 1021): Problem in package /data/app/com.google.android.apps.photos-1.apk:
W/PackageParser( 1021): Unknown element under : category at /data/app/com.google.android.apps.photos-1.apk Binary XML file line #649
W/ResourceType( 1021): Failure getting entry for 0x7f0c0207 (t=11 e=519) in package 0 (error -75)
W/ResourceType( 1021): Failure getting entry for 0x7f0c0208 (t=11 e=520) in package 0 (error -75)
W/ResourceType( 1021): Failure getting entry for 0x7f0c0209 (t=11 e=521) in package 0 (error -75)
W/ResourceType( 1021): Failure getting entry for 0x7f0c020a (t=11 e=522) in package 0 (error -75)
W/ResourceType( 1021): Failure getting entry for 0x7f030001 (t=2 e=1) in package 0 (error -75)
W/ResourceType( 1021): Failure getting entry for 0x7f030000 (t=2 e=0) in package 0 (error -75)
E/AudioPolicyService( 148): getParamFromPolicy : enter , keys = audioParam;outDevice
E/audio_policy_mrvl( 148): mrvl_ap_getParamFromPolicy: audioParam;outDevice
V/audio_policy_mrvl( 148): get_new_device: Selected device 0
I/audio_policy_mrvl( 148): get_device_for_strategy: Strategy 0, device 2
W/ResourceType( 1021): Failure getting entry for 0x7f020769 (t=1 e=1897) in package 0 (error -75)
W/ResourceType( 1021): Failure getting entry for 0x7f020769 (t=1 e=1897) in package 0 (error -75)
W/ResourceType( 1021): Failure getting entry for 0x7f030003 (t=2 e=3) in package 0 (error -75)
W/ResourceType( 1021): Failure getting entry for 0x7f030004 (t=2 e=4) in package 0 (error -75)
W/ResourceType( 1021): Failure getting entry for 0x7f030005 (t=2 e=5) in package 0 (error -75)
W/ResourceType( 1021): Failure getting entry for 0x7f030001 (t=2 e=1) in package 0 (error -75)
W/PackageParser( 1021): No actions in intent filter at /system/app/SecContacts_OSup.apk Binary XML file line #981
W/ResourceType( 1021): Failure getting entry for 0x7f030001 (t=2 e=1) in package 0 (error -75)
W/ResourceType( 1021): Failure getting entry for 0x7f030001 (t=2 e=1) in package 0 (error -75)
W/ResourceType( 1021): Failure getting entry for 0x7f020994 (t=1 e=2452) in package 0 (error -75)
E/AudioPolicyService( 148): getParamFromPolicy : enter , keys = audioParam;outDevice
E/audio_policy_mrvl( 148): mrvl_ap_getParamFromPolicy: audioParam;outDevice
V/audio_policy_mrvl( 148): get_new_device: Selected device 0
I/audio_policy_mrvl( 148): get_device_for_strategy: Strategy 0, device 2
W/ResourceType( 1021): Failure getting entry for 0x7f0d0161 (t=12 e=353) in package 0 (error -75)
W/ResourceType( 1021): Failure getting entry for 0x7f0d0161 (t=12 e=353) in package 0 (error -75)
E/AudioPolicyService( 148): getParamFromPolicy : enter , keys = audioParam;outDevice
E/audio_policy_mrvl( 148): mrvl_ap_getParamFromPolicy: audioParam;outDevice
V/audio_policy_mrvl( 148): get_new_device: Selected device 0
I/audio_policy_mrvl( 148): get_device_for_strategy: Strategy 0, device 2
I/SystemServer( 1021): !@Boot: Start initAndLoop 6,1004,16319427,-;[c1] !@Boot: Start initAndLoop
I/boot_progress_system_run( 1021): 16314
I/ServiceKeeper( 1021): In isTableActive(): isActive is false. - false
I/SystemServer( 1021): Waiting for installd to be ready.
I/installd( 149): new connection
I/Installer( 1021): connecting...
I/SystemServer( 1021): Power Manager
I/PowerManagerService( 1021): [api] PowerManagerService()
D/PowerManagerService( 1021): [PWL] sb acquire: PowerManagerService.Display
D/PowerManagerService( 1021): [s] PowerManagerService() : WAKEFULNESS_AWAKE
I/PowerHAL( 1021): add device /sys/class/input/input0/device/power to list
I/PowerHAL( 1021): add device /sys/bus/i2c/devices/2-0039/power to list
I/PowerHAL( 1021): add device /sys/bus/i2c/devices/2-005d/power to list
I/PowerHAL( 1021): add device /sys/bus/i2c/devices/2-0022/power to list
I/PowerHAL( 1021): add device /sys/bus/i2c/devices/0-005d/power to list
I/PowerHAL( 1021): add device /sys/bus/i2c/devices/0-0022/power to list
I/PowerHAL( 1021): add device /sys/class/input/input4/device/power to list
I/PowerHAL( 1021): add device /sys/devices/platform/mrvl8xxx_fm.0/power to list
I/PowerHAL( 1021): add device /sys/devices/platform/mmp-ddr-plug.1/power to list
I/PowerHAL( 1021): add device /sys/class/graphics/fb0/device/power to list
I/PowerHAL( 1021): add device /sys/class/graphics/fb1/device/power to list
I/PowerHAL( 1021): add device /sys/bus/platform/drivers/mmp-disp/mmp-disp/power to list
I/PowerHAL( 1021): add device /sys/devices/platform/galcore/power to list
I/SystemServer( 1021): Activity Manager
E/AudioPolicyService( 148): getParamFromPolicy : enter , keys = audioParam;outDevice
E/audio_policy_mrvl( 148): mrvl_ap_getParamFromPolicy: audioParam;outDevice
V/audio_policy_mrvl( 148): get_new_device: Selected device 0
I/audio_policy_mrvl( 148): get_device_for_strategy: Strategy 0, device 2
D/dalvikvm( 1021): JIT code cache reset in 0 ms (0 bytes 7/0)
D/dalvikvm( 1021): GC_CONCURRENT freed 1480K, 15% free 20267K/23680K, paused 3ms+6ms, total 140ms
E/AudioPolicyService( 148): getParamFromPolicy : enter , keys = audioParam;outDevice
E/audio_policy_mrvl( 148): mrvl_ap_getParamFromPolicy: audioParam;outDevice
V/audio_policy_mrvl( 148): get_new_device: Selected device 0
I/audio_policy_mrvl( 148): get_device_for_strategy: Strategy 0, device 2
D/dalvikvm( 419): GC_CONCURRENT freed 2897K, 46% free 9682K/17620K, paused 1ms+8ms, total 29ms
E/AudioPolicyService( 148): getParamFromPolicy : enter , keys = audioParam;outDevice
E/audio_policy_mrvl( 148): mrvl_ap_getParamFromPolicy: audioParam;outDevice
V/audio_policy_mrvl( 148): get_new_device: Selected device 0
I/audio_policy_mrvl( 148): get_device_for_strategy: Strategy 0, device 2
I/ActivityManager( 1021): rtcc_minfree = 84080,72069,60057,48046,36034
I/DHA_PROPERTY( 1021): DHA UPDATE MAX COUNT 7
I/DHA_PROPERTY( 1021): DHA MID STEP 6
I/DHA_PROPERTY( 1021): DHA MID 2ND STEP 6
I/DHA_PROPERTY( 1021): DHA STEP 3
I/DHA_PROPERTY( 1021): DHA TH RATE 2.0
I/DHA_PROPERTY( 1021): DHA mSzDHAThreshold 98400256
I/DHA_PROPERTY( 1021): DHA mSz2ndDHAThreshold 69379072
I/DHA_PROPERTY( 1021): DHA mSzDHADefendThreshold 17685500
I/DHA_PROPERTY( 1021): DHA DHA_INCREASE_THRESHOLD 2097152
W/Resources( 1021): Converting to boolean: TypedValue{t=0x3/d=0x2a6e "false" a=3 r=0x7f120ac5}
E/AudioPolicyService( 148): getParamFromPolicy : enter , keys = audioParam;outDevice
E/audio_policy_mrvl( 148): mrvl_ap_getParamFromPolicy: audioParam;outDevice
V/audio_policy_mrvl( 148): get_new_device: Selected device 0
I/audio_policy_mrvl( 148): get_device_for_strategy: Strategy 0, device 2
I/Smart_DHA( 1021): SMART_DHA_ENABLED
I/ActivityManager( 1021): Memory class: 128
W/ResourceType( 1021): Failure getting entry for 0x7f1303bb (t=18 e=955) in package 0 (error -75)
W/BatteryStatsImpl( 1021): Couldn't get kernel wake lock stats
E/AudioPolicyService( 148): getParamFromPolicy : enter , keys = audioParam;outDevice
E/audio_policy_mrvl( 148): mrvl_ap_getParamFromPolicy: audioParam;outDevice
V/audio_policy_mrvl( 148): get_new_device: Selected device 0
I/audio_policy_mrvl( 148): get_device_for_strategy: Strategy 0, device 2
E/AudioPolicyService( 148): getParamFromPolicy : enter , keys = audioParam;outDevice
E/audio_policy_mrvl( 148): mrvl_ap_getParamFromPolicy: audioParam;outDevice
V/audio_policy_mrvl( 148): get_new_device: Selected device 0
I/audio_policy_mrvl( 148): get_device_for_strategy: Strategy 0, device 2
W/ResourceType( 1021): Failure getting entry for 0x7f020000 (t=1 e=0) in package 0 (error -75)
E/AudioPolicyService( 148): getParamFromPolicy : enter , keys = audioParam;outDevice
E/audio_policy_mrvl( 148): mrvl_ap_getParamFromPolicy: audioParam;outDevice
V/audio_policy_mrvl( 148): get_new_device: Selected device 0
I/audio_policy_mrvl( 148): get_device_for_strategy: Strategy 0, device 2
D/dalvikvm( 419): GC_CONCURRENT freed 3156K, 46% free 9677K/17620K, paused 1ms+2ms, total 17ms
D/dalvikvm( 1021): GC_CONCURRENT freed 786K, 11% free 21528K/24060K, paused 3ms+11ms, total 129ms
D/dalvikvm( 1021): WAIT_FOR_CONCURRENT_GC blocked 91ms
D/dalvikvm( 1021): WAIT_FOR_CONCURRENT_GC blocked 92ms
D/dalvikvm( 1021): WAIT_FOR_CONCURRENT_GC blocked 93ms
D/dalvikvm( 1021): WAIT_FOR_CONCURRENT_GC blocked 95ms
D/dalvikvm( 1021): WAIT_FOR_CONCURRENT_GC blocked 96ms
D/dalvikvm( 1021): WAIT_FOR_CONCURRENT_GC blocked 97ms
D/dalvikvm( 1021): WAIT_FOR_CONCURRENT_GC blocked 97ms
D/dalvikvm( 1021): WAIT_FOR_CONCURRENT_GC blocked 66ms
D/dalvikvm( 1021): WAIT_FOR_CONCURRENT_GC blocked 57ms
D/dalvikvm( 1021): WAIT_FOR_CONCURRENT_GC blocked 55ms
D/dalvikvm( 1021): WAIT_FOR_CONCURRENT_GC blocked 50ms
D/dalvikvm( 1021): WAIT_FOR_CONCURRENT_GC blocked 18ms
D/dalvikvm( 1021): WAIT_FOR_CONCURRENT_GC blocked 18ms
D/dalvikvm( 1021): WAIT_FOR_CONCURRENT_GC blocked 30ms
E/AudioPolicyService( 148): getParamFromPolicy : enter , keys = audioParam;outDevice
E/audio_policy_mrvl( 148): mrvl_ap_getParamFromPolicy: audioParam;outDevice
V/audio_policy_mrvl( 148): get_new_device: Selected device 0
I/audio_policy_mrvl( 148): get_device_for_strategy: Strategy 0, device 2
W/ResourceType( 1021): Failure getting entry for 0x7f020074 (t=1 e=116) in package 0 (error -75)
W/ResourceType( 1021): Failure getting entry for 0x7f0202f8 (t=1 e=760) in package 0 (error -75)
W/ResourceType( 1021): Failure getting entry for 0x7f020493 (t=1 e=1171) in package 0 (error -75)
W/ResourceType( 1021): Failure getting entry for 0x7f020493 (t=1 e=1171) in package 0 (error -75)
W/ResourceType( 1021): Failure getting entry for 0x7f020493 (t=1 e=1171) in package 0 (error -75)
W/ResourceType( 1021): Failure getting entry for 0x7f020493 (t=1 e=1171) in package 0 (error -75)
W/ResourceType( 1021): Failure getting entry for 0x7f080000 (t=7 e=0) in package 0 (error -75)
W/ResourceType( 1021): Failure getting entry for 0x7f080001 (t=7 e=1) in package 0 (error -75)
W/ResourceType( 1021): Failure getting entry for 0x7f080002 (t=7 e=2) in package 0 (error -75)
W/ResourceType( 1021): Failure getting entry for 0x7f080003 (t=7 e=3) in package 0 (error -75)
W/ResourceType( 1021): Failure getting entry for 0x7f02001f (t=1 e=31) in package 0 (error -75)
W/ResourceType( 1021): Failure getting entry for 0x7f02001f (t=1 e=31) in package 0 (error -75)
E/AudioPolicyService( 148): getParamFromPolicy : enter , keys = audioParam;outDevice
E/audio_policy_mrvl( 148): mrvl_ap_getParamFromPolicy: audioParam;outDevice
V/audio_policy_mrvl( 148): get_new_device: Selected device 0
I/audio_policy_mrvl( 148): get_device_for_strategy: Strategy 0, device 2
W/ResourceType( 1021): Failure getting entry for 0x7f020312 (t=1 e=786) in package 0 (error -75)
W/ResourceType( 1021): Failure getting entry for 0x7f0204b8 (t=1 e=1208) in package 0 (error -75)
W/PackageParser( 1021): No actions in intent filter at /data/app/com.quoord.tapatalkxdapre.activity-1.apk Binary XML file line #112
W/PackageParser( 1021): No actions in intent filter at /data/app/com.quoord.tapatalkxdapre.activity-1.apk Binary XML file line #130
W/PackageParser( 1021): No actions in intent filter at /data/app/com.quoord.tapatalkxdapre.activity-1.apk Binary XML file line #148
W/PackageParser( 1021): No actions in intent filter at /data/app/com.quoord.tapatalkxdapre.activity-1.apk Binary XML file line #479
W/PackageParser( 1021): No actions in intent filter at /data/app/com.quoord.tapatalkxdapre.activity-1.apk Binary XML file line #518
W/PackageParser( 1021): No actions in intent filter at /data/app/com.quoord.tapatalkxdapre.activity-1.apk Binary XML file line #545
I/IntentFirewall( 1021): Read new rules (A:0 B:0 S:0)
E/AudioPolicyService( 148): getParamFromPolicy : enter , keys = audioParam;outDevice
E/audio_policy_mrvl( 148): mrvl_ap_getParamFromPolicy: audioParam;outDevice
V/audio_policy_mrvl( 148): get_new_device: Selected device 0
I/audio_policy_mrvl( 148): get_device_for_strategy: Strategy 0, device 2
W/ResourceType( 1021): Failure getting entry for 0x7f0203dd (t=1 e=989) in package 0 (error -75)
W/ResourceType( 1021): Failure getting entry for 0x7f0c0149 (t=11 e=329) in package 0 (error -75)
W/ResourceType( 1021): Failure getting entry for 0x7f0c0149 (t=11 e=329) in package 0 (error -75)
I/SystemServer( 1021): Display Manager
I/SystemServer( 1021): Telephony Registry
I/DisplayManagerService( 1021): platform info: mrvl
D/TelephonyRegistry( 1021): Block apn list: []
I/DisplayManagerService( 1021): Display device added: DisplayDeviceInfo{"Built-in Screen": 800 x 1280, 60.002 fps, density 213, 216.0 x 216.0 dpi, touch INTERNAL, rotation 0, type BUILT_IN, FLAG_DEFAULT_DISPLAY, FLAG_ROTATES_WITH_CONTENT, FLAG_SECURE, FLAG_SUPPORTS_PROTECTED_BUFFERS}
I/SystemServer( 1021): Scheduling Policy
I/SystemServer( 1021): Package Manager
I/SystemServer( 1021): !@Boot: Start PackageManagerService 6,1005,17386688,-;[c0] !@Boot: Start PackageManagerService
I/boot_progress_pms_start( 1021): 17389
E/AudioPolicyService( 148): getParamFromPolicy : enter , keys = audioParam;outDevice
E/audio_policy_mrvl( 148): mrvl_ap_getParamFromPolicy: audioParam;outDevice
V/audio_policy_mrvl( 148): get_new_device: Selected device 0
I/audio_policy_mrvl( 148): get_device_for_strategy: Strategy 0, device 2
W/PackageParser( 1021): No actions in intent filter at /system/app/SetupWizard.apk Binary XML file line #117
W/ResourceType( 1021): Failure getting entry for 0x7f020769 (t=1 e=1897) in package 0 (error -75)
E/AudioPolicyService( 148): getParamFromPolicy : enter , keys = audioParam;outDevice
E/audio_policy_mrvl( 148): mrvl_ap_getParamFromPolicy: audioParam;outDevice
V/audio_policy_mrvl( 148): get_new_device: Selected device 0
I/audio_policy_mrvl( 148): get_device_for_strategy: Strategy 0, device 2
D/dalvikvm( 1021): GC_CONCURRENT freed 1049K, 12% free 22529K/25324K, paused 14ms+7ms, total 119ms
D/dalvikvm( 1021): WAIT_FOR_CONCURRENT_GC blocked 100ms
D/dalvikvm( 1021): WAIT_FOR_CONCURRENT_GC blocked 86ms
D/dalvikvm( 1021): WAIT_FOR_CONCURRENT_GC blocked 76ms
D/dalvikvm( 1021): WAIT_FOR_CONCURRENT_GC blocked 88ms
D/dalvikvm( 1021): WAIT_FOR_CONCURRENT_GC blocked 91ms
W/ResourceType( 1021): Failure getting entry for 0x7f0c0207 (t=11 e=519) in package 0 (error -75)
W/ResourceType( 1021): Failure getting entry for 0x7f0c0208 (t=11 e=520) in package 0 (error -75)
W/ResourceType( 1021): Failure getting entry for 0x7f0c0209 (t=11 e=521) in package 0 (error -75)
W/ResourceType( 1021): Failure getting entry for 0x7f0c020a (t=11 e=522) in package 0 (error -75)
W/Revision( 1021): File not found at: /data/security/sepolicy
W/Revision( 1021): File not found at: /data/security/spota/sepolicy_version
W/Revision( 1021): File not found at: sepolicy_version
W/ResourceType( 1021): Failure getting entry for 0x7f030001 (t=2 e=1) in package 0 (error -75)
W/ResourceType( 1021): Failure getting entry for 0x7f030000 (t=2 e=0) in package 0 (error -75)
D/SELinuxMMAC( 1021): Couldn't find install policy /data/security/mac_permissions.xml
D/SELinuxMMAC( 1021): Couldn't find install policy /data/security/spota/mac_permissions.xml
D/SELinuxMMAC( 1021): Load mac_permissions.xml policy /system/etc/security/mac_permissions.xml
D/SELinuxMMAC( 1021): MMAC install starting in permissive mode.
W/SELinuxMMAC( 1021): Read and parse file: /system/etc/security/mac_permissions.xml
W/SELinuxMMAC( 1021): The default (for untrusted app) category value is 1023
W/SELinuxMMAC( 1021): The default (for untrusted app) allowcategory value is 0,501-1023
W/ResourceType( 1021): Failure getting entry for 0x7f020769 (t=1 e=1897) in package 0 (error -75)
W/ResourceType( 1021): Failure getting entry for 0x7f020769 (t=1 e=1897) in package 0 (error -75)
W/SELinuxMMAC( 1021): The default (for untrusted app) category value is 1023
W/SELinuxMMAC( 1021): The default (for untrusted app) allowcategory value is 0,501-1023
W/SELinuxMMAC( 1021): The default (for untrusted app) category value is 1023
W/SELinuxMMAC( 1021): The default (for untrusted app) allowcategory value is 0,501-1023
W/SELinuxMMAC( 1021): The default (for untrusted app) category value is 1023
W/SELinuxMMAC( 1021): The default (for untrusted app) allowcategory value is 0,501-1023
E/AudioPolicyService( 148): getParamFromPolicy : enter , keys = audioParam;outDevice
E/audio_policy_mrvl( 148): mrvl_ap_getParamFromPolicy: audioParam;outDevice
V/audio_policy_mrvl( 148): get_new_device: Selected device 0
I/audio_policy_mrvl( 148): get_device_for_strategy: Strategy 0, device 2
W/SELinuxMMAC( 1021): The default (for untrusted app) category value is 1023
W/SELinuxMMAC( 1021): The default (for untrusted app) allowcategory value is 0,501-1023
W/SELinuxMMAC( 1021): Read and parse file: /data/security/good/mac_permissions.xml
W/SELinuxMMAC( 1021): File not found exception: /data/security/good/mac_permissions.xml
W/SELinuxMMAC( 1021): Read and parse file: /data/security/stig/mac_permissions.xml
W/SELinuxMMAC( 1021): File not found exception: /data/security/stig/mac_permissions.xml
W/SELinuxMMAC( 1021): Read and parse file: /data/security/mycontainer/mac_permissions.xml
W/SELinuxMMAC( 1021): File not found exception: /data/security/mycontainer/mac_permissions.xml
I/PackageManager( 1021): Time to scan SELinux install policy: 0.022 seconds
D/dalvikvm( 419): GC_CONCURRENT freed 3207K, 46% free 9649K/17620K, paused 0ms+1ms, total 16ms
W/ResourceType( 1021): Failure getting entry for 0x7f030003 (t=2 e=3) in package 0 (error -75)
W/ResourceType( 1021): Failure getting entry for 0x7f030004 (t=2 e=4) in package 0 (error -75)
W/ResourceType( 1021): Failure getting entry for 0x7f030005 (t=2 e=5) in package 0 (error -75)
W/ResourceType( 1021): Failure getting entry for 0x7f030001 (t=2 e=1) in package 0 (error -75)
W/PackageParser( 1021): No actions in intent filter at /system/priv-app/SecContacts_OSup.apk Binary XML file line #981
W/ResourceType( 1021): Failure getting entry for 0x7f030001 (t=2 e=1) in package 0 (error -75)
W/ResourceType( 1021): Failure getting entry for 0x7f030001 (t=2 e=1) in package 0 (error -75)
W/ResourceType( 1021): Failure getting entry for 0x7f020994 (t=1 e=2452) in package 0 (error -75)
W/PackageParser( 1021): Unknown element under : uses-permission at /system/app/SystemUI.apk Binary XML file line #358
E/AudioPolicyService( 148): getParamFromPolicy : enter , keys = audioParam;outDevice
E/audio_policy_mrvl( 148): mrvl_ap_getParamFromPolicy: audioParam;outDevice
V/audio_policy_mrvl( 148): get_new_device: Selected device 0
I/audio_policy_mrvl( 148): get_device_for_strategy: Strategy 0, device 2
W/ResourceType( 1021): Failure getting entry for 0x7f020002 (t=1 e=2) in package 0 (error -75)
W/ResourceType( 1021): Failure getting entry for 0x7f020002 (t=1 e=2) in package 0 (error -75)
E/AudioPolicyService( 148): getParamFromPolicy : enter , keys = audioParam;outDevice
E/audio_policy_mrvl( 148): mrvl_ap_getParamFromPolicy: audioParam;outDevice
V/audio_policy_mrvl( 148): get_new_device: Selected device 0
I/audio_policy_mrvl( 148): get_device_for_strategy: Strategy 0, device 2
W/ResourceType( 1021): Failure getting entry for 0x7f020002 (t=1 e=2) in package 0 (error -75)
W/PackageParser( 1021): No actions in intent filter at /system/app/SecVideoPlayer.apk Binary XML file line #683
W/PackageParser( 1021): Problem in package /data/app/com.google.android.apps.photos-3.apk:
W/PackageParser( 1021): Unknown element under : category at /data/app/com.google.android.apps.photos-3.apk Binary XML file line #910
E/AudioPolicyService( 148): getParamFromPolicy : enter , keys = audioParam;outDevice
E/audio_policy_mrvl( 148): mrvl_ap_getParamFromPolicy: audioParam;outDevice
V/audio_policy_mrvl( 148): get_new_device: Selected device 0
I/audio_policy_mrvl( 148): get_device_for_strategy: Strategy 0, device 2
W/ResourceType( 1021): Failure getting entry for 0x7f020493 (t=1 e=1171) in package 0 (error -75)
W/ResourceType( 1021): Failure getting entry for 0x7f020493 (t=1 e=1171) in package 0 (error -75)
W/ResourceType( 1021): Failure getting entry for 0x7f020493 (t=1 e=1171) in package 0 (error -75)
W/ResourceType( 1021): Failure getting entry for 0x7f020493 (t=1 e=1171) in package 0 (error -75)
E/AudioPolicyService( 148): getParamFromPolicy : enter , keys = audioParam;outDevice
E/audio_policy_mrvl( 148): mrvl_ap_getParamFromPolicy: audioParam;outDevice
V/audio_policy_mrvl( 148): get_new_device: Selected device 0
I/audio_policy_mrvl( 148): get_device_for_strategy: Strategy 0, device 2
W/ResourceType( 1021): Failure getting entry for 0x7f0204b8 (t=1 e=1208) in package 0 (error -75)
E/AudioPolicyService( 148): getParamFromPolicy : enter , keys = audioParam;outDevice
E/audio_policy_mrvl( 148): mrvl_ap_getParamFromPolicy: audioParam;outDevice
V/audio_policy_mrvl( 148): get_new_device: Selected device 0
I/audio_policy_mrvl( 148): get_device_for_strategy: Strategy 0, device 2
D/dalvikvm( 419): GC_CONCURRENT freed 3715K, 49% free 9091K/17620K, paused 1ms+1ms, total 18ms
E/AudioPolicyService( 148): getParamFromPolicy : enter , keys = audioParam;outDevice
E/audio_policy_mrvl( 148): mrvl_ap_getParamFromPolicy: audioParam;outDevice
V/audio_policy_mrvl( 148): get_new_device: Selected device 0
I/audio_policy_mrvl( 148): get_device_for_strategy: Strategy 0, device 2
D/dalvikvm( 1021): GC_CONCURRENT freed 1403K, 12% free 23175K/26324K, paused 5ms+6ms, total 127ms
D/dalvikvm( 1021): WAIT_FOR_CONCURRENT_GC blocked 59ms
E/AudioPolicyService( 148): getParamFromPolicy : enter , keys = audioParam;outDevice
E/audio_policy_mrvl( 148): mrvl_ap_getParamFromPolicy: audioParam;outDevice
V/audio_policy_mrvl( 148): get_new_device: Selected device 0
I/audio_policy_mrvl( 148): get_device_for_strategy: Strategy 0, device 2
E/AudioPolicyService( 148): getParamFromPolicy : enter , keys = audioParam;outDevice
E/audio_policy_mrvl( 148): mrvl_ap_getParamFromPolicy: audioParam;outDevice
V/audio_policy_mrvl( 148): get_new_device: Selected device 0
I/audio_policy_mrvl( 148): get_device_for_strategy: Strategy 0, device 2
I/boot_progress_pms_system_scan_start( 1021): 18421
W/PackageManager( 1021): Library not found: /system/framework/com.android.future.usb.accessory.jar
E/AudioPolicyService( 148): getParamFromPolicy : enter , keys = audioParam;outDevice
E/audio_policy_mrvl( 148): mrvl_ap_getParamFromPolicy: audioParam;outDevice
V/audio_policy_mrvl( 148): get_new_device: Selected device 0
I/audio_policy_mrvl( 148): get_device_for_strategy: Strategy 0, device 2
D/dalvikvm( 419): GC_CONCURRENT freed 2415K, 45% free 9697K/17620K, paused 1ms+2ms, total 28ms
W/PackageManager( 1021): Library not found: /system/framework/com.marvell.fmmanager.jar
E/AudioPolicyService( 148): getParamFromPolicy : enter , keys = audioParam;outDevice
E/audio_policy_mrvl( 148): mrvl_ap_getParamFromPolicy: audioParam;outDevice
V/audio_policy_mrvl( 148): get_new_device: Selected device 0
I/audio_policy_mrvl( 148): get_device_for_strategy: Strategy 0, device 2
W/Resources( 1021): Converting to boolean: TypedValue{t=0x3/d=0x2b3f "false" a=3 r=0x7f120ac5}
E/AudioPolicyService( 148): getParamFromPolicy : enter , keys = audioParam;outDevice
E/audio_policy_mrvl( 148): mrvl_ap_getParamFromPolicy: audioParam;outDevice
V/audio_policy_mrvl( 148): get_new_device: Selected device 0
I/audio_policy_mrvl( 148): get_device_for_strategy: Strategy 0, device 2
W/ResourceType( 1021): Failure getting entry for 0x7f1303ca (t=18 e=970) in package 0 (error -75)
E/AudioPolicyService( 148): getParamFromPolicy : enter , keys = audioParam;outDevice
E/audio_policy_mrvl( 148): mrvl_ap_getParamFromPolicy: audioParam;outDevice
V/audio_policy_mrvl( 148): get_new_device: Selected device 0
I/audio_policy_mrvl( 148): get_device_for_strategy: Strategy 0, device 2
D/PackageManager( 1021): not yet prefetched, retry parse package:
W/ResourceType( 1021): Failure getting entry for 0x01040ae5 (t=3 e=2789) in package 0 (error -75)
W/ResourceType( 1021): Failure getting entry for 0x01040ae6 (t=3 e=2790) in package 0 (error -75)
W/PackageManager( 1021): Permission android.permission.sec.MDM_ENTERPRISE_VPN_SOLUTION from package android ignored: no group null
D/PackageManager( 1021): not yet prefetched, retry parse package:
W/ResourceType( 1021): Failure getting entry for 0x7f0202f8 (t=1 e=760) in package 0 (error -75)
W/PackageParser( 1021): /system/framework/twframework-res.apk (at Binary XML file line #2): specifies bad package name "touchwiz": must have at least one '.' separator
W/SELinuxMMAC( 1021): assignSeinfoValue, matching key found
W/SELinuxMMAC( 1021): assignSeinfoValue , step 2, pkgName:com.android.blueballs, seinfo:shared
W/SELinuxMMAC( 1021): assignSeinfoValue, step 4, pkgName:com.android.blueballs, seinfo:shared
E/AudioPolicyService( 148): getParamFromPolicy : enter , keys = audioParam;outDevice
E/audio_policy_mrvl( 148): mrvl_ap_getParamFromPolicy: audioParam;outDevice
V/audio_policy_mrvl( 148): get_new_device: Selected device 0
I/audio_policy_mrvl( 148): get_device_for_strategy: Strategy 0, device 2
W/SELinuxMMAC( 1021): assignSeinfoValue, matching key found
W/SELinuxMMAC( 1021): assignSeinfoValue , step 2, pkgName:com.fmm.ds, seinfo:release
W/SELinuxMMAC( 1021): assignSeinfoValue, step 4, pkgName:com.fmm.ds, seinfo:release
W/PackageManager( 1021): Code path for hidden system pkg : com.google.android.gms changing from /system/app/com.google.android.gms-5.apk to /system/priv-app/GmsCore.apk
W/ResourceType( 1021): Failure getting entry for 0x7f020312 (t=1 e=786) in package 0 (error -75)
W/SELinuxMMAC( 1021): assignSeinfoValue, matching key found
W/SELinuxMMAC( 1021): assignSeinfoValue , step 2, pkgName:com.android.musicfx, seinfo:release
W/SELinuxMMAC( 1021): assignSeinfoValue, step 4, pkgName:com.android.musicfx, seinfo:release
W/SELinuxMMAC( 1021): assignSeinfoValue, matching key found
W/SELinuxMMAC( 1021): assignSeinfoValue , step 2, pkgName:com.android.onetimeinitializer, seinfo:release
W/SELinuxMMAC( 1021): assignSeinfoValue, step 4, pkgName:com.android.onetimeinitializer, seinfo:release
W/PackageManager( 1021): Code path for hidden system pkg : com.android.vending changing from /system/app/com.android.vending-2.apk to /system/priv-app/Phonesky.apk
E/AudioPolicyService( 148): getParamFromPolicy : enter , keys = audioParam;outDevice
E/audio_policy_mrvl( 148): mrvl_ap_getParamFromPolicy: audioParam;outDevice
V/audio_policy_mrvl( 148): get_new_device: Selected device 0
I/audio_policy_mrvl( 148): get_device_for_strategy: Strategy 0, device 2
D/dalvikvm( 1021): GC_CONCURRENT freed 1268K, 12% free 23954K/26968K, paused 4ms+6ms, total 107ms
D/dalvikvm( 1021): WAIT_FOR_CONCURRENT_GC blocked 67ms
D/dalvikvm( 1021): WAIT_FOR_CONCURRENT_GC blocked 68ms
E/AudioPolicyService( 148): getParamFromPolicy : enter , keys = audioParam;outDevice
E/audio_policy_mrvl( 148): mrvl_ap_getParamFromPolicy: audioParam;outDevice
V/audio_policy_mrvl( 148): get_new_device: Selected device 0
I/audio_policy_mrvl( 148): get_device_for_strategy: Strategy 0, device 2
D/dalvikvm( 419): GC_CONCURRENT freed 3218K, 46% free 9648K/17620K, paused 1ms+3ms, total 21ms
D/PackageManager( 1021): not yet prefetched, retry parse package:
E/AudioPolicyService( 148): getParamFromPolicy : enter , keys = audioParam;outDevice
E/audio_policy_mrvl( 148): mrvl_ap_getParamFromPolicy: audioParam;outDevice
V/audio_policy_mrvl( 148): get_new_device: Selected device 0
I/audio_policy_mrvl( 148): get_device_for_strategy: Strategy 0, device 2
W/PackageParser( 1021): No actions in intent filter at /system/priv-app/SecVideoPlayer.apk Binary XML file line #683
W/PackageParser( 1021): No actions in intent filter at /system/priv-app/SecVideoPlayer.apk Binary XML file line #683
D/PackageManager( 1021): not yet prefetched, retry parse package:
W/SELinuxMMAC( 1021): assignSeinfoValue, matching key found
W/SELinuxMMAC( 1021): assignSeinfoValue , step 2, pkgName:com.sec.android.app.wallpaperchooser, seinfo:release
W/SELinuxMMAC( 1021): assignSeinfoValue, step 4, pkgName:com.sec.android.app.wallpaperchooser, seinfo:release
D/PackageManager( 1021): not yet prefetched, retry parse package:
D/PackageManager( 1021): not yet prefetched, retry parse package:
W/PackageParser( 1021): No actions in intent filter at /system/priv-app/SetupWizard.apk Binary XML file line #117
W/PackageParser( 1021): No actions in intent filter at /system/priv-app/SetupWizard.apk Binary XML file line #117
D/PackageManager( 1021): not yet prefetched, retry parse package:
D/PackageManager( 1021): not yet prefetched, retry parse package:
D/PackageManager( 1021): not yet prefetched, retry parse package:
E/AudioPolicyService( 148): getParamFromPolicy : enter , keys = audioParam;outDevice
E/audio_policy_mrvl( 148): mrvl_ap_getParamFromPolicy: audioParam;outDevice
V/audio_policy_mrvl( 148): get_new_device: Selected device 0
I/audio_policy_mrvl( 148): get_device_for_strategy: Strategy 0, device 2
W/PackageParser( 1021): Unknown element under : uses-permission at /system/priv-app/SystemUI.apk Binary XML file line #358
W/PackageParser( 1021): Unknown element under : uses-permission at /system/priv-app/SystemUI.apk Binary XML file line #358
D/PackageManager( 1021): not yet prefetched, retry parse package:
D/PackageManager( 1021): not yet prefetched, retry parse package:
D/PackageManager( 1021): not yet prefetched, retry parse package:
W/PackageManager( 1021): Code path for hidden system pkg : com.teslacoilsw.launcher changing from /system/app/com.teslacoilsw.launcher-1.apk to /system/priv-app/com.teslacoilsw.launcher.apk
D/PackageManager( 1021): not yet prefetched, retry parse package:
D/PackageManager( 1021): not yet prefetched, retry parse package:
E/AudioPolicyService( 148): getParamFromPolicy : enter , keys = audioParam;outDevice
E/audio_policy_mrvl( 148): mrvl_ap_getParamFromPolicy: audioParam;outDevice
V/audio_policy_mrvl( 148): get_new_device: Selected device 0
I/audio_policy_mrvl( 148): get_device_for_strategy: Strategy 0, device 2
D/PackageManager( 1021): not yet prefetched, retry parse package:
D/PackageManager( 1021): not yet prefetched, retry parse package:
W/PackageManager( 1021): Code path for hidden system pkg : com.crazystudio.emoji.kitkat changing from /system/app/com.crazystudio.emoji.kitkat-1.apk to /system/priv-app/com.crazystudio.emoji.kitkat.apk
E/AudioPolicyService( 148): getParamFromPolicy : enter , keys = audioParam;outDevice
E/audio_policy_mrvl( 148): mrvl_ap_getParamFromPolicy: audioParam;outDevice
V/audio_policy_mrvl( 148): get_new_device: Selected device 0
I/audio_policy_mrvl( 148): get_device_for_strategy: Strategy 0, device 2
D/dalvikvm( 419): GC_CONCURRENT freed 4070K, 51% free 8783K/17620K, paused 2ms+6ms, total 23ms
W/SELinuxMMAC( 1021): assignSeinfoValue, matching key found
W/SELinuxMMAC( 1021): assignSeinfoValue , step 2, pkgName:com.sec.android.provider.badge, seinfo:release
W/SELinuxMMAC( 1021): assignSeinfoValue, step 4, pkgName:com.sec.android.provider.badge, seinfo:release
W/SELinuxMMAC( 1021): assignSeinfoValue, matching key found
W/SELinuxMMAC( 1021): assignSeinfoValue , step 2, pkgName:com.android.dreams.basic, seinfo:release
W/SELinuxMMAC( 1021): assignSeinfoValue, step 4, pkgName:com.android.dreams.basic, seinfo:release
W/SELinuxMMAC( 1021): assignSeinfoValue, matching key found
W/SELinuxMMAC( 1021): assignSeinfoValue , step 2, pkgName:com.cyanogenmod.filemanager, seinfo:platform
W/SELinuxMMAC( 1021): assignSeinfoValue, step 4, pkgName:com.cyanogenmod.filemanager, seinfo:platform
W/PackageManager( 1021): Code path for hidden system pkg : com.google.android.gm changing from /system/app/com.google.android.gm-1.apk to /system/app/Gmail2.apk
W/SELinuxMMAC( 1021): assignSeinfoValue, matching key found
W/SELinuxMMAC( 1021): assignSeinfoValue , step 2, pkgName:com.android.providers.partnerbookmarks, seinfo:release
W/SELinuxMMAC( 1021): assignSeinfoValue, step 4, pkgName:com.android.providers.partnerbookmarks, seinfo:release
W/SELinuxMMAC( 1021): assignSeinfoValue, matching key found
W/SELinuxMMAC( 1021): assignSeinfoValue , step 2, pkgName:com.android.dreams.phototable, seinfo:release
W/SELinuxMMAC( 1021): assignSeinfoValue, step 4, pkgName:com.android.dreams.phototable, seinfo:release
E/AudioPolicyService( 148): getParamFromPolicy : enter , keys = audioParam;outDevice
E/audio_policy_mrvl( 148): mrvl_ap_getParamFromPolicy: audioParam;outDevice
V/audio_policy_mrvl( 148): get_new_device: Selected device 0
I/audio_policy_mrvl( 148): get_device_for_strategy: Strategy 0, device 2
W/SELinuxMMAC( 1021): assignSeinfoValue, matching key found
W/SELinuxMMAC( 1021): assignSeinfoValue , step 2, pkgName:com.android.soundrecorder, seinfo:release
W/SELinuxMMAC( 1021): assignSeinfoValue, step 4, pkgName:com.android.soundrecorder, seinfo:release
W/SELinuxMMAC( 1021): assignSeinfoValue, matching key found
W/SELinuxMMAC( 1021): assignSeinfoValue , step 2, pkgName:com.sec.providers.settingsearch, seinfo:release
W/SELinuxMMAC( 1021): assignSeinfoValue, step 4, pkgName:com.sec.providers.settingsearch, seinfo:release
I/PackageManager( 1021): /system/app/Hearingdro_music_v1.apk changed; collecting certs
E/AudioPolicyService( 148): getParamFromPolicy : enter , keys = audioParam;outDevice
E/audio_policy_mrvl( 148): mrvl_ap_getParamFromPolicy: audioParam;outDevice
V/audio_policy_mrvl( 148): get_new_device: Selected device 0
I/audio_policy_mrvl( 148): get_device_for_strategy: Strategy 0, device 2
D/dalvikvm( 419): GC_CONCURRENT freed 2499K, 48% free 9182K/17620K, paused 0ms+2ms, total 22ms
D/dalvikvm( 419): WAIT_FOR_CONCURRENT_GC blocked 18ms
E/AudioPolicyService( 148): getParamFromPolicy : enter , keys = audioParam;outDevice
E/audio_policy_mrvl( 148): mrvl_ap_getParamFromPolicy: audioParam;outDevice
V/audio_policy_mrvl( 148): get_new_device: Selected device 0
I/audio_policy_mrvl( 148): get_device_for_strategy: Strategy 0, device 2
D/dalvikvm( 1021): GC_CONCURRENT freed 1301K, 11% free 24701K/27748K, paused 3ms+10ms, total 147ms
D/dalvikvm( 1021): WAIT_FOR_CONCURRENT_GC blocked 130ms
W/PackageManager( 1021): Application package com.sec.hearingadjust already installed. Skipping duplicate.
W/PackageManager( 1021): Code path for hidden system pkg : com.dsmartapps.root.kerneltweaker changing from /system/app/com.dsmartapps.root.kerneltweaker-2.apk to /system/app/kerneltweaker.apk
W/SELinuxMMAC( 1021): assignSeinfoValue, matching key found
W/SELinuxMMAC( 1021): assignSeinfoValue , step 2, pkgName:com.sec.android.app.minimode.res, seinfo:release
W/SELinuxMMAC( 1021): assignSeinfoValue, step 4, pkgName:com.sec.android.app.minimode.res, seinfo:release
W/SELinuxMMAC( 1021): assignSeinfoValue, matching key found
W/SELinuxMMAC( 1021): assignSeinfoValue , step 2, pkgName:com.sec.android.provider.emergencymode, seinfo:release
I/PackageManager( 1021): /system/app/AutomationTest_FB.apk changed; collecting certs
W/SELinuxMMAC( 1021): assignSeinfoValue, step 4, pkgName:com.sec.android.provider.emergencymode, seinfo:release
E/AudioPolicyService( 148): getParamFromPolicy : enter , keys = audioParam;outDevice
E/audio_policy_mrvl( 148): mrvl_ap_getParamFromPolicy: audioParam;outDevice
V/audio_policy_mrvl( 148): get_new_device: Selected device 0
I/audio_policy_mrvl( 148): get_device_for_strategy: Strategy 0, device 2
I/PackageManager( 1021): /system/app/BlueBalls.apk changed; collecting certs
W/PackageManager( 1021): Application package com.sec.android.app.DataCreate already installed. Skipping duplicate.
W/PackageManager( 1021): Application package com.android.blueballs already installed. Skipping duplicate.
I/PackageManager( 1021): /system/app/BackupRestoreConfirmation.apk changed; collecting certs
I/PackageManager( 1021): /system/app/Keyguard.apk changed; collecting certs
W/PackageManager( 1021): Application package com.android.backupconfirm already installed. Skipping duplicate.
E/AudioPolicyService( 148): getParamFromPolicy : enter , keys = audioParam;outDevice
E/audio_policy_mrvl( 148): mrvl_ap_getParamFromPolicy: audioParam;outDevice
V/audio_policy_mrvl( 148): get_new_device: Selected device 0
I/audio_policy_mrvl( 148): get_device_for_strategy: Strategy 0, device 2
D/dalvikvm( 419): GC_CONCURRENT freed 2675K, 46% free 9535K/17620K, paused 2ms+1ms, total 15ms
D/dalvikvm( 419): WAIT_FOR_CONCURRENT_GC blocked 7ms
D/dalvikvm( 1021): GC_FOR_ALLOC freed 1674K, 13% free 24794K/28476K, paused 106ms, total 106ms
E/AudioPolicyService( 148): getParamFromPolicy : enter , keys = audioParam;outDevice
E/audio_policy_mrvl( 148): mrvl_ap_getParamFromPolicy: audioParam;outDevice
V/audio_policy_mrvl( 148): get_new_device: Selected device 0
I/audio_policy_mrvl( 148): get_device_for_strategy: Strategy 0, device 2
E/AudioPolicyService( 148): getParamFromPolicy : enter , keys = audioParam;outDevice
E/audio_policy_mrvl( 148): mrvl_ap_getParamFromPolicy: audioParam;outDevice
V/audio_policy_mrvl( 148): get_new_device: Selected device 0
I/audio_policy_mrvl( 148): get_device_for_strategy: Strategy 0, device 2
I/PackageManager( 1021): /system/app/SharedStorageBackup.apk changed; collecting certs
W/PackageManager( 1021): Application package com.android.keyguard already installed. Skipping duplicate.
I/PackageManager( 1021): /system/app/WallpaperCropper.apk changed; collecting certs
W/PackageManager( 1021): Application package com.android.sharedstoragebackup already installed. Skipping duplicate.
E/AudioPolicyService( 148): getParamFromPolicy : enter , keys = audioParam;outDevice
E/audio_policy_mrvl( 148): mrvl_ap_getParamFromPolicy: audioParam;outDevice
V/audio_policy_mrvl( 148): get_new_device: Selected device 0
I/audio_policy_mrvl( 148): get_device_for_strategy: Strategy 0, device 2
I/PackageManager( 1021): /system/app/Msa.apk changed; collecting certs
W/PackageManager( 1021): Application package com.android.wallpapercropper already installed. Skipping duplicate.
I/PackageManager( 1021): /system/app/ConfigUpdater.apk changed; collecting certs
W/PackageManager( 1021): Application package com.sec.android.app.msa already installed. Skipping duplicate.
I/PackageManager( 1021): /system/app/SecContacts_OSup.apk changed; collecting certs
W/PackageManager( 1021): Application package com.google.android.configupdater already installed. Skipping duplicate.
E/AudioPolicyService( 148): getParamFromPolicy : enter , keys = audioParam;outDevice
E/audio_policy_mrvl( 148): mrvl_ap_getParamFromPolicy: audioParam;outDevice
V/audio_policy_mrvl( 148): get_new_device: Selected device 0
I/audio_policy_mrvl( 148): get_device_for_strategy: Strategy 0, device 2
D/dalvikvm( 1021): GC_CONCURRENT freed 1701K, 13% free 25140K/28588K, paused 4ms+11ms, total 136ms
D/dalvikvm( 1021): WAIT_FOR_CONCURRENT_GC blocked 109ms
E/AudioPolicyService( 148): getParamFromPolicy : enter , keys = audioParam;outDevice
E/audio_policy_mrvl( 148): mrvl_ap_getParamFromPolicy: audioParam;outDevice
V/audio_policy_mrvl( 148): get_new_device: Selected device 0
I/audio_policy_mrvl( 148): get_device_for_strategy: Strategy 0, device 2
D/dalvikvm( 419): GC_CONCURRENT freed 3459K, 48% free 9227K/17620K, paused 3ms+1ms, total 17ms
D/dalvikvm( 419): WAIT_FOR_CONCURRENT_GC blocked 8ms
E/AudioPolicyService( 148): getParamFromPolicy : enter , keys = audioParam;outDevice
E/audio_policy_mrvl( 148): mrvl_ap_getParamFromPolicy: audioParam;outDevice
V/audio_policy_mrvl( 148): get_new_device: Selected device 0
I/audio_policy_mrvl( 148): get_device_for_strategy: Strategy 0, device 2
E/AudioPolicyService( 148): getParamFromPolicy : enter , keys = audioParam;outDevice
E/audio_policy_mrvl( 148): mrvl_ap_getParamFromPolicy: audioParam;outDevice
V/audio_policy_mrvl( 148): get_new_device: Selected device 0
I/audio_policy_mrvl( 148): get_device_for_strategy: Strategy 0, device 2
E/AudioPolicyService( 148): getParamFromPolicy : enter , keys = audioParam;outDevice
E/audio_policy_mrvl( 148): mrvl_ap_getParamFromPolicy: audioParam;outDevice
V/audio_policy_mrvl( 148): get_new_device: Selected device 0
I/audio_policy_mrvl( 148): get_device_for_strategy: Strategy 0, device 2
D/dalvikvm( 419): GC_CONCURRENT freed 3010K, 48% free 9266K/17620K, paused 0ms+1ms, total 15ms
D/dalvikvm( 419): WAIT_FOR_CONCURRENT_GC blocked 6ms
E/AudioPolicyService( 148): getParamFromPolicy : enter , keys = audioParam;outDevice
E/audio_policy_mrvl( 148): mrvl_ap_getParamFromPolicy: audioParam;outDevice
V/audio_policy_mrvl( 148): get_new_device: Selected device 0
I/audio_policy_mrvl( 148): get_device_for_strategy: Strategy 0, device 2
E/AudioPolicyService( 148): getParamFromPolicy : enter , keys = audioParam;outDevice
E/audio_policy_mrvl( 148): mrvl_ap_getParamFromPolicy: audioParam;outDevice
V/audio_policy_mrvl( 148): get_new_device: Selected device 0
I/audio_policy_mrvl( 148): get_device_for_strategy: Strategy 0, device 2
D/dalvikvm( 1021): GC_CONCURRENT freed 5167K, 21% free 26780K/33692K, paused 5ms+5ms, total 154ms
D/dalvikvm( 1021): WAIT_FOR_CONCURRENT_GC blocked 129ms
E/AudioPolicyService( 148): getParamFromPolicy : enter , keys = audioParam;outDevice
E/audio_policy_mrvl( 148): mrvl_ap_getParamFromPolicy: audioParam;outDevice
V/audio_policy_mrvl( 148): get_new_device: Selected device 0
I/audio_policy_mrvl( 148): get_device_for_strategy: Strategy 0, device 2
E/AudioPolicyService( 148): getParamFromPolicy : enter , keys = audioParam;outDevice
E/audio_policy_mrvl( 148): mrvl_ap_getParamFromPolicy: audioParam;outDevice
V/audio_policy_mrvl( 148): get_new_device: Selected device 0
I/audio_policy_mrvl( 148): get_device_for_strategy: Strategy 0, device 2 4,1006,21335479,-;[c2] reclaimed 582 (swapped 417) pages.
D/dalvikvm( 419): GC_CONCURRENT freed 2601K, 46% free 9666K/17620K, paused 2ms+3ms, total 16ms
E/AudioPolicyService( 148): getParamFromPolicy : enter , keys = audioParam;outDevice
E/audio_policy_mrvl( 148): mrvl_ap_getParamFromPolicy: audioParam;outDevice
V/audio_policy_mrvl( 148): get_new_device: Selected device 0
I/audio_policy_mrvl( 148): get_device_for_strategy: Strategy 0, device 2
E/AudioPolicyService( 148): getParamFromPolicy : enter , keys = audioParam;outDevice
E/audio_policy_mrvl( 148): mrvl_ap_getParamFromPolicy: audioParam;outDevice
V/audio_policy_mrvl( 148): get_new_device: Selected device 0
I/audio_policy_mrvl( 148): get_device_for_strategy: Strategy 0, device 2
E/AudioPolicyService( 148): getParamFromPolicy : enter , keys = audioParam;outDevice
E/audio_policy_mrvl( 148): mrvl_ap_getParamFromPolicy: audioParam;outDevice
V/audio_policy_mrvl( 148): get_new_device: Selected device 0
I/audio_policy_mrvl( 148): get_device_for_strategy: Strategy 0, device 2
D/dalvikvm( 1021): GC_CONCURRENT freed 1294K, 17% free 27976K/33692K, paused 4ms+6ms, total 167ms
D/dalvikvm( 1021): WAIT_FOR_CONCURRENT_GC blocked 142ms
E/AudioPolicyService( 148): getParamFromPolicy : enter , keys = audioParam;outDevice
E/audio_policy_mrvl( 148): mrvl_ap_getParamFromPolicy: audioParam;outDevice
V/audio_policy_mrvl( 148): get_new_device: Selected device 0
I/audio_policy_mrvl( 148): get_device_for_strategy: Strategy 0, device 2
I/PackageManager( 1021): /system/app/SecContactsProvider.apk changed; collecting certs
W/PackageManager( 1021): Application package com.android.contacts already installed. Skipping duplicate.
I/PackageManager( 1021): /system/app/ContextProvider_H.apk changed; collecting certs
W/PackageManager( 1021): Application package com.android.providers.contacts already installed. Skipping duplicate.
I/PackageManager( 1021): /system/app/CSC.apk changed; collecting certs
W/PackageManager( 1021): Application package com.samsung.android.providers.context already installed. Skipping duplicate.
E/AudioPolicyService( 148): getParamFromPolicy : enter , keys = audioParam;outDevice
E/audio_policy_mrvl( 148): mrvl_ap_getParamFromPolicy: audioParam;outDevice
V/audio_policy_mrvl( 148): get_new_device: Selected device 0
I/audio_policy_mrvl( 148): get_device_for_strategy: Strategy 0, device 2
I/PackageManager( 1021): /system/app/DeviceKeystring.apk changed; collecting certs
W/PackageManager( 1021): Application package com.samsung.sec.android.application.csc already installed. Skipping duplicate.
I/PackageManager( 1021): /system/app/DeviceTest.apk changed; collecting certs
W/PackageManager( 1021): Application package com.sec.android.app.factorykeystring already installed. Skipping duplicate.
I/PackageManager( 1021): /system/app/SecDownloadProvider.apk changed; collecting certs
W/PackageManager( 1021): Application package com.sec.factory already installed. Skipping duplicate.
I/PackageManager( 1021): /system/app/DSMLawmo.apk changed; collecting certs
W/PackageManager( 1021): Application package com.android.providers.downloads already installed. Skipping duplicate.
E/AudioPolicyService( 148): getParamFromPolicy : enter , keys = audioParam;outDevice
E/audio_policy_mrvl( 148): mrvl_ap_getParamFromPolicy: audioParam;outDevice
V/audio_policy_mrvl( 148): get_new_device: Selected device 0
I/audio_policy_mrvl( 148): get_device_for_strategy: Strategy 0, device 2
I/PackageManager( 1021): /system/app/ExternalStorageProvider.apk changed; collecting certs
W/PackageManager( 1021): Application package com.sec.dsm.system already installed. Skipping duplicate.
W/PackageManager( 1021): Code path for hidden system pkg : com.crazystudio.emoji.kitkat changing from /system/priv-app/com.crazystudio.emoji.kitkat.apk to /system/app/com.crazystudio.emoji.kitkat-1.apk
I/PackageManager( 1021): /system/app/FusedLocation.apk changed; collecting certs
W/PackageManager( 1021): Application package com.android.externalstorage already installed. Skipping duplicate.
W/PackageManager( 1021): Application package com.android.location.fused already installed. Skipping duplicate.
I/PackageManager( 1021): /system/app/GoogleLoginService.apk changed; collecting certs
W/PackageManager( 1021): Code path for hidden system pkg : com.google.android.gm changing from /system/app/Gmail2.apk to /system/app/com.google.android.gm-1.apk
D/dalvikvm( 419): GC_CONCURRENT freed 3787K, 49% free 9075K/17620K, paused 1ms+2ms, total 15ms
D/dalvikvm( 419): WAIT_FOR_CONCURRENT_GC blocked 8ms
E/AudioPolicyService( 148): getParamFromPolicy : enter , keys = audioParam;outDevice
E/audio_policy_mrvl( 148): mrvl_ap_getParamFromPolicy: audioParam;outDevice
V/audio_policy_mrvl( 148): get_new_device: Selected device 0
I/audio_policy_mrvl( 148): get_device_for_strategy: Strategy 0, device 2
E/AudioPolicyService( 148): getParamFromPolicy : enter , keys = audioParam;outDevice
E/audio_policy_mrvl( 148): mrvl_ap_getParamFromPolicy: audioParam;outDevice
V/audio_policy_mrvl( 148): get_new_device: Selected device 0
I/audio_policy_mrvl( 148): get_device_for_strategy: Strategy 0, device 2
D/dalvikvm( 1021): GC_CONCURRENT freed 2344K, 16% free 28415K/33692K, paused 4ms+37ms, total 158ms
D/dalvikvm( 1021): WAIT_FOR_CONCURRENT_GC blocked 152ms
E/AudioPolicyService( 148): getParamFromPolicy : enter , keys = audioParam;outDevice
E/audio_policy_mrvl( 148): mrvl_ap_getParamFromPolicy: audioParam;outDevice
V/audio_policy_mrvl( 148): get_new_device: Selected device 0
I/audio_policy_mrvl( 148): get_device_for_strategy: Strategy 0, device 2
I/PackageManager( 1021): /system/app/GoogleBackupTransport.apk changed; collecting certs
W/PackageManager( 1021): Application package com.google.android.gsf.login already installed. Skipping duplicate.
I/PackageManager( 1021): /system/app/GooglePartnerSetup.apk changed; collecting certs
W/PackageManager( 1021): Application package com.google.android.backuptransport already installed. Skipping duplicate.
W/PackageManager( 1021): Application package com.google.android.partnersetup already installed. Skipping duplicate.
I/PackageManager( 1021): /system/app/GoogleServicesFramework.apk changed; collecting certs
W/PackageManager( 1021): Code path for hidden system pkg : com.google.android.gms changing from /system/priv-app/GmsCore.apk to /system/app/com.google.android.gms-5.apk
W/PackageManager( 1021): Code path for hidden system pkg : com.android.vending changing from /system/priv-app/Phonesky.apk to /system/app/com.android.vending-2.apk
E/AudioPolicyService( 148): getParamFromPolicy : enter , keys = audioParam;outDevice
E/audio_policy_mrvl( 148): mrvl_ap_getParamFromPolicy: audioParam;outDevice
V/audio_policy_mrvl( 148): get_new_device: Selected device 0
I/audio_policy_mrvl( 148): get_device_for_strategy: Strategy 0, device 2
E/AudioPolicyService( 148): getParamFromPolicy : enter , keys = audioParam;outDevice
E/audio_policy_mrvl( 148): mrvl_ap_getParamFromPolicy: audioParam;outDevice
V/audio_policy_mrvl( 148): get_new_device: Selected device 0
I/audio_policy_mrvl( 148): get_device_for_strategy: Strategy 0, device 2
D/dalvikvm( 419): GC_CONCURRENT freed 2467K, 47% free 9511K/17620K, paused 1ms+2ms, total 14ms
I/PackageManager( 1021): /system/app/HwModuleTest.apk changed; collecting certs
