--------- beginning of /dev/log/main
E/logwrapper( 110): Cannot log to file /dev/fscklogs/log --------- beginning of /dev/log/system
I/CryptfsCH( 110): Device Encryption status is (0).
E/logwrapper( 110): Cannot log to file /dev/fscklogs/log
E/logwrapper( 110): Cannot log to file /dev/fscklogs/log
E/simal ( 157): setgroups failed, ret:-1, strerror:Operation not permitted
D/DataRouter( 165): Main entered
D/DataRouter( 165): switchUser
D/DataRouter( 165): monitor_usb_thread 6,0,0,-;[c0] Booting Linux on physical CPU 0xf00 6,1,0,-;[c0] Initializing cgroup subsys cpu 6,2,0,-;[c0] Initializing cgroup subsys cpuacct
D/DataRouter( 165): Initialise USB and start the thread 5,3,0,-;[c0] Linux version 3.10.0+ (patrick@patrick-Z97N-WIFI) (gcc version 4.9.3 20150311 (prerelease) (crosstool-NG 1.20.0 - Linaro GCC 2015.03 - Cortex-A9) ) #1 SMP PREEMPT Wed May 20 22:55:44 CEST 2015
D/DataRouter( 165): dr_usb_init 4,4,0,-;[c0] CPU: ARMv7 Processor [410fc073] revision 3 (ARMv7), cr=10c53c7d
E/DataRouter( 165): USB Interface is open with 0x7 4,5,0,-;[c0] CPU: PIPT / VIPT nonaliasing data cache, VIPT aliasing instruction cache
D/DataRouter( 165): USB interface is now configured for usb_fd = 0x7 6,6,0,-;[c0] Machine: PXA1L88, model: Samsung Degaswifi board based on PXA1088
D/DataRouter( 165): monitor_data_of_usb 6,7,0,-;[c0] get_boot_panel_id: boot_panel_id = 0x 5eb810 4,8,0,-;[c0] Malformed early option 'lcd_id'
D/DataRouter( 165): USB monitor thread launched, usb_fd= 0x7 6,9,0,-;[c0] Reserved OBM memory : 1MB at 0x00000000
D/DataRouter( 165): Before the usb select 6,10,0,-;[c0] Reserved CP memory : 2MB at 0x07e00000 6,11,0,-;[c0] ramoops: Reserved ramoops memory: 256KB at 0x08100000 6,12,0,-;[c0] Reserved GC memory: 64MB at 0x2b000000 6,13,0,-;[c0] Reserved ION memory: 112MB at 0x09000000
I/macloader( 166): WIFI MAC is valid
D/simal ( 157): now we open /dev/citty10
I/DEBUG ( 142): debuggerd: Jul 22 2014 10:53:39
I/installd( 149): installd firing up
I/NPS_MOBEX( 151): Feature_Init 6,14,0,-;[c0] Reserved FB memory : 12MB at 0x17000000 7,15,0,-;[c0] cma: dma_contiguous_reserve(limit 2f000000)
I/ ( 155): ServiceManager: 0x40429890 7,16,0,-;[c0] cma: cma_dt_reserve: reserving 0 MiB for global area
D/FileMonitorService( 155): Monitor directory: /data/Linux/Marvell/NVM 7,17,0,-;[c0] cma: dma_declare_contiguous(size 0, base 00000000, limit 2f000000)
D/FileMonitorService( 155): Monitor directory: /NVM 4,18,0,-;[c0] Memory policy: ECC disabled, Data cache writealloc
D/FileMonitorService( 155): FileMonitorService event thread is started. 7,19,0,-;[c0] On node 0 totalpages: 389376
I/NPS_MOBEX( 151): task Start 7,20,0,-;[c0] free_area_init_node: node 0, pgdat c0c11cc0, node_mem_map c2083000 7,21,0,-;[c0] Normal zone: 1504 pages used for memmap 7,22,0,-;[c0] Normal zone: 0 pages reserved
I/Netd ( 141): Netd 1.0 starting 7,23,0,-;[c0] Normal zone: 188672 pages, LIFO batch:31 7,24,0,-;[c0] HighMem zone: 1568 pages used for memmap 7,25,0,-;[c0] HighMem zone: 200704 pages, LIFO batch:31 4,26,0,-;[c0] DT missing boot CPU MPIDR[23:0], fall back to default cpu_logical_map
W/InterfaceController( 141): Warning (dlopen failed: library "/system/lib/libnetcmdiface.so" not found) while opening the net interface command library 6,27,0,-;[c0] PERCPU: Embedded 9 pages/cpu @c2c9d000 s15360 r8192 d13312 u36864 7,28,0,-;[c0] pcpu-alloc: s15360 r8192 d13312 u36864 alloc=9*4096 7,29,0,-;[c0] pcpu-alloc: [0] 0 [0] 1 [0] 2 [0] 3 4,30,0,-;[c0] Built 1 zonelists in Zone order, mobility grouping on. Total pages: 387872
I/NPS_MOBEX( 151): wscMessageGet msgid:4097
I/NPS_MOBEX( 151): wscSerialOverMTPServiceStartThread 5,31,0,-;[c0] Kernel command line: initrd=0x01400000,12m rw uart_dma vmalloc=0x10000000 hwdfc=1 qhd_lcd=1 touch_type=0 androidboot.hardware=pxa1088 sec_debug.reset_reason=0x0 ddr_mode=1 atcmdmode=1 androidboot.emmc_checksum=3 androidboot.serialno=300497188b3b3200 lcd_id=0x005eb810 board_id=0x03 max_freq=1183 disp_start_addr=0x17000000 androidboot.debug_level=0x4f4c sec_debug.level=0 androidboot.lcd=WVGA sec_log=0x100000@0x8140000 cordon=93ee6c617dd94f6ed8f736f98794ec07
I/NPS_MOBEX( 151): wscSerialOverMTPServiceThread 3,32,0,-;[c0] sec_log_setup: Success reserving size 1MB + 8 at base 0x8140000
I/NPS_MOBEX( 151): wscSerialOverMTPServiceStart 6,33,0,-;[c0] sec_log_setup: *sec_log_mag:4d474f4c *sec_log_ptr:26ed3b sec_log_buf:c8140000 sec_log_size:1048576
I/NPS_MOBEX( 151): wifi_wscDataServiceStart 6,34,0,-;[c0] sec_log_save_old: saved old log at 131072@c2cc1200 6,35,0,-;[c0] sec_getlog_supply_kloginfo: 0xc8140000 6,36,0,-;[c0] PID hash table entries: 4096 (order: 2, 16384 bytes)
I/NPS_MOBEX( 151): wifi Create server_sockid: 9
I/NPS_MOBEX( 151): wscSerialOverMTPServiceConnect 6,37,0,-;[c0] Dentry cache hash table entries: 131072 (order: 7, 524288 bytes) 6,38,0,-;[c0] Inode-cache hash table entries: 65536 (order: 6, 262144 bytes)
I/NPS_MOBEX( 151): wscSerialOverMTPServiceConnect START 6,39,0,-;[c0] Memory: 125MB 240MB 1156MB = 1521MB total 5,40,0,-;[c0] Memory: 1338136k/1338136k available, 234728k reserved, 802816K highmem
I/NPS_MOBEX( 151): wscSerialOverMTPServiceConnect accept 5,41,0,-;[c0] Virtual kernel memory layout:\x0a vector : 0xffff0000 - 0xffff1000 ( 4 kB)\x0a fixmap : 0xfff00000 - 0xfffe0000 ( 896 kB)\x0a vmalloc : 0xef800000 - 0xff000000 ( 248 MB)\x0a lowmem : 0xc0000000 - 0xef000000 ( 752 MB)\x0a pkmap : 0xbfe00000 - 0xc0000000 ( 2 MB)\x0a modules : 0xbf000000 - 0xbfe00000 ( 14 MB)\x0a .text : 0xc0108000 - 0xc0a4a6f4 (9482 kB)\x0a .init : 0xc0a4b000 - 0xc0adcc00 ( 583 kB)\x0a .data : 0xc0ade000 - 0xc0c2b0ec (1333 kB)\x0a .bss : 0xc0c2b0ec - 0xc0cc56fc ( 618 kB)
I/NPS_MOBEX( 151): wifi_wscDataServiceConnect 6,42,0,-;[c0] SLUB: HWalign=64, Order=0-3, MinObjects=0, CPUs=4, Nodes=1
I/NPS_MOBEX( 151): wifi_wscDataServiceConnect START 6,43,0,-;[c0] Preemptible hierarchical RCU implementation.
D/AT_Distributor( 159): gUartPath = ATRILClient 6,44,0,-;[c0] NR_IRQS:16 nr_irqs:16 16
D/AT_Distributor( 159): UART ATRILClient is not used by console 4,45,0,-;[c0] Architected timer frequency not available 6,46,0,-;[c0] sched_clock: 32 bits at 32kHz, resolution 30517ns, wraps every 131071999ms --------- beginning of /dev/log/radio 6,47,0,-;[c0] Switching to timer-based delay loop
D/ATD ( 159): gUartPath = ATRILClient
D/ATD ( 159): UART ATRILClient is not used by console 6,48,0,-;[c0] kmemleak: Kernel memory leak detector disabled
E/Netd ( 141): execIptablesCommand, ret: 1, fail_count: 0 6,49,335,-;[c0] Calibrating delay loop (skipped), value calculated using timer frequency.. 6.50 BogoMIPS (lpj=32500)
E/Netd ( 141): execIptablesCommand, ret: 1, fail_count: 0
E/Netd ( 141): execIptablesCommand, ret: 1, fail_count: 0 6,50,366,-;[c0] pid_max: default: 32768 minimum: 301
E/Netd ( 141): execIptablesCommand, ret: 1, fail_count: 0 6,51,457,-;[c0] Security Framework initialized 6,52,518,-;[c0] SELinux: Initializing.
D/AT_Distributor( 159): MakeLocalServer(): FactoryClientRecv Communication: Server_socket 7
D/AT_Distributor( 159): InitSocketAcceptHandler(): FactoryClientRecv, id(0), fd(7)
D/AT_Distributor( 159): MakeLocalServer(): FactoryClientSend Communication: Server_socket 9
D/AT_Distributor( 159): InitSocketAcceptHandler(): FactoryClientSend, id(1), fd(9)
D/AT_Distributor( 159): MakeLocalServer(): ATDMultiClient Communication: Server_socket 10 7,53,549,-;[c0] SELinux: Starting in permissive mode
D/AT_Distributor( 159): InitSocketAcceptHandler(): ATDMultiClient, id(6), fd(10) 6,54,640,-;[c0] Mount-cache hash table entries: 512
D/AT_Distributor( 159): first start 6,55,1281,-;[c0] Initializing cgroup subsys debug
D/ATD ( 159): MakeLocalServer(): FactoryClientRecv Communication: Server_socket 7 6,56,1281,-;[c0] Initializing cgroup subsys freezer
D/ATD ( 159): InitSocketAcceptHandler(): FactoryClientRecv, id(0), fd(7) 6,57,1342,-;[c0] CPU: Testing write buffer coherency: ok
D/ATD ( 159): MakeLocalServer(): FactoryClientSend Communication: Server_socket 9 6,58,1647,-;[c0] CPU0: thread -1, cpu 0, socket 0, mpidr 80000f00
D/ATD ( 159): InitSocketAcceptHandler(): FactoryClientSend, id(1), fd(9) 6,59,1678,-;[c0] Setting up static identity map for 0xc07b09d0 - 0xc07b0a28
D/ATD ( 159): MakeLocalServer(): ATDMultiClient Communication: Server_socket 10 4,60,1800,-;[c0] Power ops has already been initialized
D/ATD ( 159): InitSocketAcceptHandler(): ATDMultiClient, id(6), fd(10) 6,61,1831,-;[c0] mmp power management initialized 6,62,39916,-;[c0] ftrace: Allocated trace_printk buffers 4,63,80718,-;[c1] CPU1: Booted secondary processor
D/ATD ( 159): first start 6,64,80780,-;[c1] CPU1: thread -1, cpu 1, socket 0, mpidr 80000f01
E/Netd ( 141): execIptablesCommand, ret: 1, fail_count: 0 4,65,100921,-;[c2] CPU2: Booted secondary processor
D/AT_Distributor( 159): IsUartUsingAP is AP
D/AT_Distributor( 159): ConnectToUart()
D/ATD ( 159): IsUartUsingAP is AP 6,66,100952,-;[c2] CPU2: thread -1, cpu 2, socket 0, mpidr 80000f02
D/ATD ( 159): ConnectToUart() 4,67,121124,-;[c3] CPU3: Booted secondary processor
E/Netd ( 141): execIptablesCommand, ret: 1, fail_count: 0 6,68,121154,-;[c3] CPU3: thread -1, cpu 3, socket 0, mpidr 80000f03 6,69,121276,-;[c0] Brought up 4 CPUs
E/Netd ( 141): execIptablesCommand, ret: 0, fail_count: 0 6,70,121337,-;[c0] SMP: Total of 4 processors activated (26.00 BogoMIPS).
I/run-parts( 170): sh: setenforce: not found 6,71,121337,-;[c0] CPU: All CPU(s) started in SVC mode.
I/run-parts( 170): /system/etc/init.d/01selinux[13]: no closing quote 6,72,127014,-;[c0] pinctrl core: initialized pinctrl subsystem 6,73,127319,-;[c0] regulator-dummy: no parameters 6,74,127593,-;[c0] NET: Registered protocol family 16 6,75,128112,-;[c0] DMA: preallocated 256 KiB pool for atomic coherent allocations
I/run-parts( 170): run-parts: /system/etc/init.d/01selinux exited with code 1 6,76,128845,-;[c0] pll2_vco is enabled @ 2132000000 6,77,128875,-;[c0] pll2 is enabled @ 1066000000
E/Netd ( 141): execIptablesCommand, ret: 0, fail_count: 0 6,78,128906,-;[c0] pll2p is enabled @ 1066000000
I/SurfaceFlinger( 144): SurfaceFlinger is starting 6,79,128936,-;[c0] pll3_vco is not enabled
I/SurfaceFlinger( 144): SurfaceFlinger's main thread ready to run. Initializing graphics H/W... 6,80,128967,-;[c0] pll3 is not enabled
E/Netd ( 141): execIptablesCommand, ret: 0, fail_count: 0 6,81,128997,-;[c0] pll3p is not enabled 3,82,129028,-;[c0] clk_cpu_recalc_rate: cur_cpu_op NULL
E/Netd ( 141): execIptablesCommand, ret: 0, fail_count: 0 6,83,129058,-;[c0] pclk(src:sel,div)\x09l2clk(src,div)\x09pdclk(src,div)\x09baclk(src,div)\x09
E/Netd ( 141): execIptablesCommand, ret: 1, fail_count: 0 6,84,129058,-;periphclk(src,div)\x09l1_rtc:l2_rtc
D/libEGL ( 144): loaded /system/lib/egl/libEGL_MRVL.so
E/Netd ( 141): execIptablesCommand, ret: 1, fail_count: 0 6,85,129089,-;[c0] 312(624:0,1)\x090([NULL],0)\x09156([pclk],1)\x09156([pclk],1)\x090([NULL],0)\x090x2222222:0x2221
D/use-Rlog/RLOG-RIL( 143): StartMulticlient: 6,86,129089,-;[c0] 6,87,129119,-;[c0] 624(624:0,0)\x090([NULL],0)\x09312([pclk],1)\x09156([pclk],3)\x090([NULL],0)\x090x2666666:0x6265
D/use-Rlog/RLOG-RIL( 143): StartMulticlient() START
D/RIL-mainLoop( 143): entering mainLoop() 6,88,129150,-;[c0]
D/use-Rlog/RLOG-RIL-mainLoop( 143): [GET_HW_VER_onBoot]Set hw_ver property 6,89,129180,-;[c0] 1066(1066:3,0)\x090([NULL],0)\x09533([pclk],1)\x09266([pclk],3)\x090([NULL],0)\x090x2aaaaaa:0xa2a9 6,90,129180,-;[c0] 6,91,129211,-;[c0] 1344(1344:1,0)\x090([NULL],0)\x09672([pclk],1)\x09336([pclk],3)\x090([NULL],0)\x090x2aaaaaa:0xa2a9
D/use-Rlog/RLOG-RIL( 143): [TID] MulticlientLoop(233) 6,92,129241,-;[c0]
D/use-Rlog/RLOG-RIL( 143): MulticlientLoop start... 6,93,129272,-;[c0] CPU boot up @1066000000HZ
D/use-Rlog/RLOG-RIL( 143): set_multiclient_max_fd: 3,94,129302,-;[c0] clk_ddr_recalc_rate: cur_ddraxi_op NULL 6,95,129333,-;[c0] dclk(src:sel,div,tblindex)
D/use-Rlog/RLOG-RIL( 143): set_multiclient_max_fd: maxfd=12
D/use-Rlog/RLOG-RIL( 143): set_multiclient_fd_set: 6,96,129333,-;[c0] 156(624:1,1,1) 6,97,129364,-;[c0] 312(624:1,0,3) 6,98,129364,-;[c0] 533(1066:3,0,5)
E/RILC ( 143): RIL_register: RIL version 9 3,99,129394,-;[c0] get_cur_ddr_op ddr clk tsrc:1066 csel:3 parent:pll2p 6,100,129425,-;[c0] DDR boot up @533000000HZ 3,101,129455,-;[c0] clk_axi_recalc_rate: cur_axi_op NULL
D/use-Rlog/RLOG-RIL-mainLoop( 143): [GET_HW_VER_onBoot]property_set-hw_ver : MP 0.500 6,102,129455,-;[c0] aclk(src:sel,div)
D/use-Rlog/RLOG-RIL-mainLoop( 143): [GET_SERIAL_NO_onBoot]Set serialnumber property 6,103,129486,-;[c0] 78(624:1,7) 6,104,129516,-;[c0] 156(624:1,3)
E/Netd ( 141): execIptablesCommand, ret: 1, fail_count: 0
D/use-Rlog/RLOG-RIL-mainLoop( 143): [GET_SERIAL_NO_onBoot]property_set-serialnumber : R52G50DMQWZ
D/use-Rlog/RLOG-RIL-mainLoop( 143): [GET_RFCAL_DATE_onBoot]Set cal_date property
D/use-Rlog/RLOG-RIL-mainLoop( 143): [GET_RFCAL_DATE_onBoot]File Open Fail and set default-cal_date 6,105,129516,-;[c0] 266(1066:3,3) 3,106,129547,-;[c0] get_cur_axi_op axi clk tsrc:1066 csel:3 parent:pll2p
D/use-Rlog/RLOG-RIL-mainLoop( 143): [GET_PRODUCT_CODE_onBoot]Set product_code property 6,107,129547,-;[c0] AXI boot up @266000000HZ
D/use-Rlog/RLOG-RIL-mainLoop( 143): [GET_PRODUCT_CODE_onBoot]property_set-product_code : SM-T230NYKAXAC 6,108,130096,-;[c0] ************** clk_vpu_aclk_tbl **************
E/RIL-mainLoop( 143): AT channel [0] open error, ttyName:/dev/citty0, errno:No such file or directory, try again
E/Netd ( 141): execIptablesCommand, ret: 1, fail_count: 0
E/Netd ( 141): execIptablesCommand, ret: 1, fail_count: 0 6,109,130096,-;[c0] clk[156000000] src[624000000:1] div[3] w/rtc[0]
E/Netd ( 141): execIptablesCommand, ret: 1, fail_count: 0 6,110,130126,-;[c0] clk[208000000] src[416000000:0] div[1] w/rtc[0]
D/libEGL ( 144): loaded /system/lib/egl/libGLESv1_CM_MRVL.so 6,111,130157,-;[c0] clk[312000000] src[624000000:1] div[1] w/rtc[0]
E/Netd ( 141): execIptablesCommand, ret: 0, fail_count: 0 6,112,130157,-;[c0] clk[416000000] src[416000000:0] div[0] w/rtc[0]
E/Netd ( 141): execIptablesCommand, ret: 0, fail_count: 0
E/Netd ( 141): execIptablesCommand, ret: 0, fail_count: 0 6,113,130187,-;[c0] clk[533000000] src[1066000000:3] div[1] w/rtc[0]
D/libEGL ( 144): loaded /system/lib/egl/libGLESv2_MRVL.so 6,114,130249,-;[c0] ************** clk_vpu_tbl **************
E/Netd ( 141): execIptablesCommand, ret: 0, fail_count: 0 6,115,130249,-;[c0] clk[156000000] src[624000000:1] div[3] w/rtc[b04444] 6,116,130279,-;[c0] clk[208000000] src[416000000:0] div[1] w/rtc[b05544]
E/Netd ( 141): execIptablesCommand, ret: 1, fail_count: 0 6,117,130310,-;[c0] clk[312000000] src[624000000:1] div[1] w/rtc[b06655]
I/marvellWirelessDaemon( 163): succeed to create socket and listen. 6,118,130310,-;[c0] clk[416000000] src[416000000:0] div[0] w/rtc[b06655]
E/Netd ( 141): execIptablesCommand, ret: 1, fail_count: 0 6,119,130340,-;[c0] clk[533000000] src[1066000000:3] div[1] w/rtc[b06655]
I/v_gralloc( 144): using (fd=15) 6,120,130371,-;[c0] ************** clk_gc_aclk_tbl **************
I/v_gralloc( 144): id = mmp-fb
I/v_gralloc( 144): xres = 800 px 6,121,130401,-;[c0] clk[78000000] src[624000000:1] div[7] w/rtc[0]
I/v_gralloc( 144): yres = 1280 px 6,122,130432,-;[c0] clk[104000000] src[416000000:0] div[3] w/rtc[0] 6,123,130432,-;[c0] clk[156000000] src[624000000:1] div[3] w/rtc[0]
I/v_gralloc( 144): xres_virtual = 800 px 6,124,130462,-;[c0] clk[208000000] src[416000000:0] div[1] w/rtc[0]
I/v_gralloc( 144): yres_virtual = 3840 px 6,125,130493,-;[c0] clk[312000000] src[624000000:1] div[1] w/rtc[0]
I/v_gralloc( 144): bpp = 32 6,126,130493,-;[c0] clk[416000000] src[416000000:0] div[0] w/rtc[0]
I/v_gralloc( 144): r = 0:8 6,127,130554,-;[c0] ************** clk_gc_tbl **************
I/v_gralloc( 144): g = 8:8 6,128,130554,-;[c0] clk[156000000] src[624000000:1] div[3] w/rtc[0] 6,129,130584,-;[c0] clk[312000000] src[624000000:1] div[1] w/rtc[0]
I/v_gralloc( 144): b = 16:8
I/v_gralloc( 144): width = 94 mm (216.170212 dpi) 6,130,130584,-;[c0] clk[416000000] src[416000000:0] div[0] w/rtc[0]
I/v_gralloc( 144): height = 150 mm (216.746674 dpi) 6,131,130615,-;[c0] clk[624000000] src[624000000:1] div[0] w/rtc[0]
I/v_gralloc( 144): refresh rate = 60.00 Hz 6,132,130737,-;[c0] ************** clk_gc2d_aclk_tbl **************
I/v_gralloc( 144): Framebuffer phys addr = 0x17000000
I/v_gralloc( 144): LCD driver version = 0 6,133,130737,-;[c0] clk[78000000] src[624000000:1] div[7] w/rtc[0] 6,134,130767,-;[c0] clk[104000000] src[416000000:0] div[3] w/rtc[0]
I/v_gralloc( 144): FB device count = 1 6,135,130798,-;[c0] clk[156000000] src[624000000:1] div[3] w/rtc[0]
E/Netd ( 141): execIptablesCommand, ret: 1, fail_count: 0
E/Netd ( 141): execIptablesCommand, ret: 1, fail_count: 0 6,136,130798,-;[c0] clk[208000000] src[416000000:0] div[1] w/rtc[0] 6,137,130828,-;[c0] clk[312000000] src[624000000:1] div[1] w/rtc[0]
W/v_hwc ( 144): TODO: HWC integration: display!
I/v_hwc ( 144): Default primary display
I/v_hwc ( 144): xres = 800 px
I/v_hwc ( 144): yres = 1280 px
I/v_hwc ( 144): xdpi = 216.2 dpi 6,138,130828,-;[c0] clk[416000000] src[416000000:0] div[0] w/rtc[0]
I/v_hwc ( 144): ydpi = 216.7 dpi
I/v_hwc ( 144): refresh rate = 60.0 Hz
I/v_hwc ( 144): Virtual display 0 initialized. 6,139,130889,-;[c0] ************** clk_gc2d_tbl **************
W/linker ( 148): libarccamera.so has text relocations. This is wasting memory and is a security risk. Please fix.
I/v_hwc ( 144): Vivante HWComposer v2.4 6,140,130889,-;[c0] clk[156000000] src[624000000:1] div[3] w/rtc[0] 6,141,130920,-;[c0] clk[312000000] src[624000000:1] div[1] w/rtc[0]
I/v_hwc ( 144): Device: 0x40c75f18
I/v_hwc ( 144): Separated 2D: YES 6,142,130950,-;[c0] clk[416000000] src[416000000:0] div[0] w/rtc[0]
I/v_hwc ( 144): 2D PE20: YES 3,143,131103,-;[c0] can't find clk GC_SHADER_CLK
I/v_hwc ( 144): Multi-source blit: YES 6,144,131561,-;[c0] UDC only is enabled 6,145,140167,-;[c0] console [pstore0] enabled
I/v_hwc ( 144): Multi-source blit Ex: YES 6,146,140197,-;[c0] ramoops: attached 0x40000@0x8100000, ecc: 0/0
I/v_hwc ( 144): OPF/YUV blit/Tiling : YES 4,147,141296,-;[c0] irq: no irq domain found for /soc/apb@d4000000/gpio@d4019000 ! 6,148,141967,-;[c0] No ATAGs? 6,149,141998,-;hw-breakpoint: found 5 (+1 reserved) breakpoint and 4 watchpoint registers.
I/v_hwc ( 144): Filter stretch : YES
I/SurfaceFlinger( 144): Using composer version 1.2
E/Netd ( 141): execIptablesCommand, ret: 1, fail_count: 0
W/linker ( 267): libwtpsp.so has text relocations. This is wasting memory and is a security risk. Please fix.
E/HWComposerMarvell( 144): hwc_getDisplayConfigs(313): TODO: disp 1 not supported! 6,150,142028,-;[c0] hw-breakpoint: maximum watchpoint size is 8 bytes.
W/SurfaceFlinger( 144): no suitable EGLConfig found, trying a simpler query 6,151,149536,-;[c0] bio: create slab at 0
I/SurfaceFlinger( 144): EGL informations: 6,152,150238,-;[c0] pinctrl-single d401e000.pinmux: 204 pins at pa fe01e000 size 816 SUBSYSTEM=platform
I/SurfaceFlinger( 144): vendor : Android DEVICE=+platform:d401e000.pinmux 6,153,150726,-;[c0] MFP Configuration is inited in MFP init driver
I/SurfaceFlinger( 144): version : 1.4 Android META-EGL 6,154,152770,-;[c0] usbcore: registered new interface driver usbfs 6,155,152832,-;[c0] usbcore: registered new interface driver hub
I/SurfaceFlinger( 144): extensions: EGL_KHR_get_all_proc_addresses EGL_ANDROID_presentation_time EGL_KHR_image EGL_KHR_image_base EGL_KHR_image_pixmap EGL_KHR_lock_surface EGL_KHR_gl_texture_2D_image EGL_KHR_gl_renderbuffer_image EGL_KHR_reusable_sync EGL_KHR_fence_sync EGL_ANDROID_image_native_buffer EGL_ANDROID_recordable 6,156,152954,-;[c0] usbcore: registered new device driver usb
I/SurfaceFlinger( 144): Client API: OpenGL_ES 6,157,153900,-;[c0] i2c-gpio 2.i2c: using pins 50 (SDA) and 49 (SCL)
I/SurfaceFlinger( 144): EGLSurface: 8-8-8-8, config=0x408fb670
D/GC ( 144): OES20 ===> GC Version : GC Ver rls_pxa988_KK44_GC13.25 SUBSYSTEM=platform DEVICE=+platform:2.i2c
D/GC ( 144): 6,158,154449,-;[c0] i2c-gpio 3.i2c: using pins 17 (SDA) and 16 (SCL) SUBSYSTEM=platform DEVICE=+platform:3.i2c 6,159,154937,-;[c0] i2c-gpio i2c-gpio.4: using pins 36 (SDA) and 35 (SCL)
E/Netd ( 141): execIptablesCommand, ret: 1, fail_count: 0 SUBSYSTEM=platform
E/Netd ( 141): execIptablesCommand, ret: 0, fail_count: 0 DEVICE=+platform:i2c-gpio.4
E/Netd ( 141): execIptablesCommand, ret: 0, fail_count: 0 6,160,155151,-;[c0] i2c-gpio i2c.5: using pins 30 (SDA) and 29 (SCL)
E/Netd ( 141): execIptablesCommand, ret: 0, fail_count: 0 SUBSYSTEM=platform
E/Netd ( 141): execIptablesCommand, ret: 0, fail_count: 0 DEVICE=+platform:i2c.5
E/Netd ( 141): execIptablesCommand, ret: 1, fail_count: 0 6,161,155609,-;[c0] i2c-gpio i2c.6: using pins 127 (SDA) and 126 (SCL) SUBSYSTEM=platform DEVICE=+platform:i2c.6
E/Netd ( 141): execIptablesCommand, ret: 1, fail_count: 0 6,162,156097,-;[c0] I2C: i2c-0: PXA I2C adapter 6,163,156768,-;[c0] I2C: i2c-1: PXA I2C adapter 6,164,156829,-;[c0] pxa2xx-i2c pxa2xx-i2c.2: hardware lock address: 0xfe03d300
E/Netd ( 141): execIptablesCommand, ret: 1, fail_count: 0 SUBSYSTEM=platform
I/SurfaceFlinger( 144): OpenGL ES informations: DEVICE=+platform:pxa2xx-i2c.2 6,165,158142,-;[c0] device_800_init read register PMIC_GENERAL_USE_REGISTER [168]
I/SurfaceFlinger( 144): vendor : Vivante Corporation 6,166,159149,-;[c0] 88PM800 2-0030: pm800 device_gpadc_init: Done
I/SurfaceFlinger( 144): renderer : Vivante GC1000 SUBSYSTEM=i2c
I/SurfaceFlinger( 144): version : OpenGL ES 2.0 DEVICE=+i2c:2-0030
I/SurfaceFlinger( 144): extensions: GL_EXT_debug_marker GL_OES_compressed_ETC1_RGB8_texture GL_OES_compressed_paletted_texture GL_OES_EGL_image GL_OES_depth24 GL_OES_fbo_render_mipmap GL_OES_fragment_precision_high GL_OES_rgb8_rgba8 GL_OES_stencil1 GL_OES_stencil4 GL_OES_texture_npot GL_OES_vertex_half_float GL_OES_depth_texture GL_OES_packed_depth_stencil GL_OES_standard_derivatives GL_OES_get_program_binary GL_EXT_texture_format_BGRA8888 GL_IMG_read_format GL_EXT_blend_minmax GL_EXT_read_format_bgra GL_EXT_multi_draw_arrays GL_APPLE_texture_format_BGRA8888 GL_APPLE_texture_max_level GL_ARM_rgba8 GL_EXT_frag_depth GL_VIV_shader_binary GL_VIV_direct_texture GL_OES_EGL_image_external GL_EXT_discard_framebuffer GL_EXT_multisampled_render_to_texture GL_VIV_clamp_to_border GL_MRVL_texture_video GL_EXT_unpack_subimage GL_OES_element_index_uint GL_OES_mapbuffer GL_EXT_texture_compression_dxt1 GL_EXT_texture_compression_s3tc 6,167,161041,-;[c0] 88PM800 2-0030: [device_battery_init]:Added mfd bat_devs SUBSYSTEM=i2c DEVICE=+i2c:2-0030
I/SurfaceFlinger( 144): GL_MAX_TEXTURE_SIZE = 8192 6,168,161651,-;[c0] BUCK1: 600 <--> 1800 mV at 1287 mV at 3500 mA
I/SurfaceFlinger( 144): GL_MAX_VIEWPORT_DIMS = 8192 6,169,162231,-;[c0] BUCK2: 600 <--> 3300 mV at 1800 mV at 750 mA
E/SurfaceFlinger( 144): HWComposer: framebufferTarget is null 6,170,162811,-;[c0] BUCK3: 600 <--> 3300 mV at 1250 mV at 1500 mA
E/SurfaceFlinger( 144): HWComposer: framebufferTarget is null 3,171,163024,-;[c0] 88pm80x-regulator 88pm80x-regulator: 88PM800-BUCK4 not matched!
E/SurfaceFlinger( 144): HWComposer: framebufferTarget is null SUBSYSTEM=platform
E/SurfaceFlinger( 144): HWComposer: framebufferTarget is null DEVICE=+platform:88pm80x-regulator 6,172,163269,-;[c0] BUCK5: 600 <--> 3950 mV at 1200 mV at 1500 mA
E/Netd ( 141): execIptablesCommand, ret: 1, fail_count: 0 6,173,163940,-;[c0] LDO1: 1700 <--> 3300 mV at 2800 mV at 100 mA
V/MARVELL_TEL_CPLOADER( 267): [cploader] smallCodeSign: 0x534c4344
V/MARVELL_TEL_CPLOADER( 267): [cploader] cp_load_arbel_image: arbel load address: 0x07e00000, size: 0x00200000 6,174,164489,-;[c0] LDO2: 1700 <--> 3300 mV at 1800 mV at 100 mA
V/MARVELL_TEL_CPLOADER( 267): [cploader] cp_load_arbel_image: arbel image path /dev/block/platform/soc.2/by-name/MODEM, offset: 0x0
E/Netd ( 141): execIptablesCommand, ret: 1, fail_count: 0
E/Netd ( 141): execIptablesCommand, ret: 1, fail_count: 0
D/SurfaceFlinger( 144): Screen acquired, type=0 flinger=0x40c73500
E/Netd ( 141): execIptablesCommand, ret: 0, fail_count: 0 6,175,165069,-;[c0] LDO3: 1200 <--> 3300 mV at 2800 mV at 400 mA 6,176,165496,-;[c0] LDO4: 1200 <--> 3300 mV at 2800 mV at 400 mA 6,177,165924,-;[c0] LDO5: 1200 <--> 3300 mV at 3300 mV at 200 mA 6,178,166351,-;[c0] LDO6: 1200 <--> 3300 mV at 3000 mV at 200 mA 3,179,166564,-;[c0] 88pm80x-regulator 88pm80x-regulator: 88PM800-LDO7 not matched! SUBSYSTEM=platform DEVICE=+platform:88pm80x-regulator 6,180,166931,-;[c0] LDO8: 1200 <--> 3300 mV at 3100 mV at 100 mA 6,181,167358,-;[c0] LDO9: 1200 <--> 3300 mV at 1800 mV at 200 mA 6,182,167968,-;[c0] LDO10: 1200 <--> 3300 mV at 3300 mV at 400 mA 6,183,168395,-;[c0] LDO11: 1200 <--> 3300 mV at 3300 mV at 200 mA 6,184,168823,-;[c0] LDO12: 600 <--> 1500 mV at 1300 mV at 400 mA
E/Netd ( 141): execIptablesCommand, ret: 0, fail_count: 0
E/Netd ( 141): execIptablesCommand, ret: 0, fail_count: 0
E/Netd ( 141): execIptablesCommand, ret: 0, fail_count: 0
V/MARVELL_TEL_CPLOADER( 267): [cploader] cp_load_msa_image: msa load address: 0x07f00000, size: 0x00100000
V/MARVELL_TEL_CPLOADER( 267): [cploader] cp_load_msa_image: msa image path /dev/block/platform/soc.2/by-name/MODEM, offset: 0x800000
E/Netd ( 141): execIptablesCommand, ret: 1, fail_count: 0 6,185,169372,-;[c0] LDO13: 1700 <--> 3300 mV at 1800 mV at 180 mA 6,186,169799,-;[c0] LDO14: 1800 <--> 2800 mV at 2800 mV at 8 mA 6,187,170288,-;[c0] VOUTSW: 1700 <--> 1800 mV 6,188,176269,-;[c0] 88PM800 2-0030: 88pm800 debugfs created! SUBSYSTEM=i2c DEVICE=+i2c:2-0030 6,189,231933,-;[c0] 88PM805 2-0038: [device_805_init]:Added mfd codec_devs
I/run-parts( 170): mount: Device or resource busy SUBSYSTEM=i2c
E/Netd ( 141): execIptablesCommand, ret: 1, fail_count: 0
V/MARVELL_TEL_CPLOADER( 267): [cploader] smallCodeSign: 0x534c4344 DEVICE=+i2c:2-0038 6,190,272003,-;[c0] 88PM805 2-0038: 88pm805 debugfs created! SUBSYSTEM=i2c DEVICE=+i2c:2-0038 3,191,272033,-;[c0] pxa2xx-i2c pxa2xx-i2c.2: could not get default(i2c) pinstate SUBSYSTEM=platform DEVICE=+platform:pxa2xx-i2c.2 3,192,272064,-;[c0] pxa2xx-i2c pxa2xx-i2c.2: could not get gpio pinstate SUBSYSTEM=platform DEVICE=+platform:pxa2xx-i2c.2 6,193,272094,-;[c0] I2C: i2c-2: PXA I2C adapter
E/Netd ( 141): execIptablesCommand, ret: 1, fail_count: 0
I/run-parts( 170): BusyBox v1.22.1-Stericson (2014-01-25 17:27:18 CET) multi-call binary.
I/run-parts( 170): Usage: swapoff [-a] [DEVICE]
I/run-parts( 170): Stop swapping on DEVICE
I/run-parts( 170): -a Stop swapping on all swap devices
E/Netd ( 141): execIptablesCommand, ret: 1, fail_count: 0
I/run-parts( 170): failed: Device or resource busy
I/run-parts( 170): run-parts: /system/etc/init.d/99ktmisctweaks exited with code 1
E/Netd ( 141): execIptablesCommand, ret: 1, fail_count: 0
E/Netd ( 141): execIptablesCommand, ret: 1, fail_count: 0
E/Netd ( 141): execIptablesCommand, ret: 0, fail_count: 0
W/linker ( 145): /system/bin/app_process has text relocations. This is wasting memory and is a security risk. Please fix. 6,194,272216,-;[c0] media: Linux media interface: v0.10 6,195,272277,-;[c0] Linux video capture interface: v2.00 6,196,272705,-;[c0] [SENSORS CORE] sensors_class_init 6,197,272857,-;[c0] Advanced Linux Sound Architecture Driver Initialized. 6,198,273376,-;[c0] Bluetooth: Core ver 2.16
E/Netd ( 141): execIptablesCommand, ret: 0, fail_count: 0
D/WVMDrmPlugIn( 147): WVMDrmPlugin::onGetSupportInfo : 0
E/Netd ( 141): execIptablesCommand, ret: 0, fail_count: 0
E/Netd ( 141): execIptablesCommand, ret: 0, fail_count: 0
W/linker ( 148): libarcsoft_panorama_burstcapture.so has text relocations. This is wasting memory and is a security risk. Please fix.
E/Netd ( 141): execIptablesCommand, ret: 1, fail_count: 0
E/Netd ( 141): execIptablesCommand, ret: 1, fail_count: 0
E/Netd ( 141): execIptablesCommand, ret: 1, fail_count: 0
W/linker ( 148): libarcsoft_skin_soften.so has text relocations. This is wasting memory and is a security risk. Please fix.
E/Netd ( 141): execIptablesCommand, ret: 1, fail_count: 0
E/Netd ( 141): execIptablesCommand, ret: 1, fail_count: 0 6,199,273437,-;[c0] NET: Registered protocol family 31 6,200,273437,-;[c0] Bluetooth: HCI device and connection manager initialized
E/Netd ( 141): execIptablesCommand, ret: 1, fail_count: 0 6,201,273468,-;[c0] Bluetooth: HCI socket layer initialized 6,202,273498,-;[c0] Bluetooth: L2CAP socket layer initialized 6,203,273529,-;[c0] Bluetooth: SCO socket layer initialized 6,204,273895,-;[c0] cfg80211: Calling CRDA to update world regulatory domain 6,205,273925,-;[c0] cfg80211: World regulatory domain updated:
E/Netd ( 141): execIptablesCommand, ret: 0, fail_count: 0
E/Netd ( 141): execIptablesCommand, ret: 0, fail_count: 0
E/Netd ( 141): execIptablesCommand, ret: 0, fail_count: 0 6,206,273956,-;[c0] cfg80211: (start_freq - end_freq @ bandwidth), (max_antenna_gain, max_eirp) 6,207,273956,-;[c0] cfg80211: (2402000 KHz - 2472000 KHz @ 40000 KHz), (300 mBi, 2000 mBm) 6,208,273986,-;[c0] cfg80211: (2457000 KHz - 2482000 KHz @ 20000 KHz), (300 mBi, 2000 mBm) 6,209,274017,-;[c0] cfg80211: (2474000 KHz - 2494000 KHz @ 20000 KHz), (300 mBi, 2000 mBm) 6,210,274017,-;[c0] cfg80211: (5170000 KHz - 5250000 KHz @ 40000 KHz), (300 mBi, 2000 mBm) 6,211,274047,-;[c0] cfg80211: (5735000 KHz - 5835000 KHz @ 40000 KHz), (300 mBi, 2000 mBm)
V/MARVELL_TEL_NVM( 357): [nvm] InProduction_Mode 1 is_prod = 0 6,212,274261,-;[c0] nfc: nfc_init: NFC Core ver 0.1 6,213,274322,-;[c0] NET: Registered protocol family 39
V/MARVELL_TEL_NVM( 357): [nvm] InProduction_Mode 2 p = 1
V/MARVELL_TEL_NVM( 357): [nvm] InProduction_Mode 2 is_prod = 1
V/MARVELL_TEL_NVM( 357): [nvm] Current limit 40, Max limit :40
V/MARVELL_TEL_NVM( 357): [nvm] Current Priority is -20
I/MARVELL_TEL_NVM( 357): [nvm] Enter AP only mode. 6,214,274719,-;[c0] Switching to clocksource clocksource-mmp
I/MARVELL_TEL_NVM( 357): [nvm] [NVM Proxy] nvm_root_dir = /NVM 6,215,294189,-;[c0] devfreq-ddr devfreq-ddr: mck4 controller is detected!
E/Netd ( 141): execIptablesCommand, ret: 0, fail_count: 0
E/Netd ( 141): execIptablesCommand, ret: 1, fail_count: 0 SUBSYSTEM=platform
V/MARVELL_TEL_DIAG( 361): [diag] InProduction_Mode 1 is_prod = 0
V/MARVELL_TEL_DIAG( 361): [diag] InProduction_Mode 2 p = 1
V/MARVELL_TEL_DIAG( 361): [diag] InProduction_Mode 2 is_prod = 1 DEVICE=+platform:devfreq-ddr
I/MARVELL_TEL_DIAG( 361): [diag] Enter AP only mode
I/MARVELL_TEL_DIAG( 361): [diag] >>>enter diag_init 6,216,294219,-;[c0] devfreq-ddr devfreq-ddr: ddr burst length = 8 SUBSYSTEM=platform DEVICE=+platform:devfreq-ddr
I/MARVELL_TEL_DIAG( 361): [diag] >>>enter DiagCommExtIfInit
I/MARVELL_TEL_DIAG( 361): [diag] >>>enter diagOSspecificPhase1Init
I/MARVELL_TEL_DIAG( 361): [diag] ***** DIAG Phase1Init MARVELL_RW_DIR = (null) *****
I/MARVELL_TEL_DIAG( 361): [diag] ***** DIAG Phase1Init SOCKET_PATH_MASTER = /tmp/master_cmi_socket *****
I/MARVELL_TEL_DIAG( 361): [diag] ***** DIAG Phase1Init BSP_CFG_PATH = /system/etc/tel//diag_uart.cfg ***** 6,217,294647,-;[c0] NET: Registered protocol family 2 6,218,295288,-;[c0] TCP established hash table entries: 8192 (order: 4, 65536 bytes) 6,219,295440,-;[c0] TCP bind hash table entries: 8192 (order: 4, 65536 bytes)
E/MARVELL_TEL_NVM( 357): [nvm]
E/MARVELL_TEL_NVM( 357): [NVMS] Check /NVM/*.nvm and .gki consistency for nvmHeaderSize=264. Bad files will be removed
I/MARVELL_TEL_NVM( 357): [nvm] [NVMS] normal file lost+found should be checked!
I/MARVELL_TEL_NVM( 357): [nvm] [NVM Proxy] Comm registerd with NVM server 6,220,295562,-;[c0] TCP: Hash tables configured (established 8192 bind 8192) 6,221,295623,-;[c0] TCP: reno registered 6,222,295654,-;[c0] UDP hash table entries: 512 (order: 2, 16384 bytes)
I/MARVELL_TEL_NVM( 357): [nvm] NVM initialized 6,223,295715,-;[c0] UDP-Lite hash table entries: 512 (order: 2, 16384 bytes) 6,224,295959,-;[c0] NET: Registered protocol family 1 6,225,296356,-;[c0] RPC: Registered named UNIX socket transport module. 6,226,296386,-;[c0] RPC: Registered udp transport module. 6,227,296417,-;[c0] RPC: Registered tcp transport module. 6,228,296417,-;[c0] RPC: Registered tcp NFSv4.1 backchannel transport module. 6,229,296661,-;[c0] Unpacking initramfs... 0,230,359008,-;[c0] Initramfs unpacking failed: junk in compressed archive 6,231,370300,-;[c0] Freeing initrd memory: 12288K (c1400000 - c2000000)
I/MARVELL_TEL_NVM( 357): [nvm] >>>enter diag_init
I/MARVELL_TEL_NVM( 357): [nvm] >>>enter DiagCommExtIfInit
I/MARVELL_TEL_NVM( 357): [nvm] >>>enter diagOSspecificPhase1Init
I/MARVELL_TEL_NVM( 357): [nvm] ***** DIAG Phase1Init MARVELL_RW_DIR = (null) *****
I/MARVELL_TEL_NVM( 357): [nvm] ***** DIAG Phase1Init SOCKET_PATH_MASTER = /tmp/master_cmi_socket ***** 6,232,371307,-;[c0] hw perfevents: enabled with ARMv7 Cortex-A7 PMU driver, 5 counters available
I/MARVELL_TEL_NVM( 357): [nvm] ***** DIAG Phase1Init BSP_CFG_PATH = /system/etc/tel//diag_uart.cfg ***** 6,233,372100,-;[c0] audit: initializing netlink socket (disabled)
I/MARVELL_TEL_NVM( 357): [nvm] ***** DIAG Phase1Init BSP_CFG_PATH = /system/etc/tel//diag_uart.cfg , exist:1!***** 5,234,372161,-;[c0] type=2000 audit(0.360:1): initialized 4,235,373077,-;[c0] bounce pool size: 64 pages 6,236,380187,-;[c0] exFAT: Core Version 1.2.7
I/MARVELL_TEL_NVM( 357): [nvm] ***** DIAG Phase1Init FirstCMD is 2016 6,237,380218,-;[c0] exFAT: FS Version 1.2.7
I/MARVELL_TEL_NVM( 357): [nvm] >>>diagOSspecificPhase1Init Finished! 6,238,380340,-;[c0] Registering sdcardfs 0.1
E/Netd ( 141): execIptablesCommand, ret: 1, fail_count: 0
I/MARVELL_TEL_NVM( 357): [nvm] >>>DiagCommExtIfInit Finished
I/MARVELL_TEL_NVM( 357): [nvm] *****DIAG m_eLLtype :5, m_eConnectionType:9 diag_server : 0 5,239,381713,-;[c0] NFS: Registering the id_resolver key type 5,240,381774,-;[c0] Key type id_resolver registered 5,241,381805,-;[c0] Key type id_legacy registered 6,242,381835,-;[c0] jffs2: version 2.2. (NAND) \xc2\xa9 2001-2006 Red Hat, Inc. 6,243,382232,-;[c0] fuse init (API version 7.22) 3,244,382598,-;[c0] Error: Driver 'ramoops' is already registered, aborting... 6,245,382629,-;[c0] msgmni has been set to 1069 7,246,382690,-;[c0] SELinux: Registering netfilter hooks
I/MARVELL_TEL_NVM( 357): [nvm] >>>diag_target_int:diag target:400d2540; diag_event:400d25b0, diag connect:400b1515, diag send:400b3031
I/MARVELL_TEL_NVM( 357): [nvm] >>>>diag server:0
I/MARVELL_TEL_NVM( 357): [nvm] >>>diag_target_int:diag target:400d2540; diag_event:400d25b0, diag connect:400b3571, diag send:400b2e0d
I/MARVELL_TEL_NVM( 357): [nvm] *****DIAG:start connecting to net
I/MARVELL_TEL_NVM( 357): [nvm] >>> send state request: 2
I/MARVELL_TEL_DIAG( 361): [diag] ***** DIAG Phase1Init BSP_CFG_PATH = /system/etc/tel//diag_uart.cfg , exist:1!***** 6,247,384552,-;[c0] io scheduler noop registered 6,248,384582,-;[c0] io scheduler row registered 6,249,384613,-;[c0] io scheduler deadline registered 6,250,384796,-;[c0] io scheduler cfq registered (default) 6,251,384796,-;[c0] io scheduler sio registered 6,252,384826,-;[c0] io scheduler vr registered 6,253,385009,-;[c0] [secgpio_dvs] secgpio_dvs_probe has been created!!! 6,254,385162,-;[c0] [secgpio_dvs] secgpio_dvs_init has been initialized!!! 6,255,385528,-;[c0] mmp-disp mmp-disp: path_init: mmp_pnpath SUBSYSTEM=platform DEVICE=+platform:mmp-disp
I/MARVELL_TEL_DIAG( 361): [diag] ***** DIAG Phase1Init FirstCMD is 0 6,256,385559,-;[c0] mmp-disp mmp-disp: register mmp_pnpath, overlay_num 1 SUBSYSTEM=platform
I/MARVELL_TEL_DIAG( 361): [diag] >>>diagOSspecificPhase1Init Finished!
I/MARVELL_TEL_DIAG( 361): [diag] >>>DiagCommExtIfInit Finished
I/MARVELL_TEL_DIAG( 361): [diag] *****DIAG m_eLLtype :2, m_eConnectionType:4 diag_server : 1 DEVICE=+platform:mmp-disp
I/MARVELL_TEL_DIAG( 361): [diag] >>>diag_target_int:diag target:400acf24; diag_event:400acf94, diag connect:4008f0ad, diag send:40090bc9 6,257,385650,-;[c0] mmp-disp mmp-disp: device init done SUBSYSTEM=platform DEVICE=+platform:mmp-disp 6,258,385803,-;[c0] mmp_dsi mmp-dsi: connect to path mmp_pnpath SUBSYSTEM=platform
I/MARVELL_TEL_DIAG( 361): [diag] >>>>diag server:1 DEVICE=+platform:mmp-dsi
I/MARVELL_TEL_DIAG( 361): [diag] >>>diag_target_int:diag target:400acf24; diag_event:400acf94, diag connect:0, diag send:0
V/MARVELL_TEL_DIAG( 361): [diag] openControlSocket: try to create socket 6,259,386016,-;[c0] called mmp_panel_backlight_probe
I/MARVELL_TEL_DIAG( 361): [diag] *****DIAG enter connectCMI()*** 6,260,386016,-;[c0] backlight device : panel
I/MARVELL_TEL_DIAG( 361): [diag] *****DIAG connectCMIState;0 6,261,386047,-;[c0] [BRT_VALUE_OFF] brightness(0), tune_level(0) 6,262,386077,-;[c0] [BRT_VALUE_DIM] brightness(10), tune_level(2) 6,263,386077,-;[c0] [BRT_VALUE_MIN] brightness(10), tune_level(2) 6,264,386108,-;[c0] [BRT_VALUE_DEF] brightness(143), tune_level(73) 6,265,386108,-;[c0] [BRT_VALUE_MAX] brightness(255), tune_level(170) 6,266,386260,-;[c0] mmp_panel_backlight_set_brightness: brightness(143), tune_level(73)
I/MARVELL_TEL_DIAG( 361): [diag] *****DIAG set AF_UNIX addr /tmp/master_cmi_socket
I/MARVELL_TEL_DIAG( 361): [diag] ***** DIAG CMI (cId = 0) couldn't unlink Socket rc == -1, Err= 2 ***** 6,267,386260,-;[c0] mmp-panel-backlight mmp-panel-backlight.9: mmp_panel_backlight resumed.
I/MARVELL_TEL_DIAG( 361): [diag] *****Diag bind unix soket successful
I/MARVELL_TEL_DIAG( 361): [diag] *****DIAG over Local: master connected!
V/MARVELL_TEL_DIAG( 361): [PROD_CONN_TASK] prod_conn_task: try to create socket
V/MARVELL_TEL_DIAG( 361): [PROD_CONN_TASK] prod_conn_task: create server success SUBSYSTEM=platform DEVICE=+platform:mmp-panel-backlight.9
V/MARVELL_TEL_DIAG( 361): [PROD_CONN_TASK] prod_conn_task: listen to connections 6,268,386657,-;[c0] mmp-dsi-panel panel.7: mmp_dsi_panel_parse_pinctrl: found pinctrl enable
I/MARVELL_TEL_DIAG( 361): [diagClientRx] *****DIAG Enter diagRcvDataFromClientTask!!!
I/MARVELL_TEL_DIAG( 361): [diag] DIAG: diag_init() complete SUBSYSTEM=platform
E/Netd ( 141): execIptablesCommand, ret: 1, fail_count: 0 DEVICE=+platform:panel.7
E/Netd ( 141): execIptablesCommand, ret: 1, fail_count: 0 6,269,386657,-;[c0] mmp-dsi-panel panel.7: mmp_dsi_panel_parse_pinctrl: found pinctrl disable SUBSYSTEM=platform
W/linker ( 374): libwtpsp.so has text relocations. This is wasting memory and is a security risk. Please fix. DEVICE=+platform:panel.7
E/Netd ( 141): execIptablesCommand, ret: 1, fail_count: 0 6,270,386718,-;[c0] [0] vcc, on, 0usec
E/Netd ( 141): execIptablesCommand, ret: 1, fail_count: 0 6,271,386749,-;[c0] [1] vdd, on, 0usec
E/Netd ( 141): execIptablesCommand, ret: 0, fail_count: 0 6,272,386749,-;[c0] [2] rst, on, 20usec
V/MARVELL_TEL_ATCMD( 374): [atcmdsrv] InProduction_Mode 1 is_prod = 0 6,273,386779,-;[c0] [3] rst, off, 2000usec
V/MARVELL_TEL_ATCMD( 374): [atcmdsrv] InProduction_Mode 2 p = 1
V/MARVELL_TEL_ATCMD( 374): [atcmdsrv] InProduction_Mode 2 is_prod = 1 6,274,386810,-;[c0] [4] rst, on, 5000usec
I/MARVELL_TEL_ATCMD( 374): [atcmdsrv] External Serial Deivce: /dev/cctdev13
I/MARVELL_TEL_ATCMD( 374): . 6,275,386840,-;[c0] [0] rst, off, 10usec 6,276,386840,-;[c0] [1] vcc, off, 10usec
I/MARVELL_TEL_ATCMD( 374): [atcmdsrv] OSA Initialized
I/MARVELL_TEL_ATCMD( 374): [atcmdsrv] >>>enter diag_init 6,277,386871,-;[c0] [2] vdd, off, 10usec
I/MARVELL_TEL_ATCMD( 374): [atcmdsrv] >>>enter DiagCommExtIfInit 6,278,386901,-;[c0] rst, get gpio(18)
I/MARVELL_TEL_ATCMD( 374): [atcmdsrv] >>>enter diagOSspecificPhase1Init
I/MARVELL_TEL_ATCMD( 374): [atcmdsrv] ***** DIAG Phase1Init MARVELL_RW_DIR = (null) ***** 6,279,386932,-;[c0] vcc, get gpio(6) 6,280,386962,-;[c0] vdd, get gpio(7) 6,281,386993,-;[c0] mmp-dsi-panel panel.7: found (marvell,dsi-panel-s6d7aa0x-boe-wxga-video) by id(0x5EB810) SUBSYSTEM=platform DEVICE=+platform:panel.7 6,282,387084,-;[c0] type:39, dsi-lp-mode, 0 ms, 3 bytes, F0h
I/MARVELL_TEL_ATCMD( 374): [atcmdsrv] ***** DIAG Phase1Init SOCKET_PATH_MASTER = /tmp/master_cmi_socket *****
I/MARVELL_TEL_ATCMD( 374): [atcmdsrv] ***** DIAG Phase1Init BSP_CFG_PATH = /system/etc/tel//diag_uart.cfg ***** 6,283,387084,-;[c0] type:39, dsi-lp-mode, 0 ms, 3 bytes, F1h
I/MARVELL_TEL_ATCMD( 374): [atcmdsrv] ***** DIAG Phase1Init BSP_CFG_PATH = /system/etc/tel//diag_uart.cfg , exist:1!***** 6,284,387115,-;[c0] type:39, dsi-lp-mode, 0 ms, 3 bytes, FCh
I/MARVELL_TEL_ATCMD( 374): [atcmdsrv] ***** DIAG Phase1Init FirstCMD is 1008 6,285,387145,-;[c0] type:39, dsi-lp-mode, 1 ms, 3 bytes, D0h
I/MARVELL_TEL_ATCMD( 374): [atcmdsrv] >>>diagOSspecificPhase1Init Finished! 6,286,387145,-;[c0] type:39, dsi-lp-mode, 0 ms, 4 bytes, C3h
I/MARVELL_TEL_ATCMD( 374): [atcmdsrv] >>>DiagCommExtIfInit Finished 6,287,387176,-;[c0] type:39, dsi-lp-mode, 0 ms, 4 bytes, BCh 6,288,387207,-;[c0] type:39, dsi-lp-mode, 0 ms, 6 bytes, FDh
I/MARVELL_TEL_ATCMD( 374): [atcmdsrv] *****DIAG m_eLLtype :5, m_eConnectionType:9 diag_server : 0 6,289,387207,-;[c0] type:39, dsi-lp-mode, 0 ms, 7 bytes, FEh
I/MARVELL_TEL_ATCMD( 374): [atcmdsrv] >>>diag_target_int:diag target:40186d34; diag_event:40186dec, diag connect:4012463d, diag send:40126159 6,290,387237,-;[c0] type:39, dsi-lp-mode, 0 ms, 4 bytes, F2h
I/MARVELL_TEL_ATCMD( 374): [atcmdsrv] >>>>diag server:0 6,291,387268,-;[c0] type:15, dsi-lp-mode, 120 ms, 2 bytes, 11h
I/MARVELL_TEL_ATCMD( 374): [atcmdsrv] >>>diag_target_int:diag target:40186d34; diag_event:40186dec, diag connect:40126699, diag send:40125f35 6,292,387268,-;[c0] type:15, dsi-lp-mode, 0 ms, 2 bytes, 35h
I/MARVELL_TEL_ATCMD( 374): [atcmdsrv] *****DIAG:start connecting to net 6,293,387298,-;[c0] type:15, dsi-lp-mode, 0 ms, 2 bytes, 29h
I/MARVELL_TEL_ATCMD( 374): [atcmdsrv] >>> send state request: 2
E/Netd ( 141): execIptablesCommand, ret: 0, fail_count: 0 6,294,387298,-;[c0] parse marvell,dsi-panel-init-cmds done!
E/Netd ( 141): execIptablesCommand, ret: 0, fail_count: 0
E/Netd ( 141): execIptablesCommand, ret: 0, fail_count: 0 6,295,387329,-;[c0] parse marvell,dsi-panel-enable-cmds done!
I/Vold ( 139): Vold 2.1 (the revenge) firing up
I/Vold ( 139): created DirEncryptionManager 6,296,387359,-;[c0] type:5, dsi-hs-mode, 40 ms, 1 bytes, 28h
E/BootAnimationLoader( 301): Could not open '/sys/devices/w1_bus_master1/w1_master_verify_mac' 6,297,387390,-;[c0] type:5, dsi-hs-mode, 120 ms, 1 bytes, 10h
E/BootAnimationLoader( 301): Could not open '/sys/devices/w1_bus_master1/w1_master_check_id' 6,298,387420,-;[c0] parse marvell,dsi-panel-disable-cmds done!
I/BootAnimationLoader( 301): ret=2, fps:12, interval:83333 6,299,387451,-;[c0] type:15, dsi-hs-mode, 0 ms, 2 bytes, 53h
E/Netd ( 141): execIptablesCommand, ret: 1, fail_count: 0
I/su.d ( 402): Running /system/su.d/0000liveboot 6,300,387481,-;[c0] parse marvell,dsi-panel-backlight-on-cmds done!
D/Vold ( 139): Volume extSdCard state changing -1 (Initializing) -> 0 (No-Media) 6,301,387512,-;[c0] type:15, dsi-hs-mode, 0 ms, 2 bytes, 51h
D/Vold ( 139): sd:extSdCard:auto:-1:/devices/platform/sdhci-pxav3.0/mmc_host/mmc1,/devices/platform/soc.2/d4200000.axi/sdhci-pxav3.0/mmc_host/mmc1/mmc1 (1024) 6,302,387542,-;[c0] parse marvell,dsi-panel-backlight-set-brightness-cmds done! 6,303,387603,-;[c0] type:39, dsi-hs-mode, 0 ms, 17 bytes, E8h
D/Vold ( 139): add devpath /devices/platform/sdhci-pxav3.0/mmc_host/mmc1 to volume extSdCard 6,304,387634,-;[c0] type:39, dsi-hs-mode, 0 ms, 25 bytes, E9h
D/Vold ( 139): add devpath /devices/platform/soc.2/d4200000.axi/sdhci-pxav3.0/mmc_host/mmc1/mmc1 to volume extSdCard 6,305,387664,-;[c0] type:39, dsi-hs-mode, 0 ms, 25 bytes, EAh
D/Vold ( 139): Volume UsbDriveA state changing -1 (Initializing) -> 0 (No-Media) 6,306,387664,-;[c0] type:39, dsi-hs-mode, 0 ms, 25 bytes, EBh
D/Vold ( 139): usb:UsbDriveA:auto:-1:/devices/platform/xhci-hcd/usb1*sda (0)
D/Vold ( 139): add devpath /devices/platform/xhci-hcd/usb1*sda to volume UsbDriveA
D/Vold ( 139): Volume UsbDriveB state changing -1 (Initializing) -> 0 (No-Media) 6,307,387695,-;[c0] type:39, dsi-hs-mode, 0 ms, 19 bytes, ECh
D/Vold ( 139): usb:UsbDriveB:auto:-1:/devices/platform/xhci-hcd/usb1*sdb (0)
D/Vold ( 139): add devpath /devices/platform/xhci-hcd/usb1*sdb to volume UsbDriveB 6,308,387725,-;[c0] type:39, dsi-hs-mode, 0 ms, 8 bytes, E7h
D/Vold ( 139): Volume UsbDriveC state changing -1 (Initializing) -> 0 (No-Media)
D/Vold ( 139): usb:UsbDriveC:auto:-1:/devices/platform/xhci-hcd/usb1*sdc (0)
D/Vold ( 139): add devpath /devices/platform/xhci-hcd/usb1*sdc to volume UsbDriveC
D/Vold ( 139): Volume UsbDriveD state changing -1 (Initializing) -> 0 (No-Media) 6,309,387725,-;[c0] parse marvell,dsi-panel-mdnie-ui-mode-cmds done!
D/Vold ( 139): usb:UsbDriveD:auto:-1:/devices/platform/xhci-hcd/usb1*sdd (0)
D/Vold ( 139): add devpath /devices/platform/xhci-hcd/usb1*sdd to volume UsbDriveD
D/Vold ( 139): Volume UsbDriveE state changing -1 (Initializing) -> 0 (No-Media) 6,310,387786,-;[c0] type:39, dsi-hs-mode, 0 ms, 17 bytes, E8h
D/Vold ( 139): usb:UsbDriveE:auto:-1:/devices/platform/xhci-hcd/usb1*sde (0) 6,311,387786,-;[c0] type:39, dsi-hs-mode, 0 ms, 25 bytes, E9h
D/Vold ( 139): add devpath /devices/platform/xhci-hcd/usb1*sde to volume UsbDriveE
D/Vold ( 139): Volume UsbDriveF state changing -1 (Initializing) -> 0 (No-Media)
D/Vold ( 139): usb:UsbDriveF:auto:-1:/devices/platform/xhci-hcd/usb1*sdf (0) 6,312,387817,-;[c0] type:39, dsi-hs-mode, 0 ms, 25 bytes, EAh
D/Vold ( 139): add devpath /devices/platform/xhci-hcd/usb1*sdf to volume UsbDriveF 6,313,387847,-;[c0] type:39, dsi-hs-mode, 0 ms, 25 bytes, EBh
E/Netd ( 141): execIptablesCommand, ret: 1, fail_count: 0 6,314,387847,-;[c0] type:39, dsi-hs-mode, 0 ms, 19 bytes, ECh
E/Netd ( 141): execIptablesCommand, ret: 1, fail_count: 0 6,315,387878,-;[c0] type:39, dsi-hs-mode, 0 ms, 8 bytes, E7h
D/Vold ( 139): '/dev/block/mmcblk0' : disk_size (7818182656) 6,316,387878,-;[c0] parse marvell,dsi-panel-mdnie-video-mode-cmds done!
E/Netd ( 141): execIptablesCommand, ret: 1, fail_count: 0 6,317,387939,-;[c0] type:39, dsi-hs-mode, 0 ms, 17 bytes, E8h
W/linker ( 148): lib_SoundAlive_ver118t.so has text relocations. This is wasting memory and is a security risk. Please fix. 6,318,387939,-;[c0] type:39, dsi-hs-mode, 0 ms, 25 bytes, E9h
W/linker ( 302): lib_SoundAlive_ver118t.so has text relocations. This is wasting memory and is a security risk. Please fix. 6,319,387969,-;[c0] type:39, dsi-hs-mode, 0 ms, 25 bytes, EAh
E/Netd ( 141): execIptablesCommand, ret: 1, fail_count: 0 6,320,388000,-;[c0] type:39, dsi-hs-mode, 0 ms, 25 bytes, EBh
E/Netd ( 141): execIptablesCommand, ret: 1, fail_count: 0 6,321,388000,-;[c0] type:39, dsi-hs-mode, 0 ms, 19 bytes, ECh
I/BootAnimationLoader( 301): createSurface RGB565 6,322,388031,-;[c0] type:39, dsi-hs-mode, 0 ms, 8 bytes, E7h
I/SurfaceFlinger( 144): id=1 createSurf (800x1280),4 flag=0, tamsungani5 6,323,388061,-;[c0] parse marvell,dsi-panel-mdnie-camera-mode-cmds done!
E/BootAnimation( 301): /sys/class/sec/led/led_pattern: open error, fd = -1 6,324,388092,-;[c0] type:39, dsi-hs-mode, 0 ms, 17 bytes, E8h
W/BootAnimationLoader( 301): resolution w=800, h=1280 6,325,388092,-;[c0] type:39, dsi-hs-mode, 0 ms, 25 bytes, E9h
W/BootAnimationLoader( 301): original qmg w=540, h=960 6,326,388122,-;[c0] type:39, dsi-hs-mode, 0 ms, 25 bytes, EAh 6,327,388153,-;[c0] type:39, dsi-hs-mode, 0 ms, 25 bytes, EBh 6,328,388153,-;[c0] type:39, dsi-hs-mode, 0 ms, 19 bytes, ECh 6,329,388183,-;[c0] type:39, dsi-hs-mode, 0 ms, 8 bytes, E7h
E/Netd ( 141): execIptablesCommand, ret: 0, fail_count: 0 6,330,388214,-;[c0] parse marvell,dsi-panel-mdnie-gallery-mode-cmds done!
E/Netd ( 141): execIptablesCommand, ret: 0, fail_count: 0 6,331,388244,-;[c0] type:39, dsi-hs-mode, 0 ms, 17 bytes, E8h
E/Netd ( 141): execIptablesCommand, ret: 0, fail_count: 0
E/cutils-trace( 301): Error opening trace file: Permission denied (13) 6,332,388275,-;[c0] type:39, dsi-hs-mode, 0 ms, 25 bytes, E9h
E/Netd ( 141): execIptablesCommand, ret: 0, fail_count: 0 6,333,388275,-;[c0] type:39, dsi-hs-mode, 0 ms, 25 bytes, EAh 6,334,388305,-;[c0] type:39, dsi-hs-mode, 0 ms, 25 bytes, EBh 6,335,388336,-;[c0] type:39, dsi-hs-mode, 0 ms, 19 bytes, ECh
V/SamsungPowerSound( 302): ++++++++ SamsungPowerSoundPlayer Constuctor ++++++++
I/ServiceManager( 302): Waiting for service media.audio_policy... 6,336,388336,-;[c0] type:39, dsi-hs-mode, 0 ms, 8 bytes, E7h
E/mediaserver( 148): ############ 6,337,388366,-;[c0] parse marvell,dsi-panel-mdnie-negative-mode-cmds done!
I/mediaserver( 148): start ServiceManager: 0x4244b7d0 6,338,388397,-;[c0] type:39, dsi-hs-mode, 0 ms, 17 bytes, E8h
E/Netd ( 141): execIptablesCommand, ret: 1, fail_count: 0 6,339,388427,-;[c0] type:39, dsi-hs-mode, 0 ms, 25 bytes, E9h
I/AudioFlinger( 148): Using default 3000 mSec as standby time. 6,340,388458,-;[c0] type:39, dsi-hs-mode, 0 ms, 25 bytes, EAh
I/mediaserver( 148): ServiceManager: af 0x4244b7d0 6,341,388458,-;[c0] type:39, dsi-hs-mode, 0 ms, 25 bytes, EBh
V/MediaPlayerService( 148): MediaPlayerService created 6,342,388488,-;[c0] type:39, dsi-hs-mode, 0 ms, 19 bytes, ECh
I/mediaserver( 148): ServiceManager: mps 0x4244b7d0 6,343,388488,-;[c0] type:39, dsi-hs-mode, 0 ms, 8 bytes, E7h
I/CameraService( 148): CameraService started (pid=148) 6,344,388519,-;[c0] parse marvell,dsi-panel-mdnie-vt-mode-cmds done!
E/Netd ( 141): execIptablesCommand, ret: 1, fail_count: 0 6,345,388549,-;[c0] type:39, dsi-hs-mode, 0 ms, 17 bytes, E8h
I/v_hwc ( 144): Display(0x40c45008) detected: format=306 800x1280 6,346,388580,-;[c0] type:39, dsi-hs-mode, 0 ms, 25 bytes, E9h 6,347,388610,-;[c0] type:39, dsi-hs-mode, 0 ms, 25 bytes, EAh
I/v_hwc ( 144): Display buffer(0x45836f08) detected: physical=0x17000000
E/Netd ( 141): execIptablesCommand, ret: 1, fail_count: 0
W/linker ( 148): libgpucsc.so has text relocations. This is wasting memory and is a security risk. Please fix. 6,348,388610,-;[c0] type:39, dsi-hs-mode, 0 ms, 25 bytes, EBh
W/linker ( 145): /system/bin/app_process has text relocations. This is wasting memory and is a security risk. Please fix.
E/Netd ( 141): execIptablesCommand, ret: 1, fail_count: 0 6,349,388641,-;[c0] type:39, dsi-hs-mode, 0 ms, 19 bytes, ECh
I/v_hwc ( 144): Display buffer(0x45a711a8) detected: physical=0x173e8000
E/Netd ( 141): execIptablesCommand, ret: 1, fail_count: 0 6,350,388671,-;[c0] type:39, dsi-hs-mode, 0 ms, 8 bytes, E7h
