I/CameraService( 148): Loaded "MRVL CameraHal Module" camera module
D/CameraHardwareBase( 148): HAL_getNumberOfCameras: number of camera - 2
I/mediaserver( 148): ServiceManager: cm 0x4244b7d0 6,351,388671,-;[c0] parse marvell,dsi-panel-mdnie-browser-mode-cmds done!
V/audio_policy_mrvl( 148): ===create_mrvl_ap === 6,352,388732,-;[c0] type:39, dsi-hs-mode, 0 ms, 17 bytes, E8h
I/audio_policy_mrvl( 148): Marvell audio policy module initialization 6,353,388732,-;[c0] type:39, dsi-hs-mode, 0 ms, 25 bytes, E9h
E/Netd ( 141): execIptablesCommand, ret: 1, fail_count: 0
E/Netd ( 141): execIptablesCommand, ret: 0, fail_count: 0 6,354,388763,-;[c0] type:39, dsi-hs-mode, 0 ms, 25 bytes, EAh
I/acm_record_mode( 148): is_gssp_record_mode_support: Open /sys/devices/platform/sound/gssp_record 6,355,388793,-;[c0] type:39, dsi-hs-mode, 0 ms, 25 bytes, EBh
V/acm_record_mode( 148): is_gssp_record_mode_support: rec_mode = 0, gssp record mode is not supported! 6,356,388793,-;[c0] type:39, dsi-hs-mode, 0 ms, 19 bytes, ECh
I/audio_policy_mrvl( 148): mrvl_ap->is_pcm_record = 0
D/audio_policy_mrvl( 148): load_audio_hw_modules: Enter 6,357,388824,-;[c0] type:39, dsi-hs-mode, 0 ms, 8 bytes, E7h
D/audio_policy_mrvl( 148): load_audio_policy_config: Enter 6,358,388854,-;[c0] parse marvell,dsi-panel-mdnie-ebook-mode-cmds done!
E/audio_policy_mrvl( 148): load_audio_policy_config: No such file /vendor/etc/audio_policy.conf, Exit 6,359,388885,-;[c0] type:39, dsi-hs-mode, 0 ms, 17 bytes, E8h
D/audio_policy_mrvl( 148): load_audio_policy_config: Enter 6,360,388916,-;[c0] type:39, dsi-hs-mode, 0 ms, 25 bytes, E9h
V/audio_policy_mrvl( 148): load_hw_modules : loading module primary
V/audio_policy_mrvl( 148): load_hw_modules : loading module a2dp 6,361,388916,-;[c0] type:39, dsi-hs-mode, 0 ms, 25 bytes, EAh
V/audio_policy_mrvl( 148): load_hw_modules : loading module r_submix 6,362,388946,-;[c0] type:39, dsi-hs-mode, 0 ms, 25 bytes, EBh 6,363,388977,-;[c0] type:39, dsi-hs-mode, 0 ms, 19 bytes, ECh
I/audio_policy_mrvl( 148): load_audio_policy_config: loaded file /system/etc/audio_policy.conf 6,364,388977,-;[c0] type:39, dsi-hs-mode, 0 ms, 8 bytes, E7h
D/audio_policy_mrvl( 148): audio_hw_modules_dump: Supported Audio HW Modules List 6,365,389007,-;[c0] parse marvell,dsi-panel-mdnie-email-mode-cmds done!
D/audio_policy_mrvl( 148): audio_hw_modules_dump: Name: primary 6,366,389038,-;[c0] type:39, dsi-hs-mode, 0 ms, 17 bytes, E8h
D/audio_policy_mrvl( 148): audio_hw_modules_dump: Output Devices: 40001c7f 6,367,389068,-;[c0] type:39, dsi-hs-mode, 0 ms, 25 bytes, E9h
D/audio_policy_mrvl( 148): audio_hw_modules_dump: Input Devices: c00060ff 6,368,389099,-;[c0] type:39, dsi-hs-mode, 0 ms, 25 bytes, EAh 6,369,389099,-;[c0] type:39, dsi-hs-mode, 0 ms, 25 bytes, EBh
D/audio_policy_mrvl( 148): audio_hw_modules_dump: Name: a2dp
D/audio_policy_mrvl( 148): audio_hw_modules_dump: Output Devices: 380 6,370,389129,-;[c0] type:39, dsi-hs-mode, 0 ms, 19 bytes, ECh 6,371,389160,-;[c0] type:39, dsi-hs-mode, 0 ms, 8 bytes, E7h
D/audio_policy_mrvl( 148): audio_hw_modules_dump: Input Devices: 0 6,372,389160,-;[c0] parse marvell,dsi-panel-mdnie-color-adjustment-mode-cmds done!
D/audio_policy_mrvl( 148): audio_hw_modules_dump: Name: r_submix 6,373,389373,-;[c0] mmp_panel_attach_mdnie: tuning command reg(E6h) len(113)
D/audio_policy_mrvl( 148): audio_hw_modules_dump: Output Devices: 8000 6,374,389404,-;[c0] mmp_panel_attach_mdnie: done
D/audio_policy_mrvl( 148): audio_hw_modules_dump: Input Devices: 80000100 6,375,389434,-;[c0] mmp_panel_backlight_set_brightness: brightness(143), tune_level(73)
D/audio_policy_mrvl( 148): load_audio_policy_config: Exit 6,376,389465,-;[c0] mmp-dsi-panel panel.7: set brightness (73)
D/audio_policy_mrvl( 148): load_audio_hw_modules: Exit SUBSYSTEM=platform
E/Netd ( 141): execIptablesCommand, ret: 0, fail_count: 0 DEVICE=+platform:panel.7
W/linker ( 419): /dev/.app_process_liveboot has text relocations. This is wasting memory and is a security risk. Please fix. 6,377,389465,-;[c0] mmp-dsi-panel panel.7: connect to path mmp_pnpath
E/Netd ( 141): execIptablesCommand, ret: 0, fail_count: 0 SUBSYSTEM=platform
D/AndroidRuntime( 419): DEVICE=+platform:panel.7
D/AndroidRuntime( 419): >>>>>> AndroidRuntime START com.android.internal.os.RuntimeInit <<<<<< 6,378,389678,-;[c0] esd_init_irq: type(1), gpio(19), irq(179)
D/AndroidRuntime( 419): CheckJNI is OFF 6,379,389709,-;[c0] esd_init: type:intr
I/audio_hw_mrvl( 148): mrvl_hw_dev_open: open /sys/devices/platform/sound/ssp_master 6,380,389831,-;[c0] mmp-fb mmp-fb: path mmp_pnpath get
I/audio_hw_mrvl( 148): mrvl_hw_dev_open: open /sys/devices/platform/sound/gssp_master SUBSYSTEM=platform DEVICE=+platform:mmp-fb 6,381,390045,-;[c0] mmp-fb mmp-fb: fb phys_addr 0x17000000, virt_addr 0xf0000000, size 12000k
I/acm_record_mode( 148): is_gssp_record_mode_support: Open /sys/devices/platform/sound/gssp_record SUBSYSTEM=platform DEVICE=+platform:mmp-fb
V/acm_record_mode( 148): is_gssp_record_mode_support: rec_mode = 0, gssp record mode is not supported! 6,382,390319,-;[c0] mmp-fb mmp-fb: loaded to /dev/fb0 .
I/audio_hw_mrvl( 148): adev->is_pcm_record = 0 SUBSYSTEM=platform
E/AndroidRuntime( 419): cannot open customer xml file DEVICE=+platform:mmp-fb
D/AndroidRuntime( 419): readGMSProperty: start 3,383,390380,-;[c0] dsi_powerdomain_on no power domain
D/AndroidRuntime( 419): readGMSProperty: already setted!! 6,384,390411,-;[c0] called mmp_dsi_panel_reduced_onoff with status 1
E/Netd ( 141): execIptablesCommand, ret: 0, fail_count: 0 4,385,390472,-;[c0] mmp_dsi_panel_power: power already on state
D/AndroidRuntime( 419): readGMSProperty: end 6,386,390502,-;[c0] sec_getlog_supply_fbinfo: 0x17000000 800 1280 32 3
D/AndroidRuntime( 419): addProductProperty: start 6,387,390991,-;[c0] mmp-tdma pxa910-squ: initialized SUBSYSTEM=platform
E/Netd ( 141): execIptablesCommand, ret: 1, fail_count: 0 DEVICE=+platform:pxa910-squ
E/Netd ( 141): execIptablesCommand, ret: 1, fail_count: 0
E/Netd ( 141): execIptablesCommand, ret: 1, fail_count: 0
I/audio_hw_mrvl( 148): mrvl_hw_dev_init_check
W/audio_path_manager( 148): audio_init_check: failed to get function audio_init_check for fm. 6,388,393707,-;[c0] mmp-pdma mmp-pdma: initialized 32 channels
E/audio_path_manager( 148): get_audio_path_handler: Failed get audio path handler for hdmi SUBSYSTEM=platform
W/audio_path_manager( 148): audio_init_check: failed to get function audio_init_check for hdmi. DEVICE=+platform:mmp-pdma
E/audio_path_manager( 148): get_audio_path_handler: Failed get audio path handler for pcm 6,389,394226,-;[c0] pxa2xx-uart.1: ttyS1 at MMIO 0xd4017000 (irq = 59) is a UART2 6,390,394531,-;[c0] pxa2xx-uart pxa2xx-uart.2: no edge-wakeup-gpio defined
W/audio_path_manager( 148): audio_init_check: failed to get function audio_init_check for pcm. SUBSYSTEM=platform DEVICE=+platform:pxa2xx-uart.2
E/audio_path_manager( 148): get_audio_path_handler: Failed get audio path handler for wfd 6,391,394561,-;[c0] pxa2xx-uart.2: ttyS2 at MMIO 0xd4018000 (irq = 60) is a UART3 6,392,396484,-;[c0] pxa9xx AC-IPC initialized!
W/audio_path_manager( 148): audio_init_check: failed to get function audio_init_check for wfd. 6,393,399505,-;[c0] loop: module loaded
I/AudioFlinger( 148): loadHwModule() Loaded primary audio interface from Marvll audio HW HAL (audio) handle 1 6,394,399658,-;[c0] platform sd8x-rfkill: Driver sd8x-rfkill requests probe deferral
I/audio_hw_mrvl( 148): mrvl_hw_dev_open_output_stream: device 2 SUBSYSTEM=platform
I/audio_hw_mrvl( 148): mrvl_hw_dev_open_output_stream: out 0x4254f6e8 DEVICE=+platform:sd8x-rfkill 4,395,400024,-;[c0] mmp_gps_dt_init: of_get_named_gpio failed: -2
I/audio_hw_mrvl( 148): mrvl_hw_dev_open_output_stream: alsa_dev_name is default 6,396,400085,-;[c0] sm5502_init
I/audio_hw_mrvl( 148): stream_out_set: format 1, channels 3, sample rate 44100, devices 2 6,397,400207,-;[c0] sm5502 7-0025: probe start
E/Netd ( 141): execIptablesCommand, ret: 1, fail_count: 0 SUBSYSTEM=i2c
E/Netd ( 141): execIptablesCommand, ret: 1, fail_count: 0 DEVICE=+i2c:7-0025
I/v_hwc ( 144): Display buffer(0x462583c8) detected: physical=0x177d0000 6,398,401062,-;[c0] sm5502 7-0025: I2C Read REG[0x 1] DATA[0x 1]
E/Netd ( 141): execIptablesCommand, ret: 1, fail_count: 0 SUBSYSTEM=i2c
E/Netd ( 141): execIptablesCommand, ret: 0, fail_count: 0 DEVICE=+i2c:7-0025
E/Netd ( 141): execIptablesCommand, ret: 0, fail_count: 0 6,399,401062,-;[c0] sm5502 7-0025: PartNum : SM5502
E/Netd ( 141): execIptablesCommand, ret: 0, fail_count: 0 SUBSYSTEM=i2c
I/audio_hw_mrvl( 148): stream_out_set: period time eventually set as 23219 usec DEVICE=+i2c:7-0025
I/audio_hw_mrvl( 148): stream_out_set: buffer time eventually set as 69659 usec 6,400,401092,-;[c0] sm5502 7-0025: I2C Write REG[0x 5] DATA[0xfc]
I/audio_hw_mrvl( 148): stream_out_set: bufferSize is 3072, periodSize is 1024 SUBSYSTEM=i2c
I/wrap_soundbooster( 148): [wrap_soundbooster] CreateSoundBooster entered DEVICE=+i2c:7-0025
I/wrap_soundbooster( 148): [wrap_soundbooster] SoundBoosterInit entered 6,401,401580,-;[c0] sm5502 7-0025: I2C Write REG[0x 6] DATA[0xa1] SUBSYSTEM=i2c DEVICE=+i2c:7-0025
I/AudioFlinger( 148): HAL output buffer size 1024 frames, normal mix buffer size 1024 frames 6,402,402099,-;[c0] sm5502 7-0025: I2C Write REG[0x 8] DATA[0x 3]
E/Netd ( 141): execIptablesCommand, ret: 0, fail_count: 0 SUBSYSTEM=i2c
E/Netd ( 141): execIptablesCommand, ret: 1, fail_count: 0 DEVICE=+i2c:7-0025
E/Netd ( 141): execIptablesCommand, ret: 1, fail_count: 0 6,403,402587,-;[c0] sm5502 7-0025: I2C Write REG[0x 2] DATA[0x1e]
E/Netd ( 141): execIptablesCommand, ret: 1, fail_count: 0 SUBSYSTEM=i2c
E/Netd ( 141): execIptablesCommand, ret: 1, fail_count: 0 DEVICE=+i2c:7-0025
E/Netd ( 141): execIptablesCommand, ret: 1, fail_count: 0 6,404,403076,-;[c0] sm5502 7-0025: First Detection
E/Netd ( 141): execIptablesCommand, ret: 1, fail_count: 0 SUBSYSTEM=i2c DEVICE=+i2c:7-0025
E/Netd ( 141): execIptablesCommand, ret: 0, fail_count: 0 6,405,403717,-;[c0] sm5502 7-0025: I2C Read REG[0x a] DATA[0x 0]
E/Netd ( 141): execIptablesCommand, ret: 0, fail_count: 0 SUBSYSTEM=i2c
W/linker ( 148): lib_SoundAlive_play_ver125e.so has text relocations. This is wasting memory and is a security risk. Please fix. DEVICE=+i2c:7-0025
E/Netd ( 141): execIptablesCommand, ret: 0, fail_count: 0 6,406,404357,-;[c0] sm5502 7-0025: I2C Read REG[0x b] DATA[0x 0]
E/Netd ( 141): execIptablesCommand, ret: 0, fail_count: 0 SUBSYSTEM=i2c
E/Netd ( 141): execIptablesCommand, ret: 1, fail_count: 0 DEVICE=+i2c:7-0025
W/linker ( 148): libippsp.so has text relocations. This is wasting memory and is a security risk. Please fix. 6,407,405120,-;[c0] sm5502 7-0025: I2C Read REG[0x15] DATA[0x 0]
E/Netd ( 141): execIptablesCommand, ret: 1, fail_count: 0 SUBSYSTEM=i2c
I/ViPER4Android_v2( 148): Enter EffectGetDescriptor() DEVICE=+i2c:7-0025
I/ViPER4Android_v2( 148): EffectGetDescriptor(), uuid = 41d3c987-e6cf-11e3-a88a-11aba5d5c51b 6,408,405761,-;[c0] sm5502 7-0025: I2C Read REG[0x 7] DATA[0x1f]
W/EffectsFactory( 148): Error querying effect 4d486880-e92c-11e2-91e2-0800200c9a66 on lib pre_processing SUBSYSTEM=i2c
W/EffectsFactory( 148): Error querying effect 67b898c0-e92c-11e2-91e2-0800200c9a66 on lib pre_processing DEVICE=+i2c:7-0025 6,409,406402,-;[c0] sm5502 7-0025: I2C Read REG[0x1d] DATA[0x 0]
I/AudioMixer( 148): found effect "Multichannel Downmix To Stereo" from The Android Open Source Project SUBSYSTEM=i2c
W/AudioFlinger( 148): Scheduling Policy Service is not published, FastMixer init will be skipped DEVICE=+i2c:7-0025
I/AudioFlinger( 148): Using module 1 has the primary audio interface 6,410,406402,-;[c0] sec_charger_cb: cable type (0x00)
W/audio_path_manager( 148): get_all_output_device: failed to get function get_all_output_device for fm. 3,411,406433,-;[c0] sec_charger_cb: fail to get battery psy
E/audio_path_manager( 148): get_audio_path_handler: Failed get audio path handler for hdmi 6,412,407165,-;[c0] sm5502 7-0025: I2C Read REG[0x 3] DATA[0x 0]
W/audio_path_manager( 148): get_all_output_device: failed to get function get_all_output_device for hdmi. SUBSYSTEM=i2c
I/AudioFlinger( 148): AudioFlinger's thread 0x42c97008 ready to run DEVICE=+i2c:7-0025
E/audio_path_manager( 148): get_audio_path_handler: Failed get audio path handler for pcm 6,413,407806,-;[c0] sm5502 7-0025: I2C Read REG[0x 4] DATA[0x 0]
W/audio_path_manager( 148): get_all_output_device: failed to get function get_all_output_device for pcm. SUBSYSTEM=i2c
E/audio_path_manager( 148): get_audio_path_handler: Failed get audio path handler for wfd DEVICE=+i2c:7-0025
W/audio_path_manager( 148): get_all_output_device: failed to get function get_all_output_device for wfd. 6,414,407836,-;[c0] sm5502 7-0025: PROBE Done.
V/audio_hw_mrvl( 148): mrvl_hw_dev_get_parameters: all_output_devices is:0x3 SUBSYSTEM=i2c
W/audio_path_manager( 148): get_all_input_device: failed to get function get_all_input_device for fm. DEVICE=+i2c:7-0025
E/audio_path_manager( 148): get_audio_path_handler: Failed get audio path handler for hdmi 4,415,407897,-;[c0] i2c-core: driver [sm5502] using legacy suspend method
W/audio_path_manager( 148): get_all_input_device: failed to get function get_all_input_device for hdmi. 4,416,407897,-;[c0] i2c-core: driver [sm5502] using legacy resume method
E/audio_path_manager( 148): get_audio_path_handler: Failed get audio path handler for pcm 4,417,407958,-;[c0] i2c-core: driver [st21nfca] using legacy suspend method
W/audio_path_manager( 148): get_all_input_device: failed to get function get_all_input_device for pcm. 4,418,407989,-;[c0] i2c-core: driver [st21nfca] using legacy resume method
E/audio_path_manager( 148): get_audio_path_handler: Failed get audio path handler for wfd 6,419,408660,-;[c0] tun: Universal TUN/TAP device driver, 1.6
W/audio_path_manager( 148): get_all_input_device: failed to get function get_all_input_device for wfd. 6,420,408691,-;[c0] tun: (C) 1999-2004 Max Krasnyansky
V/audio_hw_mrvl( 148): mrvl_hw_dev_get_parameters: all_input_devices is:0x80000004 6,421,408905,-;[c0] PPP generic driver version 2.4.2
I/audio_policy_mrvl( 148): mrvl_ap_dev_init: available_output_devices is 0x3 6,422,409027,-;[c0] PPP BSD Compression module registered
I/audio_policy_mrvl( 148): mrvl_ap_dev_init: available_input_devices is 0x4 6,423,409027,-;[c0] PPP Deflate Compression module registered
E/Audio_Control_CSC( 148): /system/csc/sales_code.dat ==> cannot open file 6,424,409057,-;[c0] PPP MPPE Compression module registered
W/AudioFlinger( 148): Thread AudioOut_2 cannot connect to the power manager service 6,425,409088,-;[c0] NET: Registered protocol family 24
E/audio_policy_mrvl( 148): CreateVolumeCustomizer 6,426,409210,-;[c0] pxa-coda7542 d420d000.coda7542: [1] internal addr[0xe9e00000],addr[0x29e00000] size[1048576]
W/VolumeCustomizer( 148): createVolumeTable device=0 SUBSYSTEM=platform
I/audio_hw_mrvl( 148): out_standby/748:out 0x4254f6e8 DEVICE=+platform:d420d000.coda7542
I/audio_hw_mrvl( 148): hardware output set_standby 6,427,409210,-;[c0] pxa-coda7542 d420d000.coda7542: [2] addr[0xd1004000] size[71168]
D/AudioHIFIPath( 148): set_standby: mOutputDevice:0x0
D/AudioHIFIPath( 148): disable, device:0x0 SUBSYSTEM=platform
I/audio_hw_mrvl( 148): set voip standby if it's normal state, and not voip stream DEVICE=+platform:d420d000.coda7542
I/audio_hw_mrvl( 148): set vt standby if it's normal state, and not vt stream 6,428,409606,-;[c0] ehci_hcd: USB 2.0 'Enhanced' Host Controller (EHCI) Driver
I/VolumeCustomizer( 148): volume tuning file already exist. txt ->> update table 6,429,409912,-;[c0] usbcore: registered new interface driver usbserial
E/Netd ( 141): execIptablesCommand, ret: 1, fail_count: 0 6,430,409973,-;[c0] No PHY revision found, use the default setting!
I/VolumeCustomizer( 148): streamPrefix end 6,431,410552,-;usb phy deinit! 6,432,410797,-;[c0] mv-udc mv-udc: successful probe UDC device with clock gating.
W/VolumeCustomizer( 148): createVolumeTable device=1 SUBSYSTEM=platform
I/VolumeCustomizer( 148): volume tuning file already exist. txt ->> update table DEVICE=+platform:mv-udc 6,433,411102,-;[c0] mousedev: PS/2 mouse device common for all mice 6,434,411254,-;[c0] [TSP] bt532_power_control, 2
I/VolumeCustomizer( 148): streamPrefix end 6,435,455413,-;[c0] bt532_ts_device 1-0020: bt532_power_sequence: chip code = 0xf400
W/VolumeCustomizer( 148): createVolumeTable device=2
I/VolumeCustomizer( 148): volume tuning file already exist. txt ->> update table SUBSYSTEM=i2c
I/VolumeCustomizer( 148): streamPrefix end DEVICE=+i2c:1-0020
W/VolumeCustomizer( 148): createVolumeTable device=3 6,436,505157,-;[c0] bt532_ts_device 1-0020: init_touch: Check checksum SUBSYSTEM=i2c DEVICE=+i2c:1-0020
I/VolumeCustomizer( 148): volume tuning file already exist. txt ->> update table 6,437,505493,-;[c0] bt532_ts_device 1-0020: 0x55AA SUBSYSTEM=i2c
I/VolumeCustomizer( 148): streamPrefix end DEVICE=+i2c:1-0020
W/VolumeCustomizer( 148): createVolumeTable device=4 6,438,505828,-;[c0] bt532_ts_device 1-0020: init_touch: Send reset command
I/VolumeCustomizer( 148): volume tuning file already exist. txt ->> update table SUBSYSTEM=i2c
I/audio_policy_mrvl( 148): get_device_for_strategy: Strategy 0, device 2 DEVICE=+i2c:1-0020 6,439,510589,-;[c0] bt532_ts[ts_check_need_upgrade: 1226] cur version = 0x2, new version = 0x2 6,440,510620,-;[c0] bt532_ts[ts_check_need_upgrade: 1235] cur minor version = 0x5, new minor version = 0x5
I/audio_policy_mrvl( 148): get_device_for_strategy: Non-earpiece device 6,441,510650,-;[c0] bt532_ts[ts_check_need_upgrade: 1242] cur reg data version = 0x10, new reg data version = 0x10
I/audio_policy_mrvl( 148): get_device_for_strategy: Strategy 1, device 2 6,442,514038,-;[c0] bt532_ts_device 1-0020: Esd timer register = 100
I/audio_policy_mrvl( 148): get_device_for_strategy: Strategy 2, device 2 SUBSYSTEM=i2c
I/audio_policy_mrvl( 148): get_device_for_strategy: Strategy 0, device 2 DEVICE=+i2c:1-0020
I/audio_policy_mrvl( 148): get_device_for_strategy: Strategy 3, device 2 6,443,514251,-;[c0] input: sec_touchscreen as /devices/platform/soc.2/d4000000.apb/pxa2xx-i2c.1/i2c-1/1-0020/input/input0
I/audio_policy_mrvl( 148): get_device_for_strategy: Strategy 4, device 2 6,444,514526,-;[c0] bt532_ts_device 1-0020: Started esd timer
I/audio_policy_mrvl( 148): get_device_for_strategy: Strategy 5, device 0
E/Audio_Control_CSC( 148): /system/csc/customer.xml ==> cannot open file SUBSYSTEM=i2c
E/Audio_Control_CSC( 148): /system/csc/customer.xml ==> cannot open file DEVICE=+i2c:1-0020
E/Audio_Control_CSC( 148): /system/csc/customer.xml ==> cannot open file 6,445,514739,-;[c0] bt532_ts_device 1-0020: zinitix touch probe.\x0d SUBSYSTEM=i2c
D/Audio_Control_CSC( 148): get_ShutterSound_Off DEVICE=+i2c:1-0020
D/Audio_Control_CSC( 148): getCameraShutterOn()_mbIsShutterOn = 0 6,446,516601,-;[c0] input: 88pm80x_on as /devices/platform/soc.2/d4000000.apb/pxa2xx-i2c.2/i2c-2/2-0030/88pm80x-onkey/input/input1
V/audio_policy_mrvl( 148): mrvl_ap_dev_set_can_mute_enforced_audible: can_mute 1 6,447,517486,-;[c0] input_boost: touchboost_connect: connect to sec_touchscreen 6,448,517517,-;[c0] input_boost: touchboost_connect: connect to sec_touchscreen
I/audio_policy_mrvl( 148): mrvl_ap_dev_set_can_mute_enforced_audible: ENFORCED_AUDIBLE can be muted 6,449,517547,-;[c0] input_boost: touchboost_connect: connect to 88pm80x_on
I/AudioPolicyService( 148): Loaded audio policy from Marvell audio policy HAL (audio_policy) 6,450,517883,-;[c0] sa1100-rtc sa1100-rtc: rtc core: registered sa1100-rtc as rtc0
E/Netd ( 141): execIptablesCommand, ret: 1, fail_count: 0 SUBSYSTEM=platform
E/Netd ( 141): execIptablesCommand, ret: 1, fail_count: 0 DEVICE=+platform:sa1100-rtc
E/Netd ( 141): execIptablesCommand, ret: 1, fail_count: 0 6,451,518737,-;[c0] 88pm80x-rtc 88pm80x-rtc: 116-2-20-->21: 5: 40
E/Netd ( 141): execIptablesCommand, ret: 0, fail_count: 0 SUBSYSTEM=platform
E/Netd ( 141): execIptablesCommand, ret: 0, fail_count: 0 DEVICE=+platform:88pm80x-rtc
E/Netd ( 141): execIptablesCommand, ret: 0, fail_count: 0
E/Netd ( 141): execIptablesCommand, ret: 0, fail_count: 0 6,452,520446,-;[c0] 88pm80x-rtc 88pm80x-rtc: rtc core: registered 88pm80x-rtc as rtc1
E/Netd ( 141): execIptablesCommand, ret: 1, fail_count: 0 SUBSYSTEM=platform
E/Netd ( 141): execIptablesCommand, ret: 1, fail_count: 0 DEVICE=+platform:88pm80x-rtc
E/Netd ( 141): execIptablesCommand, ret: 1, fail_count: 0 6,453,522064,-;[c0] i2c /dev entries driver 5,454,522705,-;[c0] siliconfile sr352 sensor driver, at your service 5,455,522766,-;[c0] siliconfile sr352 :0 \x0a
E/Netd ( 141): execIptablesCommand, ret: 1, fail_count: 0 5,456,522766,-;siliconfile sr130pc10 sensor driver, at your service
E/Netd ( 141): execIptablesCommand, ret: 1, fail_count: 0 5,457,522827,-;[c0] siliconfile sr130pc10 :0 \x0a
E/Netd ( 141): execIptablesCommand, ret: 1, fail_count: 0 5,458,522888,-;x: add driver<1> 'ov5640'
E/Netd ( 141): execIptablesCommand, ret: 0, fail_count: 0 6,459,523712,-;[c0] mmp-camera mmp-camera.0: camera: probing CCIC1
E/Netd ( 141): execIptablesCommand, ret: 0, fail_count: 0 SUBSYSTEM=platform
E/Netd ( 141): execIptablesCommand, ret: 0, fail_count: 0 DEVICE=+platform:mmp-camera.0
E/Netd ( 141): execIptablesCommand, ret: 0, fail_count: 0 6,460,523803,-;[c0] soc-camera-pdrv soc-camera-pdrv.0: Probing soc-camera-pdrv.0
D/dalvikvm( 419): Trying to load lib libjavacore.so 0x0 SUBSYSTEM=platform
E/Netd ( 141): execIptablesCommand, ret: 1, fail_count: 0 DEVICE=+platform:soc-camera-pdrv.0
D/dalvikvm( 419): Added shared lib libjavacore.so 0x0 6,461,523956,-;[c0] ---sr352 camera power ON ----------
E/Netd ( 141): execIptablesCommand, ret: 1, fail_count: 0 4,462,647430,-;[c0] ------------sr352_probe--------------
E/Netd ( 141): execIptablesCommand, ret: 1, fail_count: 0 4,463,647552,-;[c0] -----------sr352_detect------client->addr:0x20------
E/Netd ( 141): execIptablesCommand, ret: 1, fail_count: 0 4,464,647888,-;[c0] -----------sr352_reg_read_check------pagemode:0x0, reg addr:0x4, value:0xc2------ 4,465,647918,-;[c0] sr352: ========================================
E/Netd ( 141): execIptablesCommand, ret: 1, fail_count: 0 4,466,647949,-;[c0] sr352: [3M CAM] Sensor ID : 0x00C2
D/dalvikvm( 419): Trying to load lib libnativehelper.so 0x0 4,467,647949,-;[c0] sr352: ========================================
E/Netd ( 141): execIptablesCommand, ret: 1, fail_count: 0 5,468,647979,-;[c0] =========siliconfile sr352 sensor detected==========
D/dalvikvm( 419): Added shared lib libnativehelper.so 0x0 4,469,647979,-;[c0] ------------sr352_probe---return --ret = 0---------
D/dalvikvm( 419): No JNI_OnLoad found in libnativehelper.so 0x0, skipping init 3,470,648162,-;[c0] mmp-camera mmp-camera.0: Release 0 frames, 0 singles, 0 delivered
E/Netd ( 141): execIptablesCommand, ret: 0, fail_count: 0 SUBSYSTEM=platform
E/Netd ( 141): execIptablesCommand, ret: 0, fail_count: 0 DEVICE=+platform:mmp-camera.0
E/Netd ( 141): execIptablesCommand, ret: 0, fail_count: 0 6,471,648162,-;[c0] ---sr352 camera power OFF ----------
E/Netd ( 141): execIptablesCommand, ret: 0, fail_count: 0 6,472,745147,-;[c0] soc-camera-pdrv soc-camera-pdrv.1: Probing soc-camera-pdrv.1
E/Netd ( 141): execIptablesCommand, ret: 1, fail_count: 0 SUBSYSTEM=platform
E/Netd ( 141): execIptablesCommand, ret: 1, fail_count: 0 DEVICE=+platform:soc-camera-pdrv.1 6,473,884857,-;[c0] [sr130pc10_sensor_power:553]---sr130pc10_power power ON end---------- 4,474,887359,-;[c0] ------------sr130pc10_probe--------------
E/Netd ( 141): execIptablesCommand, ret: 1, fail_count: 0 4,475,887451,-;[c0] -----------sr130pc10_detect------client->addr:0x20------
E/Netd ( 141): execIptablesCommand, ret: 1, fail_count: 0 4,476,888580,-;[c0] -----------sr130pc10_reg_read_check------pagemode:0x0, reg addr:0x4, value:0x94------
E/Netd ( 141): execIptablesCommand, ret: 1, fail_count: 0 4,477,888610,-;[c0] SR130PC10: ========================================
E/Netd ( 141): execIptablesCommand, ret: 1, fail_count: 0 4,478,888610,-;[c0] SR130PC10: [1.3M CAM] vendor_id ID : 0x0094
E/Netd ( 141): execIptablesCommand, ret: 0, fail_count: 0 4,479,888641,-;[c0] SR130PC10: ========================================
E/Netd ( 141): execIptablesCommand, ret: 0, fail_count: 0 5,480,888641,-;[c0] =========siliconfile sr130pc10 sensor detected==========
E/Netd ( 141): execIptablesCommand, ret: 0, fail_count: 0 4,481,888671,-;[c0] ------------sr130pc10_probe---return --ret = 0---------
E/Netd ( 141): execIptablesCommand, ret: 0, fail_count: 0 3,482,888824,-;[c0] mmp-camera mmp-camera.0: Release 0 frames, 0 singles, 0 delivered
E/Netd ( 141): execIptablesCommand, ret: 1, fail_count: 0 SUBSYSTEM=platform
E/Netd ( 141): execIptablesCommand, ret: 1, fail_count: 0 DEVICE=+platform:mmp-camera.0
E/Netd ( 141): execIptablesCommand, ret: 1, fail_count: 0 6,483,888824,-;[c0] ---sr130pc10_power power OFF ----------
E/Netd ( 141): execIptablesCommand, ret: 1, fail_count: 0 6,484,985412,-;[c0] sec-charger 8-0049: sec_charger_probe: SEC Charger Driver Loading
E/Netd ( 141): execIptablesCommand, ret: 1, fail_count: 0 SUBSYSTEM=i2c
E/Netd ( 141): execIptablesCommand, ret: 1, fail_count: 0 DEVICE=+i2c:8-0049
E/Netd ( 141): execIptablesCommand, ret: 0, fail_count: 0 6,485,985565,-;[c0] sec-charger 8-0049: sec_hal_chg_init: SM5414 Charger init (Starting)!! SUBSYSTEM=i2c DEVICE=+i2c:8-0049
E/Netd ( 141): execIptablesCommand, ret: 0, fail_count: 0 6,486,986206,-;[c0] sec-charger 8-0049: sec_hal_chg_init : SM5414_INT1 : 0x00
E/Netd ( 141): execIptablesCommand, ret: 0, fail_count: 0 SUBSYSTEM=i2c
E/Netd ( 141): execIptablesCommand, ret: 0, fail_count: 0 DEVICE=+i2c:8-0049
E/Netd ( 141): execIptablesCommand, ret: 1, fail_count: 0 7,487,991271,-;[c0] sec-charger 8-0049: sec_charger_probe: SEC Charger Driver Loaded
E/Netd ( 141): execIptablesCommand, ret: 1, fail_count: 0 SUBSYSTEM=i2c
E/Netd ( 141): execIptablesCommand, ret: 1, fail_count: 0 DEVICE=+i2c:8-0049 4,488,991333,-;[c0] i2c-core: driver [sec-charger] using legacy suspend method
E/Netd ( 141): execIptablesCommand, ret: 1, fail_count: 0 4,489,991363,-;[c0] i2c-core: driver [sec-charger] using legacy resume method
E/Netd ( 141): execIptablesCommand, ret: 1, fail_count: 0 6,490,991394,-;[c0] ############## sec_fuelgauge_init init!!!!!!!! #################
E/Netd ( 141): execIptablesCommand, ret: 1, fail_count: 0 6,491,991485,-;[c0] sec-fuelgauge sec-fuelgauge: sec_fuelgauge_probe: SEC Fuelgauge Driver Loading
E/Netd ( 141): execIptablesCommand, ret: 0, fail_count: 0 SUBSYSTEM=platform
E/Netd ( 141): execIptablesCommand, ret: 0, fail_count: 0 DEVICE=+platform:sec-fuelgauge
E/Netd ( 141): execIptablesCommand, ret: 0, fail_count: 0 6,492,991546,-;[c0] pm80x_init_battery: init battery start
E/Netd ( 141): execIptablesCommand, ret: 0, fail_count: 0 6,493,991851,-;[c0] sec-fuelgauge sec-fuelgauge: pm80x_init_battery OFFSET2, reg 0x7d: 2
E/Netd ( 141): execIptablesCommand, ret: 1, fail_count: 0 SUBSYSTEM=platform
E/Netd ( 141): execIptablesCommand, ret: 1, fail_count: 0 DEVICE=+platform:sec-fuelgauge
E/Netd ( 141): execIptablesCommand, ret: 1, fail_count: 0 6,494,992034,-;[c0] sec-fuelgauge sec-fuelgauge: pm80x_init_battery OFFSET1, reg 0x74: 2
E/Netd ( 141): execIptablesCommand, ret: 0, fail_count: 0 SUBSYSTEM=platform
E/Netd ( 141): execIptablesCommand, ret: 0, fail_count: 0 DEVICE=+platform:sec-fuelgauge
E/Netd ( 141): execIptablesCommand, ret: 1, fail_count: 0 6,495,992340,-;[c0] sec-fuelgauge sec-fuelgauge: pm80x_init_battery OFFSET2, reg 0x7d: 2
E/Netd ( 141): execIptablesCommand, ret: 1, fail_count: 0 SUBSYSTEM=platform
E/Netd ( 141): execIptablesCommand, ret: 1, fail_count: 0 DEVICE=+platform:sec-fuelgauge
E/Netd ( 141): execIptablesCommand, ret: 0, fail_count: 0 6,496,992614,-;[c0] sec-fuelgauge sec-fuelgauge: pm80x_init_battery Chip version: 82
E/Netd ( 141): execIptablesCommand, ret: 0, fail_count: 0 SUBSYSTEM=platform
E/Netd ( 141): execIptablesCommand, ret: 1, fail_count: 0 DEVICE=+platform:sec-fuelgauge
E/Netd ( 141): execIptablesCommand, ret: 1, fail_count: 0 6,497,992950,-;[c0] sec-fuelgauge sec-fuelgauge: pm80x_init_battery read fault event [0xe5]: 0x0, [0xe6]: 0x0
E/Netd ( 141): execIptablesCommand, ret: 1, fail_count: 0 SUBSYSTEM=platform
E/Netd ( 141): execIptablesCommand, ret: 0, fail_count: 0 DEVICE=+platform:sec-fuelgauge
E/Netd ( 141): execIptablesCommand, ret: 0, fail_count: 0 6,498,993103,-;[c0] >>>>[0xA9] = 0x5a
E/Netd ( 141): execIptablesCommand, ret: 1, fail_count: 0 6,499,993133,-;[c0] sec-fuelgauge sec-fuelgauge: pm80x_init_battery flag_false_pwrdown: 1
E/Netd ( 141): execIptablesCommand, ret: 1, fail_count: 0 SUBSYSTEM=platform
E/Netd ( 141): execIptablesCommand, ret: 1, fail_count: 0 DEVICE=+platform:sec-fuelgauge
E/Netd ( 141): execIptablesCommand, ret: 0, fail_count: 0 6,500,993530,-;[c0] sec-fuelgauge sec-fuelgauge: pm80x_init_battery after clear [0xe5]: 0x0
E/Netd ( 141): execIptablesCommand, ret: 0, fail_count: 0 SUBSYSTEM=platform
I/OemIptablesHook( 141): OEM iptable hook installed. DEVICE=+platform:sec-fuelgauge
V/NatController( 141): runCmd(/system/bin/iptables -F natctrl_FORWARD) res=0 6,501,993835,-;[c0] sec-fuelgauge sec-fuelgauge: pm80x_init_battery after clear [0xe6]: 0x0
V/NatController( 141): runCmd(/system/bin/iptables -A natctrl_FORWARD -j DROP) res=0 SUBSYSTEM=platform
V/NatController( 141): runCmd(/system/bin/iptables -t nat -F natctrl_nat_POSTROUTING) res=0 DEVICE=+platform:sec-fuelgauge
V/NatController( 141): runCmd(/system/bin/iptables -t nat -F natctrl_nat_PREROUTING) res=0 6,502,994018,-;[c0] sec-fuelgauge sec-fuelgauge: pm80x_init_battery read back [0xdf]: 0x0
V/NatController( 141): runCmd(/system/bin/ip rule flush) res=0 SUBSYSTEM=platform
V/NatController( 141): runCmd(/system/bin/ip -6 rule flush) res=0 DEVICE=+platform:sec-fuelgauge
V/NatController( 141): runCmd(/system/bin/ip rule add from all lookup default prio 32767) res=0 6,503,995330,-;[c0] sec-fuelgauge sec-fuelgauge: pm80x_init_battery, 0x07: 0x80
V/NatController( 141): runCmd(/system/bin/ip rule add from all lookup main prio 32766) res=0 SUBSYSTEM=platform
V/NatController( 141): runCmd(/system/bin/ip -6 rule add from all lookup default prio 32767) res=0 DEVICE=+platform:sec-fuelgauge
V/NatController( 141): runCmd(/system/bin/ip -6 rule add from all lookup main prio 32766) res=0 6,504,995513,-;[c0] sec-fuelgauge sec-fuelgauge: pm80x_init_battery, 0x08: 0xf
V/NatController( 141): runCmd(/system/bin/ip route flush cache) res=0 SUBSYSTEM=platform
V/NatController( 141): runCmd(/system/bin/iptables -F natctrl_tether_counters) res=1 DEVICE=+platform:sec-fuelgauge
V/NatController( 141): runCmd(/system/bin/iptables -X natctrl_tether_counters) res=1 6,505,995666,-;[c0] sec-fuelgauge sec-fuelgauge: pm80x_init_battery, 0x08: 0xf
V/NatController( 141): runCmd(/system/bin/iptables -N natctrl_tether_counters) res=0 SUBSYSTEM=platform
E/memtrack( 419): Couldn't load memtrack module (No such file or directory) DEVICE=+platform:sec-fuelgauge
E/android.os.Debug( 419): failed to load memtrack module: -2 6,506,995849,-;[c0] sec-fuelgauge sec-fuelgauge: pm80x_init_battery, MSB: data: 0 0x0
I/MARVELL_TEL_NVM( 357): [nvm] >>> send state request: 2 SUBSYSTEM=platform
I/MARVELL_TEL_ATCMD( 374): [atcmdsrv] >>> send state request: 2 DEVICE=+platform:sec-fuelgauge
D/dalvikvm( 419): Note: class Landroid/app/ActivityManagerNative; has 192 unimplemented (abstract) methods 6,507,995880,-;[c0] sec-fuelgauge sec-fuelgauge: pm80x_init_battery, slp_cnt: 0 0x0
D/AndroidRuntime( 419): Calling main entry eu.chainfire.liveboot.a.j SUBSYSTEM=platform
D/dalvikvm( 419): Trying to load lib /data/app-lib/eu.chainfire.liveboot-1/libcfsurface.so 0x4207b130 DEVICE=+platform:sec-fuelgauge 6,508,996185,-;[c0] sec-fuelgauge sec-fuelgauge: pm80x_init_battery, 0xE8: 0x50
D/dalvikvm( 419): Added shared lib /data/app-lib/eu.chainfire.liveboot-1/libcfsurface.so 0x4207b130 SUBSYSTEM=platform
V/SamsungPowerSound( 302): ########################################## DEVICE=+platform:sec-fuelgauge
V/SamsungPowerSound( 302): powerSoundPlay on/off [on] 6,509,996337,-;[c0] sec-fuelgauge sec-fuelgauge: pm80x_init_battery, power up flag: 0x1
V/SamsungPowerSound( 302): powerSoundPlay ringermode [2] SUBSYSTEM=platform
V/SamsungPowerSound( 302): powerSoundPlay SysVolume [0] DEVICE=+platform:sec-fuelgauge
V/SamsungPowerSound( 302): powerSoundPlay SysHeadsetVolume [9] 6,510,996368,-;[c0] sec-fuelgauge sec-fuelgauge: pm80x_init_battery, flag_false_pwrdown : 0x1
V/SamsungPowerSound( 302): powerSoundPlay SysHeadphoneVolume [9] SUBSYSTEM=platform
V/SamsungPowerSound( 302): powerSoundPlay AllSoundMute [0] DEVICE=+platform:sec-fuelgauge
V/audio_policy_mrvl( 148): mrvl_ap_dev_init_stream_volume: stream 1, min 0, max 15 6,511,996398,-;[c0] sec-fuelgauge sec-fuelgauge: pm80x_init_battery: before calculate: v3 = 0, v3_res = 0
V/audio_policy_mrvl( 148): mrvl_ap_dev_set_stream_volume_index_for_device: stream 1, device 00000002, index 0 SUBSYSTEM=platform
I/audio_policy_mrvl( 148): check_and_set_volume: output 2 stream 1, volume 0.000000, force 1, delay 0
V/SamsungPowerSound( 302): power sound system volume index [0]
V/SamsungPowerSound( 302): ########################################## DEVICE=+platform:sec-fuelgauge
W/AudioFlinger( 148): Thread AudioOut_2 cannot connect to the power manager service 6,512,997131,-;[c0] sec-fuelgauge sec-fuelgauge: pm80x_init_battery, 0xdd: 0xc, 0xde: 0xc, 0xdf: 0x0, 0xe0: 0x6, 0xee : 0x45
W/AudioFlinger( 148): Thread AudioOut_2 cannot connect to the power manager service SUBSYSTEM=platform
E/AudioFlinger( 148): no wake lock to update! DEVICE=+platform:sec-fuelgauge
V/MediaPlayer( 302): constructor 6,513,997161,-;[c0] sec-fuelgauge sec-fuelgauge: pm80x_init_battery: rtc_reset = 0,
V/SamsungPowerSound( 302): ++++++++ SamsungPowerSoundObserver Constuctor ++++++++ SUBSYSTEM=platform
V/MediaPlayer( 302): setListener DEVICE=+platform:sec-fuelgauge
V/SamsungPowerSound( 302): File path : system/media/audio/ui/PowerOn.ogg 6,514,997161,-;[c0] sec-fuelgauge sec-fuelgauge: pm80x_init_battery, flag_false_pwrdown inside if: 0x1
V/SamsungPowerSound( 302): observerThreadWrapper (0x41df4f18) SUBSYSTEM=platform
V/SamsungPowerSound( 302): [Enter] SamsungPowerSoundObserver threadFunc DEVICE=+platform:sec-fuelgauge
E/AudioPolicyService( 148): getParamFromPolicy : enter , keys = audioParam;outDevice 6,515,997344,-;[c0] sec-fuelgauge sec-fuelgauge: pm80x_init_battery read back: 0xEE: 0x45
E/audio_policy_mrvl( 148): mrvl_ap_getParamFromPolicy: audioParam;outDevice SUBSYSTEM=platform
V/audio_policy_mrvl( 148): get_new_device: Selected device 0 DEVICE=+platform:sec-fuelgauge
I/audio_policy_mrvl( 148): get_device_for_strategy: Strategy 0, device 2 6,516,997375,-;[c0] sec-fuelgauge sec-fuelgauge: pm80x_init_battery, data(v3): 69
V/MediaPlayerService( 148): Create new client(1) from pid 302, uid 1013, SUBSYSTEM=platform
I/MediaPlayerFactory( 148): Can`t play mp3 and ogg file on NuPlayer , create Awesomeplayer. DEVICE=+platform:sec-fuelgauge
V/MediaPlayerService( 148): player type = 3 6,517,997528,-;[c0] sec-fuelgauge sec-fuelgauge: pm80x_init_battery v3_res: 69600
V/AwesomePlayer( 148): setDefault SUBSYSTEM=platform
V/AwesomePlayer( 148): constructor DEVICE=+platform:sec-fuelgauge
E/Netd ( 141): execIptablesCommand, ret: 0, fail_count: 0 6,518,997558,-;[c0] sec-fuelgauge sec-fuelgauge: pm80x_init_battery v3_res after: 69600
D/simal ( 157): now we open /dev/citty10 SUBSYSTEM=platform
E/Netd ( 141): execIptablesCommand, ret: 0, fail_count: 0 DEVICE=+platform:sec-fuelgauge
E/Netd ( 141): execIptablesCommand, ret: 0, fail_count: 0 6,519,997711,-;[c0] sec-fuelgauge sec-fuelgauge: pm80x_init_battery read back: 0xDD: 0xc
E/Netd ( 141): execIptablesCommand, ret: 0, fail_count: 0 SUBSYSTEM=platform
E/Netd ( 141): execIptablesCommand, ret: 0, fail_count: 0 DEVICE=+platform:sec-fuelgauge
V/AwesomePlayer( 148): setDefault 6,520,997894,-;[c0] sec-fuelgauge sec-fuelgauge: pm80x_init_battery read back: 0xDE: 0xc SUBSYSTEM=platform
V/AwesomePlayer( 148): reset_l() DEVICE=+platform:sec-fuelgauge
V/AwesomePlayer( 148): notifyListner_l() msg (8-MEDIA_STOPPED), ext1 (0), ext2 (0) 6,521,997924,-;[c0] sec-fuelgauge sec-fuelgauge: pm80x_init_battery v1_mv: 0xc , v2_mv : 0xc
V/AwesomePlayer( 148): cancelPlayerEvents (keepNotifications=0) SUBSYSTEM=platform
V/AwesomePlayer( 148): mAudioTrackVector clear DEVICE=+platform:sec-fuelgauge
V/AwesomePlayer( 148): reset_l() mAudioPlayer successfully deleted 6,522,997924,-;[c0] sec-fuelgauge sec-fuelgauge: pm80x_init_battery v1_mv: 12 , v2_mv : 12
V/AwesomePlayer( 148): mSecMediaClock clear SUBSYSTEM=platform
V/StagefrightPlayer( 148): StagefrightPlayer DEVICE=+platform:sec-fuelgauge
V/AwesomePlayer( 148): setListener 6,523,997955,-;[c0] sec-fuelgauge sec-fuelgauge: pm80x_init_battery v1: 36864, v2 : 36864
V/StagefrightPlayer( 148): initCheck SUBSYSTEM=platform
V/AwesomePlayer( 148): AwesomePlayer running on behalf of uid 1013 DEVICE=+platform:sec-fuelgauge
V/AudioSink( 148): AudioOutput(3)
V/AwesomePlayer( 148): setAudioSink 6,524,997985,-;[c0] sec-fuelgauge sec-fuelgauge: pm80x_init_battery: after calculate: v3 = 69, v3_res = 69600
V/AwesomePlayer( 148): reset_l() SUBSYSTEM=platform
V/AwesomePlayer( 148): notifyListner_l() msg (8-MEDIA_STOPPED), ext1 (0), ext2 (0) DEVICE=+platform:sec-fuelgauge
V/MediaPlayerService( 148): [1] notify (0x42cde020, 8, 0, 0) 3,525,999816,-;[c0] power_supply sec-fuelgauge: driver failed to report `current_now' property: -22
V/AwesomePlayer( 148): cancelPlayerEvents (keepNotifications=0) SUBSYSTEM=power_supply
V/AwesomePlayer( 148): mAudioTrackVector clear DEVICE=+power_supply:sec-fuelgauge
V/AwesomePlayer( 148): reset_l() mAudioPlayer successfully deleted 3,526,1001800,-;[c0] power_supply sec-fuelgauge: driver failed to report `current_now' property: -22
V/AwesomePlayer( 148): mSecMediaClock clear
I/AwesomePlayer( 148): setDataSource_l(URL suppressed)
V/MediaPlayerService( 148): [1] setParameter(1604) SUBSYSTEM=power_supply
V/StagefrightPlayer( 148): setParameter(key=1604) DEVICE=+power_supply:sec-fuelgauge
V/AwesomePlayer( 148): setParameter key (1604) 7,527,1001831,-;[c0] sec-fuelgauge sec-fuelgauge: sec_fuelgauge_probe: SEC Fuelgauge Driver Loaded
V/AwesomePlayer( 148): Current Contet PID : 302 SUBSYSTEM=platform
V/MediaPlayer( 302): message received msg=8, ext1=0, ext2=0 DEVICE=+platform:sec-fuelgauge
V/MediaPlayer( 302): notify(8, 0, 0) callback on disconnected mediaplayer 6,528,1001892,-;[c0] [secgpio_dvs][pxa_check_mfp_configuration] state : init
V/MediaPlayerService( 148): [1] getParameter(1700) 6,529,1002166,-;[c0] [secgpio_dvs][pxa_check_mfp_configuration]-
V/MediaPlayer( 302): MediaPlayer::setAudioStreamType 6,530,1002319,-;[c0] sec-battery sec-battery: sec_battery_probe: SEC Battery Driver Loading
V/MediaPlayer( 302): prepare SUBSYSTEM=platform
V/MediaPlayerService( 148): [1] setAudioStreamType(1) DEVICE=+platform:sec-battery
V/MediaPlayerService( 148): [1] prepareAsync 6,531,1002502,-;[c0] sec_bat_dt_init : Recharge condition vcell is Empty
E/cutils-trace( 148): Error opening trace file: Permission denied (13) 6,532,1005523,-;[c1] Pxa: Kernel Thermal management registered
V/AwesomePlayer( 148): prepareAsync 6,533,1005920,-;[c1] device-mapper: uevent: version 1.0.3
V/AwesomePlayer( 148): onPrepareAsyncEvent 6,534,1006164,-;[c1] device-mapper: ioctl: 4.24.0-ioctl (2013-01-15) initialised: dm-devel@redhat.com
I/SecMediaClock( 148): SecMediaClock constructor 6,535,1006744,-;[c1] cpuidle: using governor ladder
I/SecMediaClock( 148): reset 6,536,1006774,-;[c1] cpuidle: using governor menu
V/AwesomePlayer( 148): finishSetDataSource_l 6,537,1006896,-;[c1] standalone_hotplug_device_init: 0
E/FileSource( 148): Failed to open file 'system/media/audio/ui/PowerOn.ogg'. (No such file or directory) 6,538,1006927,-;[c1] stand_alone_hotplug_init, PM-hotplug init function
E/AwesomePlayer( 148): finishSetDataSource_l() dataSource is NULL, return UNKNOWN_ERROR 6,539,1007080,-;[c1] init max_performance : 5376000 6,540,1007110,-;[c1] --------------------\x0a|CPU|LOW(%)|HIGH(%)|\x0a| 1| 0| 5|\x0a| 2| 2| 11|\x0a| 3| 5| 17|\x0a| 4| 11| 100|\x0a-------------------- 6,541,1007263,-;[c1] sdhci: Secure Digital Host Controller Interface driver
V/AwesomePlayer( 148): notifyListner_l() msg (100-MEDIA_ERROR), ext1 (1), ext2 (-2147483648) 6,542,1007263,-;[c1] sdhci: Copyright(c) Pierre Ossman 3,543,1007476,-;[c1] pinctrl-single d401e000.pinmux: pin d401e06c already requested by i2c.6; cannot claim for sdhci-pxav3.2
V/MediaPlayerService( 148): [1] notify (0x42cde020, 100, 1, -2147483648) SUBSYSTEM=platform
V/MediaPlayer( 302): message received msg=100, ext1=1, ext2=-2147483648 DEVICE=+platform:d401e000.pinmux
E/MediaPlayer( 302): error (1, -2147483648) 3,544,1007476,-;[c1] pinctrl-single d401e000.pinmux: pin-27 (sdhci-pxav3.2) status -22
V/MediaPlayer( 302): signal application thread SUBSYSTEM=platform
V/MediaPlayer( 302): prepare complete - status=1 DEVICE=+platform:d401e000.pinmux
E/AudioPolicyService( 148): getParamFromPolicy : enter , keys = situation=8;device=1 3,545,1007507,-;[c1] pinctrl-single d401e000.pinmux: could not request pin 27 on device pinctrl-single
E/audio_policy_mrvl( 148): mrvl_ap_getParamFromPolicy: situation=8;device=1 SUBSYSTEM=platform
I/audio_policy_mrvl( 148): mrvl_ap_getParamFromPolicy: situation value => 8 DEVICE=+platform:d401e000.pinmux
V/audio_policy_mrvl( 148): getParamFromPolicy deviceInt = 1, situationInt = 8, situationVolume = 1.000000 3,546,1007537,-;[c1] sdhci-pxav3 sdhci-pxav3.2: Error applying setting, reverse things back
I/audio_policy_mrvl( 148): mrvl_ap_getParamFromPolicy: situation str => 1.00 SUBSYSTEM=platform
I/audio_policy_mrvl( 148): mrvl_ap_getParamFromPolicy: situation ret_val => 1.00 DEVICE=+platform:sdhci-pxav3.2
V/SamsungPowerSound( 302): getSettingVolume [1.000000] 6,547,1007751,-;[c1] sdhci-pxav3 sdhci-pxav3.2: could not get fast pinstate
V/MediaPlayer( 302): MediaPlayer::setVolume(1.000000, 1.000000) SUBSYSTEM=platform
V/MediaPlayerService( 148): [1] setVolume(1.000000, 1.000000) DEVICE=+platform:sdhci-pxav3.2
V/AudioSink( 148): setVolume(1.000000, 1.000000) 6,548,1007781,-;[c1] mmc0: no vqmmc regulator found
V/MediaPlayer( 302): getDuration_l 6,549,1007812,-;[c1] mmc0: no vmmc regulator found
E/MediaPlayer( 302): Attempt to call getDuration without a valid mediaplayer 6,550,1094909,-;[c1] mmc0: SDHCI controller on sdhci-pxav3.2 [sdhci-pxav3.2] using DMA
V/SamsungPowerSound( 302): File duration : 0 [ms] 3,551,1095275,-;[c0] mmc0: [MMC] CMD TIMEOUT, STATUS: 10000, CMD: 52
V/MediaPlayer( 302): start 6,552,1095581,-;[c1] sdhci-pxav3 sdhci-pxav3.0: Got CD GPIO #11.
E/MediaPlayer( 302): start called in state 0 SUBSYSTEM=platform
E/Netd ( 141): execIptablesCommand, ret: 0, fail_count: 0 DEVICE=+platform:sdhci-pxav3.0
E/Netd ( 141): execIptablesCommand, ret: 0, fail_count: 0 6,553,1095642,-;[c1] sdhci-pxav3 sdhci-pxav3.0: could not get fast pinstate SUBSYSTEM=platform
E/Netd ( 141): execIptablesCommand, ret: 0, fail_count: 0 DEVICE=+platform:sdhci-pxav3.0
E/AudioPolicyService( 148): getParamFromPolicy : enter , keys = audioParam;outDevice 3,554,1095672,-;[c0] mmc0: [MMC] CMD TIMEOUT, STATUS: 10000, CMD: 52
E/audio_policy_mrvl( 148): mrvl_ap_getParamFromPolicy: audioParam;outDevice 3,555,1096038,-;[c0] mmc0: [MMC] CMD TIMEOUT, STATUS: 10000, CMD: 52
V/audio_policy_mrvl( 148): get_new_device: Selected device 0 3,556,1096435,-;[c0] mmc0: [MMC] CMD TIMEOUT, STATUS: 10000, CMD: 52
I/audio_policy_mrvl( 148): get_device_for_strategy: Strategy 0, device 2 3,557,1096832,-;[c0] mmc0: [MMC] CMD TIMEOUT, STATUS: 10000, CMD: 52
D/MDnsDS ( 141): MDnsSdListener::Hander starting up 3,558,1097198,-;[c0] mmc0: [MMC] CMD TIMEOUT, STATUS: 10000, CMD: 52
D/MDnsDS ( 141): MDnsSdListener starting to monitor 3,559,1105255,-;[c0] mmc0: [MMC] CMD TIMEOUT, STATUS: 10000, CMD: 52
D/MDnsDS ( 141): Going to poll with pollCount 1 3,560,1105621,-;[c0] mmc0: [MMC] CMD TIMEOUT, STATUS: 10000, CMD: 52
E/AudioPolicyService( 148): getParamFromPolicy : enter , keys = audioParam;outDevice 3,561,1109222,-;[c0] mmc0: [MMC] CMD TIMEOUT, STATUS: 10000, CMD: 8
E/audio_policy_mrvl( 148): mrvl_ap_getParamFromPolicy: audioParam;outDevice 3,562,1109588,-;[c0] mmc0: [MMC] CMD TIMEOUT, STATUS: 10000, CMD: 5
V/audio_policy_mrvl( 148): get_new_device: Selected device 0 3,563,1109985,-;[c0] mmc0: [MMC] CMD TIMEOUT, STATUS: 10000, CMD: 5
I/audio_policy_mrvl( 148): get_device_for_strategy: Strategy 0, device 2 3,564,1110351,-;[c0] mmc0: [MMC] CMD TIMEOUT, STATUS: 10000, CMD: 5
I/SurfaceFlinger( 144): id=2 createSurf (800x1280),4 flag=0, DFSurface 3,565,1110717,-;[c0] mmc0: [MMC] CMD TIMEOUT, STATUS: 10000, CMD: 5
D/libEGL ( 419): loaded /system/lib/egl/libEGL_MRVL.so 3,566,1111083,-;[c0] mmc0: [MMC] CMD TIMEOUT, STATUS: 10000, CMD: 55
E/AudioPolicyService( 148): getParamFromPolicy : enter , keys = audioParam;outDevice 3,567,1111450,-;[c0] mmc0: [MMC] CMD TIMEOUT, STATUS: 10000, CMD: 55
E/audio_policy_mrvl( 148): mrvl_ap_getParamFromPolicy: audioParam;outDevice 3,568,1111816,-;[c0] mmc0: [MMC] CMD TIMEOUT, STATUS: 10000, CMD: 55
V/audio_policy_mrvl( 148): get_new_device: Selected device 0 3,569,1112213,-;[c0] mmc0: [MMC] CMD TIMEOUT, STATUS: 10000, CMD: 55
I/audio_policy_mrvl( 148): get_device_for_strategy: Strategy 0, device 2 6,570,1167724,-;[c0] mmc0: BKOPS_EN bit is not set
D/libEGL ( 419): loaded /system/lib/egl/libGLESv1_CM_MRVL.so 6,571,1171783,-;[c0] mmc0: new high speed DDR MMC card at address 0001
E/AudioPolicyService( 148): getParamFromPolicy : enter , keys = audioParam;outDevice 6,572,1171813,-;[c0] mmc0: ios: 52000000 hz, 8 bit width
E/audio_policy_mrvl( 148): mrvl_ap_getParamFromPolicy: audioParam;outDevice 6,573,1172271,-;[c0] mmcblk0: mmc0:0001 008GE0 7.28 GiB
V/audio_policy_mrvl( 148): get_new_device: Selected device 0 6,574,1172515,-;[c0] mmcblk0boot0: mmc0:0001 008GE0 partition 1 4.00 MiB
I/audio_policy_mrvl( 148): get_device_for_strategy: Strategy 0, device 2 6,575,1172698,-;[c0] mmcblk0boot1: mmc0:0001 008GE0 partition 2 4.00 MiB
D/libEGL ( 419): loaded /system/lib/egl/libGLESv2_MRVL.so 6,576,1172851,-;[c0] mmcblk0rpmb: mmc0:0001 008GE0 partition 3 4.00 MiB
E/AudioPolicyService( 148): getParamFromPolicy : enter , keys = audioParam;outDevice 6,577,1175933,-;[c0] mmcblk0: p1 p2 p3 p4 p5 p6 p7 p8 p9 p10 p11 p12 p13 p14 p15 p16
E/audio_policy_mrvl( 148): mrvl_ap_getParamFromPolicy: audioParam;outDevice 6,578,1178802,-;[c0] mmcblk0boot1: unknown partition table
V/audio_policy_mrvl( 148): get_new_device: Selected device 0 6,579,1179870,-;[c0] mmcblk0boot0: unknown partition table
I/audio_policy_mrvl( 148): get_device_for_strategy: Strategy 0, device 2 6,580,1184936,-;[c0] mmc1: SDHCI controller on sdhci-pxav3.0 [sdhci-pxav3.0] using ADMA
D/GC ( 419): OES20 ===> GC Version : GC Ver rls_pxa988_KK44_GC13.25 6,581,1185729,-;[c0] mmc2: no vqmmc regulator found
D/GC ( 419): 6,582,1185760,-;[c0] mmc2: no vmmc regulator found
E/AudioPolicyService( 148): getParamFromPolicy : enter , keys = audioParam;outDevice 4,583,1194976,-;[c1] mmc1 : device_create sdcard
E/audio_policy_mrvl( 148): mrvl_ap_getParamFromPolicy: audioParam;outDevice 6,584,1236083,-;[c0] mmc2: SDHCI controller on sdhci-pxav3.1 [sdhci-pxav3.1] using ADMA
V/audio_policy_mrvl( 148): get_new_device: Selected device 0 6,585,1305084,-;[c0] sdhci-pltfm: SDHCI platform and OF driver helper
I/audio_policy_mrvl( 148): get_device_for_strategy: Strategy 0, device 2 6,586,1305175,-;[c0] hidraw: raw HID events driver (C) Jiri Kosina
