I/audio_policy_mrvl( 148): get_device_for_strategy: Strategy 0, device 2
E/AudioPolicyService( 148): getParamFromPolicy : enter , keys = audioParam;outDevice
E/audio_policy_mrvl( 148): mrvl_ap_getParamFromPolicy: audioParam;outDevice
V/audio_policy_mrvl( 148): get_new_device: Selected device 0
I/audio_policy_mrvl( 148): get_device_for_strategy: Strategy 0, device 2
D/dalvikvm( 145): JIT code cache reset in 0 ms (0 bytes 1/0)
D/dalvikvm( 145): GC_FOR_ALLOC freed 6816K, 56% free 5470K/12288K, paused 53ms, total 53ms
E/AudioPolicyService( 148): getParamFromPolicy : enter , keys = audioParam;outDevice
E/audio_policy_mrvl( 148): mrvl_ap_getParamFromPolicy: audioParam;outDevice
V/audio_policy_mrvl( 148): get_new_device: Selected device 0
I/audio_policy_mrvl( 148): get_device_for_strategy: Strategy 0, device 2
I/Xposed ( 145): Loading class lfprodev.xposed.xstana.EngineXstana
E/AudioPolicyService( 148): getParamFromPolicy : enter , keys = audioParam;outDevice
E/audio_policy_mrvl( 148): mrvl_ap_getParamFromPolicy: audioParam;outDevice
V/audio_policy_mrvl( 148): get_new_device: Selected device 0
I/audio_policy_mrvl( 148): get_device_for_strategy: Strategy 0, device 2
I/Xposed ( 145): Loading modules from /data/app/com.onexuan.coolify.flat-2.apk
D/dalvikvm( 419): GC_CONCURRENT freed 3112K, 47% free 9470K/17620K, paused 1ms+7ms, total 22ms
E/AudioPolicyService( 148): getParamFromPolicy : enter , keys = audioParam;outDevice
E/audio_policy_mrvl( 148): mrvl_ap_getParamFromPolicy: audioParam;outDevice
V/audio_policy_mrvl( 148): get_new_device: Selected device 0
I/audio_policy_mrvl( 148): get_device_for_strategy: Strategy 0, device 2
E/AudioPolicyService( 148): getParamFromPolicy : enter , keys = audioParam;outDevice
E/audio_policy_mrvl( 148): mrvl_ap_getParamFromPolicy: audioParam;outDevice
V/audio_policy_mrvl( 148): get_new_device: Selected device 0
I/audio_policy_mrvl( 148): get_device_for_strategy: Strategy 0, device 2
D/dalvikvm( 145): GC_FOR_ALLOC freed 1383K, 51% free 6135K/12288K, paused 45ms, total 45ms
I/Xposed ( 145): Loading class com.onexuan.coolify.flat.xposed.TempStatusbarXposed
E/AudioPolicyService( 148): getParamFromPolicy : enter , keys = audioParam;outDevice
E/audio_policy_mrvl( 148): mrvl_ap_getParamFromPolicy: audioParam;outDevice
V/audio_policy_mrvl( 148): get_new_device: Selected device 0
I/audio_policy_mrvl( 148): get_device_for_strategy: Strategy 0, device 2
I/Xposed ( 145): Loading modules from /data/app/com.smartmadsoft.xposed.samsungcameragallery-1.apk
I/Xposed ( 145): Loading class com.smartmadsoft.xposed.samsungcameragallery.Selfie
I/Xposed ( 145): Loading modules from /data/app/com.bjbinc.mwmphone-1.apk
E/AudioPolicyService( 148): getParamFromPolicy : enter , keys = audioParam;outDevice
E/audio_policy_mrvl( 148): mrvl_ap_getParamFromPolicy: audioParam;outDevice
V/audio_policy_mrvl( 148): get_new_device: Selected device 0
I/audio_policy_mrvl( 148): get_device_for_strategy: Strategy 0, device 2
E/AudioPolicyService( 148): getParamFromPolicy : enter , keys = audioParam;outDevice
E/audio_policy_mrvl( 148): mrvl_ap_getParamFromPolicy: audioParam;outDevice
V/audio_policy_mrvl( 148): get_new_device: Selected device 0
I/audio_policy_mrvl( 148): get_device_for_strategy: Strategy 0, device 2
D/dalvikvm( 145): GC_FOR_ALLOC freed 1201K, 44% free 6982K/12288K, paused 54ms, total 54ms
I/Xposed ( 145): Loading class com.bjbinc.mwmphone.Xposed
E/AudioPolicyService( 148): getParamFromPolicy : enter , keys = audioParam;outDevice
E/audio_policy_mrvl( 148): mrvl_ap_getParamFromPolicy: audioParam;outDevice
V/audio_policy_mrvl( 148): get_new_device: Selected device 0
I/audio_policy_mrvl( 148): get_device_for_strategy: Strategy 0, device 2
I/Xposed ( 145): Loading class com.bjbinc.mwmphone.FlashBarResources
I/Xposed ( 145): Loading modules from /data/app/ma.wanam.xposed-2.apk
D/dalvikvm( 419): GC_CONCURRENT freed 2849K, 46% free 9679K/17620K, paused 1ms+1ms, total 17ms
E/AudioPolicyService( 148): getParamFromPolicy : enter , keys = audioParam;outDevice
E/audio_policy_mrvl( 148): mrvl_ap_getParamFromPolicy: audioParam;outDevice
V/audio_policy_mrvl( 148): get_new_device: Selected device 0
I/audio_policy_mrvl( 148): get_device_for_strategy: Strategy 0, device 2
E/AudioPolicyService( 148): getParamFromPolicy : enter , keys = audioParam;outDevice
E/audio_policy_mrvl( 148): mrvl_ap_getParamFromPolicy: audioParam;outDevice
V/audio_policy_mrvl( 148): get_new_device: Selected device 0
I/audio_policy_mrvl( 148): get_device_for_strategy: Strategy 0, device 2
I/Xposed ( 145): Loading class ma.wanam.xposed.Xposed
I/Xposed ( 145): Loading modules from /data/app/com.mohammadag.burnttoast-1.apk
E/AudioPolicyService( 148): getParamFromPolicy : enter , keys = audioParam;outDevice
E/audio_policy_mrvl( 148): mrvl_ap_getParamFromPolicy: audioParam;outDevice
V/audio_policy_mrvl( 148): get_new_device: Selected device 0
I/audio_policy_mrvl( 148): get_device_for_strategy: Strategy 0, device 2
I/Xposed ( 145): Loading class com.mohammadag.burnttoast.XposedMod
I/Xposed ( 145): Loading modules from /data/app/de.robv.android.xposed.mods.playstorefix-1.apk
I/Xposed ( 145): Loading class de.robv.android.xposed.mods.playstorefix.PlayStoreFix
I/Xposed ( 145): Loading modules from /data/app/com.android.vending.billing.InAppBillingService.LUCK-1.apk
E/AudioPolicyService( 148): getParamFromPolicy : enter , keys = audioParam;outDevice
E/audio_policy_mrvl( 148): mrvl_ap_getParamFromPolicy: audioParam;outDevice
V/audio_policy_mrvl( 148): get_new_device: Selected device 0
I/audio_policy_mrvl( 148): get_device_for_strategy: Strategy 0, device 2
E/AudioPolicyService( 148): getParamFromPolicy : enter , keys = audioParam;outDevice
E/audio_policy_mrvl( 148): mrvl_ap_getParamFromPolicy: audioParam;outDevice
V/audio_policy_mrvl( 148): get_new_device: Selected device 0
I/audio_policy_mrvl( 148): get_device_for_strategy: Strategy 0, device 2
D/dalvikvm( 419): GC_CONCURRENT freed 3251K, 46% free 9622K/17620K, paused 0ms+1ms, total 13ms
D/dalvikvm( 419): WAIT_FOR_CONCURRENT_GC blocked 10ms
I/Xposed ( 145): Loading class com.chelpus.XSupport
E/AudioPolicyService( 148): getParamFromPolicy : enter , keys = audioParam;outDevice
E/audio_policy_mrvl( 148): mrvl_ap_getParamFromPolicy: audioParam;outDevice
V/audio_policy_mrvl( 148): get_new_device: Selected device 0
I/audio_policy_mrvl( 148): get_device_for_strategy: Strategy 0, device 2
I/Xposed ( 145): Loading modules from /data/app/com.htdocscat.nomoreverlay-1.apk
I/Xposed ( 145): Loading class com.htdocscat.nomoreoverlay.TE
I/Xposed ( 145): Loading modules from /data/app/com.mohammadag.xposedpreferenceinjector-1.apk
I/Xposed ( 145): Loading class com.mohammadag.xposedpreferenceinjector.XposedMod
I/Xposed ( 145): Loading modules from /data/app/com.mohammadag.smoothsystemprogressbars-1.apk
E/AudioPolicyService( 148): getParamFromPolicy : enter , keys = audioParam;outDevice
E/audio_policy_mrvl( 148): mrvl_ap_getParamFromPolicy: audioParam;outDevice
V/audio_policy_mrvl( 148): get_new_device: Selected device 0
I/audio_policy_mrvl( 148): get_device_for_strategy: Strategy 0, device 2
D/dalvikvm( 419): GC_CONCURRENT freed 3499K, 48% free 9305K/17620K, paused 1ms+2ms, total 15ms
D/dalvikvm( 419): WAIT_FOR_CONCURRENT_GC blocked 8ms
E/AudioPolicyService( 148): getParamFromPolicy : enter , keys = audioParam;outDevice
E/audio_policy_mrvl( 148): mrvl_ap_getParamFromPolicy: audioParam;outDevice
V/audio_policy_mrvl( 148): get_new_device: Selected device 0
I/audio_policy_mrvl( 148): get_device_for_strategy: Strategy 0, device 2
I/Xposed ( 145): Loading class com.mohammadag.smoothsystemprogressbars.SmoothSystemPBar
E/AudioPolicyService( 148): getParamFromPolicy : enter , keys = audioParam;outDevice
E/audio_policy_mrvl( 148): mrvl_ap_getParamFromPolicy: audioParam;outDevice
V/audio_policy_mrvl( 148): get_new_device: Selected device 0
I/audio_policy_mrvl( 148): get_device_for_strategy: Strategy 0, device 2
D/dalvikvm( 145): JIT code cache reset in 0 ms (0 bytes 2/0)
D/dalvikvm( 145): GC_FOR_ALLOC freed 4482K, 33% free 9476K/13960K, paused 80ms, total 80ms
I/Xposed ( 145): android.content.res.Resources$NotFoundException: android:drawable/progress_indeterminate_horizontal_material
I/Xposed ( 145): at android.content.res.XResources.setSystemWideReplacement(XResources.java:325)
I/Xposed ( 145): at com.mohammadag.smoothsystemprogressbars.SystemWideResources.initResources(SystemWideResources.java:23)
I/Xposed ( 145): at com.mohammadag.smoothsystemprogressbars.SmoothSystemPBar.initZygote(SmoothSystemPBar.java:29)
I/Xposed ( 145): at de.robv.android.xposed.XposedBridge.loadModule(XposedBridge.java:437)
I/Xposed ( 145): at de.robv.android.xposed.XposedBridge.loadModules(XposedBridge.java:386)
I/Xposed ( 145): at de.robv.android.xposed.XposedBridge.main(XposedBridge.java:120)
I/Xposed ( 145): at dalvik.system.NativeStart.main(Native Method)
I/Xposed ( 145): Loading modules from /data/app/areeb.xposed.eggster-2.apk
E/AudioPolicyService( 148): getParamFromPolicy : enter , keys = audioParam;outDevice
E/audio_policy_mrvl( 148): mrvl_ap_getParamFromPolicy: audioParam;outDevice
V/audio_policy_mrvl( 148): get_new_device: Selected device 0
I/audio_policy_mrvl( 148): get_device_for_strategy: Strategy 0, device 2
E/AudioPolicyService( 148): getParamFromPolicy : enter , keys = audioParam;outDevice
E/audio_policy_mrvl( 148): mrvl_ap_getParamFromPolicy: audioParam;outDevice
V/audio_policy_mrvl( 148): get_new_device: Selected device 0
I/audio_policy_mrvl( 148): get_device_for_strategy: Strategy 0, device 2
I/Xposed ( 145): Loading class areeb.xposed.eggster.EggsPoached
E/AudioPolicyService( 148): getParamFromPolicy : enter , keys = audioParam;outDevice
E/audio_policy_mrvl( 148): mrvl_ap_getParamFromPolicy: audioParam;outDevice
V/audio_policy_mrvl( 148): get_new_device: Selected device 0
I/audio_policy_mrvl( 148): get_device_for_strategy: Strategy 0, device 2
I/Xposed ( 145): Loading modules from /data/app/ma.wanam.youtubeadaway-2.apk
I/Xposed ( 145): Loading class ma.wanam.youtubeadaway.Xposed
I/Xposed ( 145): Loading modules from /data/app/com.mohammadag.colouredstatusbar-1.apk
I/Xposed ( 145): Loading class com.mohammadag.colouredstatusbar.ColourChangerMod
E/AudioPolicyService( 148): getParamFromPolicy : enter , keys = audioParam;outDevice
E/audio_policy_mrvl( 148): mrvl_ap_getParamFromPolicy: audioParam;outDevice
V/audio_policy_mrvl( 148): get_new_device: Selected device 0
I/audio_policy_mrvl( 148): get_device_for_strategy: Strategy 0, device 2
I/Xposed ( 145): Loading modules from /data/app/uk.co.villainrom.pulser.disablebatteryfullalert-1.apk
I/Xposed ( 145): Loading class uk.co.villainrom.pulser.disablebatteryfullalert.DisableBatteryFullAlert
I/Xposed ( 145): Loading modules from /data/app/com.ceco.kitkat.gravitybox-2.apk
D/dalvikvm( 419): GC_CONCURRENT freed 2740K, 46% free 9564K/17620K, paused 2ms+1ms, total 17ms
E/AudioPolicyService( 148): getParamFromPolicy : enter , keys = audioParam;outDevice
E/audio_policy_mrvl( 148): mrvl_ap_getParamFromPolicy: audioParam;outDevice
V/audio_policy_mrvl( 148): get_new_device: Selected device 0
I/audio_policy_mrvl( 148): get_device_for_strategy: Strategy 0, device 2
E/AudioPolicyService( 148): getParamFromPolicy : enter , keys = audioParam;outDevice
E/audio_policy_mrvl( 148): mrvl_ap_getParamFromPolicy: audioParam;outDevice
V/audio_policy_mrvl( 148): get_new_device: Selected device 0
I/audio_policy_mrvl( 148): get_device_for_strategy: Strategy 0, device 2
D/dalvikvm( 145): JIT code cache reset in 0 ms (0 bytes 3/0)
D/dalvikvm( 145): GC_FOR_ALLOC freed 2013K, 24% free 10621K/13960K, paused 74ms, total 74ms
E/AudioPolicyService( 148): getParamFromPolicy : enter , keys = audioParam;outDevice
E/audio_policy_mrvl( 148): mrvl_ap_getParamFromPolicy: audioParam;outDevice
V/audio_policy_mrvl( 148): get_new_device: Selected device 0
I/audio_policy_mrvl( 148): get_device_for_strategy: Strategy 0, device 2
E/AudioPolicyService( 148): getParamFromPolicy : enter , keys = audioParam;outDevice
E/audio_policy_mrvl( 148): mrvl_ap_getParamFromPolicy: audioParam;outDevice
V/audio_policy_mrvl( 148): get_new_device: Selected device 0
I/audio_policy_mrvl( 148): get_device_for_strategy: Strategy 0, device 2
E/AudioPolicyService( 148): getParamFromPolicy : enter , keys = audioParam;outDevice
E/audio_policy_mrvl( 148): mrvl_ap_getParamFromPolicy: audioParam;outDevice
V/audio_policy_mrvl( 148): get_new_device: Selected device 0
I/audio_policy_mrvl( 148): get_device_for_strategy: Strategy 0, device 2
E/AudioPolicyService( 148): getParamFromPolicy : enter , keys = audioParam;outDevice
E/audio_policy_mrvl( 148): mrvl_ap_getParamFromPolicy: audioParam;outDevice
V/audio_policy_mrvl( 148): get_new_device: Selected device 0
I/audio_policy_mrvl( 148): get_device_for_strategy: Strategy 0, device 2
D/dalvikvm( 145): GC_FOR_ALLOC freed 2105K, 15% free 12046K/14160K, paused 91ms, total 91ms
I/Xposed ( 145): Loading class com.ceco.kitkat.gravitybox.GravityBox
D/dalvikvm( 419): GC_CONCURRENT freed 3011K, 46% free 9664K/17620K, paused 2ms+3ms, total 20ms
E/AudioPolicyService( 148): getParamFromPolicy : enter , keys = audioParam;outDevice
E/audio_policy_mrvl( 148): mrvl_ap_getParamFromPolicy: audioParam;outDevice
V/audio_policy_mrvl( 148): get_new_device: Selected device 0
I/audio_policy_mrvl( 148): get_device_for_strategy: Strategy 0, device 2
I/Xposed ( 145): GB:Hardware: pxa1088
I/Xposed ( 145): GB:Product: degaswifixx
I/Xposed ( 145): GB:Device manufacturer: samsung
I/Xposed ( 145): GB:Device brand: samsung
I/Xposed ( 145): GB:Device model: SM-T230NU
I/Xposed ( 145): GB:Device type: tablet
I/Xposed ( 145): GB:Is MTK device: false
I/Xposed ( 145): GB:Is Xperia device: false
I/Xposed ( 145): GB:Is Moto XT device: false
I/Xposed ( 145): GB:Has Lenovo custom UI: false
I/Xposed ( 145): GB:Has telephony support: false
I/Xposed ( 145): GB:Has Gemini support: false
I/Xposed ( 145): GB:Android SDK: 19
I/Xposed ( 145): GB:Android Release: 4.4.2
I/Xposed ( 145): GB:ROM: Vals_Hacked_Rom
E/AudioPolicyService( 148): getParamFromPolicy : enter , keys = audioParam;outDevice
E/audio_policy_mrvl( 148): mrvl_ap_getParamFromPolicy: audioParam;outDevice
V/audio_policy_mrvl( 148): get_new_device: Selected device 0
I/audio_policy_mrvl( 148): get_device_for_strategy: Strategy 0, device 2
E/AudioPolicyService( 148): getParamFromPolicy : enter , keys = audioParam;outDevice
E/audio_policy_mrvl( 148): mrvl_ap_getParamFromPolicy: audioParam;outDevice
V/audio_policy_mrvl( 148): get_new_device: Selected device 0
I/audio_policy_mrvl( 148): get_device_for_strategy: Strategy 0, device 2
I/Xposed ( 145): java.lang.NoSuchMethodError: com.android.server.power.DisplayPowerController#requestPowerState(com.android.server.power.DisplayPowerRequest,boolean)#exact
I/Xposed ( 145): at de.robv.android.xposed.XposedHelpers.findMethodExact(XposedHelpers.java:179)
I/Xposed ( 145): at de.robv.android.xposed.XposedHelpers.findAndHookMethod(XposedHelpers.java:129)
I/Xposed ( 145): at com.ceco.kitkat.gravitybox.ModDisplay.initZygote(ModDisplay.java:421)
I/Xposed ( 145): at com.ceco.kitkat.gravitybox.GravityBox.initZygote(GravityBox.java:70)
I/Xposed ( 145): at de.robv.android.xposed.XposedBridge.loadModule(XposedBridge.java:437)
I/Xposed ( 145): at de.robv.android.xposed.XposedBridge.loadModules(XposedBridge.java:386)
I/Xposed ( 145): at de.robv.android.xposed.XposedBridge.main(XposedBridge.java:120)
I/Xposed ( 145): at dalvik.system.NativeStart.main(Native Method)
E/AudioPolicyService( 148): getParamFromPolicy : enter , keys = audioParam;outDevice
E/audio_policy_mrvl( 148): mrvl_ap_getParamFromPolicy: audioParam;outDevice
V/audio_policy_mrvl( 148): get_new_device: Selected device 0
I/audio_policy_mrvl( 148): get_device_for_strategy: Strategy 0, device 2 4,994,11321502,-;[c3] reclaimed 186 (swapped 186) pages.
E/AudioPolicyService( 148): getParamFromPolicy : enter , keys = audioParam;outDevice
E/audio_policy_mrvl( 148): mrvl_ap_getParamFromPolicy: audioParam;outDevice
V/audio_policy_mrvl( 148): get_new_device: Selected device 0
I/audio_policy_mrvl( 148): get_device_for_strategy: Strategy 0, device 2
I/GsmSST ( 145): sbmcgm library not found!
I/Xposed ( 145): java.lang.NoSuchMethodError: com.android.internal.telephony.gsm.GsmServiceStateTracker#isOperatorConsideredNonRoaming(android.telephony.ServiceState)#exact
I/Xposed ( 145): at de.robv.android.xposed.XposedHelpers.findMethodExact(XposedHelpers.java:179)
I/Xposed ( 145): at de.robv.android.xposed.XposedHelpers.findAndHookMethod(XposedHelpers.java:129)
I/Xposed ( 145): at com.ceco.kitkat.gravitybox.ModTelephony.initZygote(ModTelephony.java:87)
I/Xposed ( 145): at com.ceco.kitkat.gravitybox.GravityBox.initZygote(GravityBox.java:78)
I/Xposed ( 145): at de.robv.android.xposed.XposedBridge.loadModule(XposedBridge.java:437)
I/Xposed ( 145): at de.robv.android.xposed.XposedBridge.loadModules(XposedBridge.java:386)
I/Xposed ( 145): at de.robv.android.xposed.XposedBridge.main(XposedBridge.java:120)
I/Xposed ( 145): at dalvik.system.NativeStart.main(Native Method)
E/AudioPolicyService( 148): getParamFromPolicy : enter , keys = audioParam;outDevice
E/audio_policy_mrvl( 148): mrvl_ap_getParamFromPolicy: audioParam;outDevice
V/audio_policy_mrvl( 148): get_new_device: Selected device 0
I/audio_policy_mrvl( 148): get_device_for_strategy: Strategy 0, device 2
I/SamplingProfilerIntegration( 145): Profiling disabled.
I/Zygote ( 145): !@Boot: beginofpreloadResources() 6,995,11472473,-;[c0] !@Boot: beginofpreloadResources() 6,996,11474731,-;[c3] !@Boot: beginofpreloadClasses()
I/Zygote ( 145): !@Boot: beginofpreloadClasses()
I/boot_progress_preload_start( 145): 11466
I/Zygote ( 145): Preloading classes...
D/dalvikvm( 419): GC_CONCURRENT freed 3310K, 46% free 9568K/17620K, paused 1ms+1ms, total 19ms
D/dalvikvm( 419): WAIT_FOR_CONCURRENT_GC blocked 9ms
D/dalvikvm( 145): JIT code cache reset in 0 ms (0 bytes 4/0)
D/dalvikvm( 145): GC_EXPLICIT freed 1332K, 13% free 12400K/14160K, paused 2ms+3ms, total 93ms
D/dalvikvm( 145): WAIT_FOR_CONCURRENT_GC blocked 88ms
E/AudioPolicyService( 148): getParamFromPolicy : enter , keys = audioParam;outDevice
E/audio_policy_mrvl( 148): mrvl_ap_getParamFromPolicy: audioParam;outDevice
V/audio_policy_mrvl( 148): get_new_device: Selected device 0
I/audio_policy_mrvl( 148): get_device_for_strategy: Strategy 0, device 2
I/Zygote ( 145): Preloading resources...
I/dalvikvm( 145): DexOpt: illegal method access (call Landroid/content/res/TypedArray;. (Landroid/content/res/Resources;[I[II)V from Landroid/content/res/XResources$XTypedArray;)
I/dalvikvm( 145): Could not find method android.content.res.TypedArray., referenced from method android.content.res.XResources$XTypedArray.
W/dalvikvm( 145): VFY: unable to resolve direct method 82: Landroid/content/res/TypedArray;. (Landroid/content/res/Resources;[I[II)V
D/dalvikvm( 145): VFY: replacing opcode 0x70 at 0x0002
D/skia ( 145): ---- failed to open as a font
D/dalvikvm( 145): GC_EXPLICIT freed 7K, 12% free 12532K/14160K, paused 3ms+2ms, total 82ms
E/AudioPolicyService( 148): getParamFromPolicy : enter , keys = audioParam;outDevice
E/audio_policy_mrvl( 148): mrvl_ap_getParamFromPolicy: audioParam;outDevice
V/audio_policy_mrvl( 148): get_new_device: Selected device 0
I/audio_policy_mrvl( 148): get_device_for_strategy: Strategy 0, device 2
I/Zygote ( 145): Number of total Classes to prelaod: 2873
I/Zygote ( 145): Classes to load for thread1 0~689
I/Zygote ( 145): Classes to load for thread2 690~1403
I/Zygote ( 145): Classes to load for thread3 1404~2872
D/dalvikvm( 145): No JNI_OnLoad found in /system/lib/libandroid_runtime.so 0x0, skipping init
D/TextLayoutCache( 145): Using debug level = 0 - Debug Enabled = 0
E/AudioPolicyService( 148): getParamFromPolicy : enter , keys = audioParam;outDevice
E/audio_policy_mrvl( 148): mrvl_ap_getParamFromPolicy: audioParam;outDevice
V/audio_policy_mrvl( 148): get_new_device: Selected device 0
I/audio_policy_mrvl( 148): get_device_for_strategy: Strategy 0, device 2
D/TelephonyManager( 145): No /proc/cmdline exception=java.io.FileNotFoundException: /proc/cmdline: open failed: EACCES (Permission denied)
D/TelephonyManager( 145): /proc/cmdline=
D/dalvikvm( 419): GC_CONCURRENT freed 3143K, 46% free 9564K/17620K, paused 2ms+2ms, total 20ms
E/AudioPolicyService( 148): getParamFromPolicy : enter , keys = audioParam;outDevice
E/audio_policy_mrvl( 148): mrvl_ap_getParamFromPolicy: audioParam;outDevice
V/audio_policy_mrvl( 148): get_new_device: Selected device 0
I/audio_policy_mrvl( 148): get_device_for_strategy: Strategy 0, device 2
W/Zygote ( 145): Class not found for preloading: android.app.ContextImpl$27
W/Zygote ( 145): Class not found for preloading: android.app.ContextImpl$40
E/AudioPolicyService( 148): getParamFromPolicy : enter , keys = audioParam;outDevice
E/audio_policy_mrvl( 148): mrvl_ap_getParamFromPolicy: audioParam;outDevice
V/audio_policy_mrvl( 148): get_new_device: Selected device 0
I/audio_policy_mrvl( 148): get_device_for_strategy: Strategy 0, device 2
I/LibraryLoader( 145): loading: webviewchromium
W/Resources( 145): Preloaded drawable resource #0x10806eb (android:drawable/scrollbar_handle_holo_dark) that varies with configuration!!
W/Resources( 145): Preloaded drawable resource #0x10806ec (android:drawable/scrollbar_handle_holo_light) that varies with configuration!!
E/AudioPolicyService( 148): getParamFromPolicy : enter , keys = audioParam;outDevice
E/audio_policy_mrvl( 148): mrvl_ap_getParamFromPolicy: audioParam;outDevice
V/audio_policy_mrvl( 148): get_new_device: Selected device 0
I/audio_policy_mrvl( 148): get_device_for_strategy: Strategy 0, device 2
I/System ( 145): Loaded time zone names for "" in 118ms (111ms in ICU)
E/AudioPolicyService( 148): getParamFromPolicy : enter , keys = audioParam;outDevice
E/audio_policy_mrvl( 148): mrvl_ap_getParamFromPolicy: audioParam;outDevice
V/audio_policy_mrvl( 148): get_new_device: Selected device 0
I/audio_policy_mrvl( 148): get_device_for_strategy: Strategy 0, device 2
I/System ( 145): Loaded time zone names for "en_US" in 78ms (72ms in ICU)
V/Zygote ( 145): postpone android.database.CursorWindow
V/Zygote ( 145): postpone android.database.CursorWindow$1
I/LibraryLoader( 145): loaded: webviewchromium
W/Resources( 145): Preloaded drawable resource #0x108033a (android:drawable/fastscroll_thumb_pressed_holo) that varies with configuration!!
W/Resources( 145): Preloaded drawable resource #0x1080338 (android:drawable/fastscroll_thumb_default_holo) that varies with configuration!!
W/Resources( 145): Preloaded drawable resource #0x1080339 (android:drawable/fastscroll_thumb_holo) that varies with configuration!!
I/Zygote ( 145): !@prldclssM: 1469 classes in 572ms. 6,997,12271453,-;[c3] !@prldclssM: 1469 classes in 572ms.
W/Resources( 145): Preloaded drawable resource #0x108033a (android:drawable/fastscroll_thumb_pressed_holo) that varies with configuration!!
W/Resources( 145): Preloaded drawable resource #0x1080338 (android:drawable/fastscroll_thumb_default_holo) that varies with configuration!!
W/Resources( 145): Preloaded drawable resource #0x108033f (android:drawable/fastscroll_track_pressed_holo_dark) that varies with configuration!!
W/Resources( 145): Preloaded drawable resource #0x108033b (android:drawable/fastscroll_track_default_holo_dark) that varies with configuration!!
W/Resources( 145): Preloaded drawable resource #0x108033d (android:drawable/fastscroll_track_holo_dark) that varies with configuration!!
W/Resources( 145): Preloaded drawable resource #0x108033f (android:drawable/fastscroll_track_pressed_holo_dark) that varies with configuration!!
W/Resources( 145): Preloaded drawable resource #0x108033b (android:drawable/fastscroll_track_default_holo_dark) that varies with configuration!!
E/AudioPolicyService( 148): getParamFromPolicy : enter , keys = audioParam;outDevice
E/audio_policy_mrvl( 148): mrvl_ap_getParamFromPolicy: audioParam;outDevice
V/audio_policy_mrvl( 148): get_new_device: Selected device 0
I/audio_policy_mrvl( 148): get_device_for_strategy: Strategy 0, device 2
W/Zygote ( 145): Class not found for preloading: android.database.sqlite.SQLiteDatabase$2
W/Resources( 145): Preloaded drawable resource #0x1080334 (android:drawable/fastscroll_label_left_holo_dark) that varies with configuration!!
W/Resources( 145): Preloaded drawable resource #0x1080336 (android:drawable/fastscroll_label_right_holo_dark) that varies with configuration!!
I/Zygote ( 145): Wait PC Thread 1=true 2=true
W/Resources( 145): Preloaded drawable resource #0x1080340 (android:drawable/fastscroll_track_pressed_holo_light) that varies with configuration!!
W/Resources( 145): Preloaded drawable resource #0x108033c (android:drawable/fastscroll_track_default_holo_light) that varies with configuration!!
W/Resources( 145): Preloaded drawable resource #0x108033e (android:drawable/fastscroll_track_holo_light) that varies with configuration!!
W/Resources( 145): Preloaded drawable resource #0x1080340 (android:drawable/fastscroll_track_pressed_holo_light) that varies with configuration!!
W/Resources( 145): Preloaded drawable resource #0x108033c (android:drawable/fastscroll_track_default_holo_light) that varies with configuration!!
W/Resources( 145): Preloaded drawable resource #0x1080335 (android:drawable/fastscroll_label_left_holo_light) that varies with configuration!!
W/Resources( 145): Preloaded drawable resource #0x1080337 (android:drawable/fastscroll_label_right_holo_light) that varies with configuration!!
I/Zygote ( 145): Wait PC Thread 1=true 2=true
I/Zygote ( 145): Wait PC Thread 1=true 2=true
I/Zygote ( 145): ...preloaded 274 resources in 766ms.
I/Zygote ( 145): ...preloaded 31 resources in 16ms.
I/Zygote ( 145): Wait PC Thread 1=true 2=true 6,998,12352966,-;[c2] !@Boot: End of preloadResources()
I/Zygote ( 145): !@Boot: End of preloadResources()
I/Zygote ( 145): Wait PC Thread 1=true 2=true
E/AudioPolicyService( 148): getParamFromPolicy : enter , keys = audioParam;outDevice
E/audio_policy_mrvl( 148): mrvl_ap_getParamFromPolicy: audioParam;outDevice
V/audio_policy_mrvl( 148): get_new_device: Selected device 0
I/audio_policy_mrvl( 148): get_device_for_strategy: Strategy 0, device 2
I/Zygote ( 145): Wait PC Thread 1=true 2=true
I/Zygote ( 145): Wait PC Thread 1=true 2=true
I/Zygote ( 145): Wait PC Thread 1=true 2=true
I/dalvikvm( 145): threadid=8: recursive native library load attempt (/system/lib/libwebcore.so)
I/Zygote ( 145): Wait PC Thread 1=true 2=true
W/Zygote ( 145): Class not found for preloading: android.webkitsec.WebViewInputDispatcher$webkitsecCallbacks
W/Zygote ( 145): Class not found for preloading: android.webkitsec.WebViewInputDispatcher$webkitsecHandler
I/Zygote ( 145): Wait PC Thread 1=true 2=true
I/dalvikvm( 145): Could not find method org.codeaurora.Performance.perfLockRelease, referenced from method android.widget.OverScroller$SplineOverScroller.finish
W/dalvikvm( 145): VFY: unable to resolve virtual method 53842: Lorg/codeaurora/Performance;.perfLockRelease ()I
D/dalvikvm( 145): VFY: replacing opcode 0x6e at 0x000a
E/dalvikvm( 145): Could not find class 'org.codeaurora.Performance', referenced from method android.widget.OverScroller$SplineOverScroller.fling
W/dalvikvm( 145): VFY: unable to resolve new-instance 5547 (Lorg/codeaurora/Performance;) in Landroid/widget/OverScroller$SplineOverScroller;
D/dalvikvm( 145): VFY: replacing opcode 0x22 at 0x003b
I/dalvikvm( 145): Could not find method org.codeaurora.Performance.perfLockAcquire, referenced from method android.widget.OverScroller$SplineOverScroller.fling
W/dalvikvm( 145): VFY: unable to resolve virtual method 53841: Lorg/codeaurora/Performance;.perfLockAcquire (I[I)I
D/dalvikvm( 145): VFY: replacing opcode 0x6e at 0x005e
E/AudioPolicyService( 148): getParamFromPolicy : enter , keys = audioParam;outDevice
E/audio_policy_mrvl( 148): mrvl_ap_getParamFromPolicy: audioParam;outDevice
V/audio_policy_mrvl( 148): get_new_device: Selected device 0
I/audio_policy_mrvl( 148): get_device_for_strategy: Strategy 0, device 2
D/dalvikvm( 145): DexOpt: unable to opt direct call 0xd250 at 0x3d in Landroid/widget/OverScroller$SplineOverScroller;.fling 6,999,12492492,-;[c0] !@prldclss2: 714 classes in 791ms.
I/Zygote ( 145): !@prldclss2: 714 classes in 791ms.
I/Zygote ( 145): Wait PC Thread 1=true 2=false
I/Zygote ( 145): Wait PC Thread 1=true 2=false
D/dalvikvm( 419): GC_CONCURRENT freed 3218K, 46% free 9527K/17620K, paused 2ms+2ms, total 18ms
I/Zygote ( 145): Wait PC Thread 1=true 2=false
I/Zygote ( 145): Wait PC Thread 1=true 2=false
I/Zygote ( 145): Wait PC Thread 1=true 2=false
I/Zygote ( 145): Wait PC Thread 1=true 2=false
E/AudioPolicyService( 148): getParamFromPolicy : enter , keys = audioParam;outDevice
E/audio_policy_mrvl( 148): mrvl_ap_getParamFromPolicy: audioParam;outDevice
V/audio_policy_mrvl( 148): get_new_device: Selected device 0
I/audio_policy_mrvl( 148): get_device_for_strategy: Strategy 0, device 2
I/Zygote ( 145): Wait PC Thread 1=true 2=false
I/Zygote ( 145): Wait PC Thread 1=true 2=false
I/dalvikvm( 145): threadid=7: recursive native library load attempt (/system/lib/libmedia_jni.so)
D/MtpDeviceJNI( 145): register_android_mtp_MtpDevice
I/dalvikvm( 145): threadid=7: recursive native library load attempt (/system/lib/libmedia_jni.so)
I/dalvikvm( 145): threadid=7: recursive native library load attempt (/system/lib/libmedia_jni.so)
I/dalvikvm( 145): threadid=7: recursive native library load attempt (/system/lib/libmedia_jni.so)
I/Zygote ( 145): Wait PC Thread 1=true 2=false
I/Zygote ( 145): Wait PC Thread 1=true 2=false
I/Zygote ( 145): Wait PC Thread 1=true 2=false
E/AudioPolicyService( 148): getParamFromPolicy : enter , keys = audioParam;outDevice
E/audio_policy_mrvl( 148): mrvl_ap_getParamFromPolicy: audioParam;outDevice
V/audio_policy_mrvl( 148): get_new_device: Selected device 0
I/audio_policy_mrvl( 148): get_device_for_strategy: Strategy 0, device 2
I/Zygote ( 145): Wait PC Thread 1=true 2=false
I/Zygote ( 145): Wait PC Thread 1=true 2=false
I/Zygote ( 145): Wait PC Thread 1=true 2=false
I/Zygote ( 145): Wait PC Thread 1=true 2=false
I/Zygote ( 145): Wait PC Thread 1=true 2=false
E/AudioPolicyService( 148): getParamFromPolicy : enter , keys = audioParam;outDevice
E/audio_policy_mrvl( 148): mrvl_ap_getParamFromPolicy: audioParam;outDevice
V/audio_policy_mrvl( 148): get_new_device: Selected device 0
I/audio_policy_mrvl( 148): get_device_for_strategy: Strategy 0, device 2
I/Zygote ( 145): Wait PC Thread 1=true 2=false
I/Zygote ( 145): Wait PC Thread 1=true 2=false 6,1000,12864837,-;[c0] !@prldclss1: 690 classes in 1166ms.
I/Zygote ( 145): Wait PC Thread 1=true 2=false
I/Zygote ( 145): !@prldclss1: 690 classes in 1166ms.
I/Zygote ( 145): Wait PC Thread 1=false 2=false
V/Zygote ( 145): post pld=android.database.CursorWindow
V/Zygote ( 145): post pld=android.database.CursorWindow$1
E/AudioPolicyService( 148): getParamFromPolicy : enter , keys = audioParam;outDevice
E/audio_policy_mrvl( 148): mrvl_ap_getParamFromPolicy: audioParam;outDevice
V/audio_policy_mrvl( 148): get_new_device: Selected device 0
I/audio_policy_mrvl( 148): get_device_for_strategy: Strategy 0, device 2
E/AudioPolicyService( 148): getParamFromPolicy : enter , keys = audioParam;outDevice
E/audio_policy_mrvl( 148): mrvl_ap_getParamFromPolicy: audioParam;outDevice
V/audio_policy_mrvl( 148): get_new_device: Selected device 0
I/audio_policy_mrvl( 148): get_device_for_strategy: Strategy 0, device 2
E/AudioPolicyService( 148): getParamFromPolicy : enter , keys = audioParam;outDevice
E/audio_policy_mrvl( 148): mrvl_ap_getParamFromPolicy: audioParam;outDevice
V/audio_policy_mrvl( 148): get_new_device: Selected device 0
I/audio_policy_mrvl( 148): get_device_for_strategy: Strategy 0, device 2
D/dalvikvm( 419): GC_CONCURRENT freed 2994K, 46% free 9632K/17620K, paused 1ms+2ms, total 25ms
E/AudioPolicyService( 148): getParamFromPolicy : enter , keys = audioParam;outDevice
E/audio_policy_mrvl( 148): mrvl_ap_getParamFromPolicy: audioParam;outDevice
V/audio_policy_mrvl( 148): get_new_device: Selected device 0
I/audio_policy_mrvl( 148): get_device_for_strategy: Strategy 0, device 2
E/AudioPolicyService( 148): getParamFromPolicy : enter , keys = audioParam;outDevice
E/audio_policy_mrvl( 148): mrvl_ap_getParamFromPolicy: audioParam;outDevice
V/audio_policy_mrvl( 148): get_new_device: Selected device 0
I/audio_policy_mrvl( 148): get_device_for_strategy: Strategy 0, device 2 6,1001,13371215,-;[c1] !@Boot: EndofpreloadClasses()
I/Zygote ( 145): !@Boot: EndofpreloadClasses()
D/libEGL ( 145): loaded /system/lib/egl/libEGL_MRVL.so
D/libEGL ( 145): loaded /system/lib/egl/libGLESv1_CM_MRVL.so
E/AudioPolicyService( 148): getParamFromPolicy : enter , keys = audioParam;outDevice
E/audio_policy_mrvl( 148): mrvl_ap_getParamFromPolicy: audioParam;outDevice
V/audio_policy_mrvl( 148): get_new_device: Selected device 0
I/audio_policy_mrvl( 148): get_device_for_strategy: Strategy 0, device 2
D/libEGL ( 145): loaded /system/lib/egl/libGLESv2_MRVL.so
E/Zygote ( 145): adjust 12860 12266
I/boot_progress_preload_end( 145): 13467
I/Zygote ( 145): Monitor End
E/AudioPolicyService( 148): getParamFromPolicy : enter , keys = audioParam;outDevice
E/audio_policy_mrvl( 148): mrvl_ap_getParamFromPolicy: audioParam;outDevice
V/audio_policy_mrvl( 148): get_new_device: Selected device 0
I/audio_policy_mrvl( 148): get_device_for_strategy: Strategy 0, device 2
D/dalvikvm( 145): GC_EXPLICIT freed 1525K, 9% free 17044K/18572K, paused 3ms+5ms, total 110ms
E/AudioPolicyService( 148): getParamFromPolicy : enter , keys = audioParam;outDevice
E/audio_policy_mrvl( 148): mrvl_ap_getParamFromPolicy: audioParam;outDevice
V/audio_policy_mrvl( 148): get_new_device: Selected device 0
I/audio_policy_mrvl( 148): get_device_for_strategy: Strategy 0, device 2
D/dalvikvm( 145): GC_EXPLICIT freed 222K, 10% free 16823K/18572K, paused 3ms+4ms, total 93ms
E/AudioPolicyService( 148): getParamFromPolicy : enter , keys = audioParam;outDevice
E/audio_policy_mrvl( 148): mrvl_ap_getParamFromPolicy: audioParam;outDevice
V/audio_policy_mrvl( 148): get_new_device: Selected device 0
I/audio_policy_mrvl( 148): get_device_for_strategy: Strategy 0, device 2
D/dalvikvm( 419): GC_CONCURRENT freed 3308K, 46% free 9529K/17620K, paused 2ms+1ms, total 18ms
D/dalvikvm( 419): WAIT_FOR_CONCURRENT_GC blocked 10ms
D/dalvikvm( 145): GC_EXPLICIT freed <1K, 10% free 16822K/18572K, paused 3ms+4ms, total 93ms
I/dalvikvm( 145): System server process 1021 has been created
I/Zygote ( 145): Accepting command socket connections
E/AudioPolicyService( 148): getParamFromPolicy : enter , keys = audioParam;outDevice
E/audio_policy_mrvl( 148): mrvl_ap_getParamFromPolicy: audioParam;outDevice
V/audio_policy_mrvl( 148): get_new_device: Selected device 0
I/audio_policy_mrvl( 148): get_device_for_strategy: Strategy 0, device 2
E/AudioPolicyService( 148): getParamFromPolicy : enter , keys = audioParam;outDevice
E/audio_policy_mrvl( 148): mrvl_ap_getParamFromPolicy: audioParam;outDevice
V/audio_policy_mrvl( 148): get_new_device: Selected device 0
I/audio_policy_mrvl( 148): get_device_for_strategy: Strategy 0, device 2
W/PackagePrefetcher( 1021): Got execption parsing permissions.
W/PackagePrefetcher( 1021): org.xmlpull.v1.XmlPullParserException: Unexpected token (position:TEXT
W/PackagePrefetcher( 1021): * {C0deF0x}@20:12 in java.io.FileReader@42ad0cd8)
W/PackagePrefetcher( 1021): at org.kxml2.io.KXmlParser.next(KXmlParser.java:426)
W/PackagePrefetcher( 1021): at org.kxml2.io.KXmlParser.next(KXmlParser.java:310)
W/PackagePrefetcher( 1021): at com.android.internal.util.XmlUtils.nextElement(XmlUtils.java:900)
W/PackagePrefetcher( 1021): at com.android.server.pm.PackagePrefetcher.readPermissionsFromXml(PackagePrefetcher.java:367)
W/PackagePrefetcher( 1021): at com.android.server.pm.PackagePrefetcher.readPermissions(PackagePrefetcher.java:342)
W/PackagePrefetcher( 1021): at com.android.server.pm.PackagePrefetcher.access$600(PackagePrefetcher.java:33)
W/PackagePrefetcher( 1021): at com.android.server.pm.PackagePrefetcher$2.run(PackagePrefetcher.java:306)
W/PackagePrefetcher( 1021): at java.lang.Thread.run(Thread.java:841)
E/AudioPolicyService( 148): getParamFromPolicy : enter , keys = audioParam;outDevice
E/audio_policy_mrvl( 148): mrvl_ap_getParamFromPolicy: audioParam;outDevice
V/audio_policy_mrvl( 148): get_new_device: Selected device 0
I/audio_policy_mrvl( 148): get_device_for_strategy: Strategy 0, device 2
D/dalvikvm( 1021): GC_CONCURRENT freed 1269K, 15% free 17605K/20620K, paused 18ms+2ms, total 86ms
D/dalvikvm( 1021): WAIT_FOR_CONCURRENT_GC blocked 56ms
D/dalvikvm( 1021): WAIT_FOR_CONCURRENT_GC blocked 56ms
D/dalvikvm( 1021): WAIT_FOR_CONCURRENT_GC blocked 55ms
D/dalvikvm( 1021): WAIT_FOR_CONCURRENT_GC blocked 56ms
D/dalvikvm( 1021): WAIT_FOR_CONCURRENT_GC blocked 56ms
D/dalvikvm( 1021): WAIT_FOR_CONCURRENT_GC blocked 54ms
E/AudioPolicyService( 148): getParamFromPolicy : enter , keys = audioParam;outDevice
E/audio_policy_mrvl( 148): mrvl_ap_getParamFromPolicy: audioParam;outDevice
V/audio_policy_mrvl( 148): get_new_device: Selected device 0
I/audio_policy_mrvl( 148): get_device_for_strategy: Strategy 0, device 2
D/SensorService( 1021): nuSensorService starting...
I/SystemServer( 1021): Entered the Android system server!
E/AudioPolicyService( 148): getParamFromPolicy : enter , keys = audioParam;outDevice
E/audio_policy_mrvl( 148): mrvl_ap_getParamFromPolicy: audioParam;outDevice
V/audio_policy_mrvl( 148): get_new_device: Selected device 0
I/audio_policy_mrvl( 148): get_device_for_strategy: Strategy 0, device 2
W/ResourceType( 1021): Failure getting entry for 0x7f020002 (t=1 e=2) in package 0 (error -75)
W/ResourceType( 1021): Failure getting entry for 0x7f020002 (t=1 e=2) in package 0 (error -75)
W/ResourceType( 1021): Failure getting entry for 0x7f020002 (t=1 e=2) in package 0 (error -75)
W/ResourceType( 1021): Failure getting entry for 0x7f020002 (t=1 e=2) in package 0 (error -75)
W/ResourceType( 1021): Failure getting entry for 0x7f020002 (t=1 e=2) in package 0 (error -75)
D/dalvikvm( 419): GC_CONCURRENT freed 2997K, 46% free 9685K/17620K, paused 6ms+4ms, total 28ms
E/AudioPolicyService( 148): getParamFromPolicy : enter , keys = audioParam;outDevice
E/audio_policy_mrvl( 148): mrvl_ap_getParamFromPolicy: audioParam;outDevice
V/audio_policy_mrvl( 148): get_new_device: Selected device 0
I/audio_policy_mrvl( 148): get_device_for_strategy: Strategy 0, device 2
W/PackageParser( 1021): Unknown element under : uses-library at /data/app/jp.gr.java_conf.taketake.KyusokuHouden-1.apk Binary XML file line #7
W/PackageParser( 1021): No actions in intent filter at /system/priv-app/MtpApplication.apk Binary XML file line #37
E/AudioPolicyService( 148): getParamFromPolicy : enter , keys = audioParam;outDevice
E/audio_policy_mrvl( 148): mrvl_ap_getParamFromPolicy: audioParam;outDevice
V/audio_policy_mrvl( 148): get_new_device: Selected device 0
I/audio_policy_mrvl( 148): get_device_for_strategy: Strategy 0, device 2
W/PackageParser( 1021): Problem in package /data/app/com.google.android.apps.photos-6.apk:
W/PackageParser( 1021): Unknown element under : category at /data/app/com.google.android.apps.photos-6.apk Binary XML file line #921
E/AudioPolicyService( 148): getParamFromPolicy : enter , keys = audioParam;outDevice
E/audio_policy_mrvl( 148): mrvl_ap_getParamFromPolicy: audioParam;outDevice
V/audio_policy_mrvl( 148): get_new_device: Selected device 0
I/audio_policy_mrvl( 148): get_device_for_strategy: Strategy 0, device 2
W/PackageParser( 1021): Unknown element under : uses-permission-sdk-23 at /data/app/com.google.android.apps.photos-6.apk Binary XML file line #1520
W/PackageParser( 1021): Unknown element under : uses-permission-sdk-23 at /data/app/com.google.android.apps.photos-6.apk Binary XML file line #1521
E/AudioPolicyService( 148): getParamFromPolicy : enter , keys = audioParam;outDevice
E/audio_policy_mrvl( 148): mrvl_ap_getParamFromPolicy: audioParam;outDevice
V/audio_policy_mrvl( 148): get_new_device: Selected device 0
I/audio_policy_mrvl( 148): get_device_for_strategy: Strategy 0, device 2
W/PackageParser( 1021): Unknown element under : enable-feature at /data/app/com.skype.raider-2.apk Binary XML file line #151
W/PackageParser( 1021): No actions in intent filter at /data/app/com.skype.raider-2.apk Binary XML file line #221
E/AudioPolicyService( 148): getParamFromPolicy : enter , keys = audioParam;outDevice
E/audio_policy_mrvl( 148): mrvl_ap_getParamFromPolicy: audioParam;outDevice
V/audio_policy_mrvl( 148): get_new_device: Selected device 0
I/audio_policy_mrvl( 148): get_device_for_strategy: Strategy 0, device 2
D/SensorBase( 1021): Using /dev/input/event2 (name=accelerometer_sensor)
D/Sensors ( 1021): open_sensors
D/Sensors ( 1021): +poll__activate: handle=0 enabled=0
D/Sensors ( 1021): Accelerometer: mEnabled = 0
I/SensorService( 1021): BMA254
D/SensorService( 1021): AutoRotationSensor:: AutoRotationSensor Registered!!!!
D/SensorService( 1021): Max socket buffer size 163840
I/RemoteDesktopService( 1021): RemoteDesktopService started (pid=1021)
D/SensorService( 1021): nuSensorService thread starting...
I/SurfaceFlinger( 144): SurfaceFlinger::getDefaultHardwareDisplayInfo
I/SurfaceFlinger( 144): SurfaceFlinger::getDefaultHardwareDisplayInfo PrimaryDisplay
I/RemoteDesktopService( 1021): RemoteDesktopService::initHardwareScreenInfo() w = 800, h = 1280 format = 44
E/AudioPolicyService( 148): getParamFromPolicy : enter , keys = audioParam;outDevice
E/audio_policy_mrvl( 148): mrvl_ap_getParamFromPolicy: audioParam;outDevice
V/audio_policy_mrvl( 148): get_new_device: Selected device 0
I/audio_policy_mrvl( 148): get_device_for_strategy: Strategy 0, device 2
W/ResourceType( 1021): Failure getting entry for 0x7f08007d (t=7 e=125) in package 0 (error -75)
W/ResourceType( 1021): Failure getting entry for 0x7f08007e (t=7 e=126) in package 0 (error -75)
W/ResourceType( 1021): Failure getting entry for 0x7f08007f (t=7 e=127) in package 0 (error -75)
W/ResourceType( 1021): Failure getting entry for 0x7f080080 (t=7 e=128) in package 0 (error -75)
W/PackageParser( 1021): Unknown element under : enable-feature at /data/app/com.snrblabs.grooveip-2.apk Binary XML file line #338
D/dalvikvm( 1021): JIT code cache reset in 0 ms (0 bytes 5/0)
E/AudioPolicyService( 148): getParamFromPolicy : enter , keys = audioParam;outDevice
E/audio_policy_mrvl( 148): mrvl_ap_getParamFromPolicy: audioParam;outDevice
V/audio_policy_mrvl( 148): get_new_device: Selected device 0
I/audio_policy_mrvl( 148): get_device_for_strategy: Strategy 0, device 2
D/dalvikvm( 1021): GC_CONCURRENT freed 825K, 13% free 18830K/21400K, paused 9ms+6ms, total 89ms
D/dalvikvm( 1021): WAIT_FOR_CONCURRENT_GC blocked 68ms
D/dalvikvm( 1021): WAIT_FOR_CONCURRENT_GC blocked 60ms
D/dalvikvm( 1021): WAIT_FOR_CONCURRENT_GC blocked 53ms
D/dalvikvm( 1021): WAIT_FOR_CONCURRENT_GC blocked 64ms
D/dalvikvm( 1021): WAIT_FOR_CONCURRENT_GC blocked 16ms
D/dalvikvm( 1021): WAIT_FOR_CONCURRENT_GC blocked 71ms
D/dalvikvm( 1021): WAIT_FOR_CONCURRENT_GC blocked 38ms
D/dalvikvm( 419): GC_CONCURRENT freed 4163K, 51% free 8724K/17620K, paused 1ms+3ms, total 18ms
W/PackageParser( 1021): No actions in intent filter at /system/app/MtpApplication.apk Binary XML file line #37
E/AudioPolicyService( 148): getParamFromPolicy : enter , keys = audioParam;outDevice
E/audio_policy_mrvl( 148): mrvl_ap_getParamFromPolicy: audioParam;outDevice
V/audio_policy_mrvl( 148): get_new_device: Selected device 0
I/audio_policy_mrvl( 148): get_device_for_strategy: Strategy 0, device 2
W/PackageParser( 1021): Unknown element under : category at /data/app/com.finalwire.aida64-1.apk Binary XML file line #57
W/ResourceType( 1021): Failure getting entry for 0x7f060000 (t=5 e=0) in package 0 (error -75)
E/AudioPolicyService( 148): getParamFromPolicy : enter , keys = audioParam;outDevice
E/audio_policy_mrvl( 148): mrvl_ap_getParamFromPolicy: audioParam;outDevice
V/audio_policy_mrvl( 148): get_new_device: Selected device 0
I/audio_policy_mrvl( 148): get_device_for_strategy: Strategy 0, device 2
W/ResourceType( 1021): Failure getting entry for 0x7f020000 (t=1 e=0) in package 0 (error -75)
E/AudioPolicyService( 148): getParamFromPolicy : enter , keys = audioParam;outDevice
E/audio_policy_mrvl( 148): mrvl_ap_getParamFromPolicy: audioParam;outDevice
V/audio_policy_mrvl( 148): get_new_device: Selected device 0
I/audio_policy_mrvl( 148): get_device_for_strategy: Strategy 0, device 2
W/ResourceType( 1021): Failure getting entry for 0x7f02000b (t=1 e=11) in package 0 (error -75)
W/ResourceType( 1021): Failure getting entry for 0x7f020011 (t=1 e=17) in package 0 (error -75)
I/PackageParser( 1021): com.example.android: compat added android.permission.WRITE_EXTERNAL_STORAGE android.permission.READ_PHONE_STATE
W/ResourceType( 1021): Failure getting entry for 0x7f020002 (t=1 e=2) in package 0 (error -75)
W/ResourceType( 1021): Failure getting entry for 0x7f020002 (t=1 e=2) in package 0 (error -75)
W/ResourceType( 1021): Failure getting entry for 0x7f020002 (t=1 e=2) in package 0 (error -75)
W/ResourceType( 1021): Failure getting entry for 0x7f020002 (t=1 e=2) in package 0 (error -75)
W/ResourceType( 1021): Failure getting entry for 0x7f020002 (t=1 e=2) in package 0 (error -75)
W/ResourceType( 1021): Failure getting entry for 0x7f1001c4 (t=15 e=452) in package 0 (error -75)
W/ResourceType( 1021): Failure getting entry for 0x7f1001c4 (t=15 e=452) in package 0 (error -75)
W/ResourceType( 1021): Failure getting entry for 0x7f060000 (t=5 e=0) in package 0 (error -75)
W/ResourceType( 1021): Failure getting entry for 0x7f020002 (t=1 e=2) in package 0 (error -75)
W/ResourceType( 1021): Failure getting entry for 0x7f020002 (t=1 e=2) in package 0 (error -75)
W/ResourceType( 1021): Failure getting entry for 0x7f020002 (t=1 e=2) in package 0 (error -75)
W/PackageParser( 1021): No actions in intent filter at /data/app/org.sbtools.gamehack-1.apk Binary XML file line #23
E/AudioPolicyService( 148): getParamFromPolicy : enter , keys = audioParam;outDevice
E/audio_policy_mrvl( 148): mrvl_ap_getParamFromPolicy: audioParam;outDevice
V/audio_policy_mrvl( 148): get_new_device: Selected device 0
I/audio_policy_mrvl( 148): get_device_for_strategy: Strategy 0, device 2
D/dalvikvm( 419): GC_CONCURRENT freed 2087K, 47% free 9432K/17620K, paused 2ms+1ms, total 18ms
E/AudioPolicyService( 148): getParamFromPolicy : enter , keys = audioParam;outDevice
E/audio_policy_mrvl( 148): mrvl_ap_getParamFromPolicy: audioParam;outDevice
V/audio_policy_mrvl( 148): get_new_device: Selected device 0
I/audio_policy_mrvl( 148): get_device_for_strategy: Strategy 0, device 2
E/AudioPolicyService( 148): getParamFromPolicy : enter , keys = audioParam;outDevice
E/audio_policy_mrvl( 148): mrvl_ap_getParamFromPolicy: audioParam;outDevice
V/audio_policy_mrvl( 148): get_new_device: Selected device 0
I/audio_policy_mrvl( 148): get_device_for_strategy: Strategy 0, device 2
D/dalvikvm( 1021): JIT code cache reset in 0 ms (0 bytes 6/0)
D/dalvikvm( 1021): GC_CONCURRENT freed 1010K, 13% free 19886K/22624K, paused 6ms+12ms, total 107ms
D/dalvikvm( 1021): WAIT_FOR_CONCURRENT_GC blocked 56ms
D/dalvikvm( 1021): WAIT_FOR_CONCURRENT_GC blocked 56ms
D/dalvikvm( 1021): WAIT_FOR_CONCURRENT_GC blocked 56ms
D/dalvikvm( 1021): WAIT_FOR_CONCURRENT_GC blocked 53ms
D/dalvikvm( 1021): WAIT_FOR_CONCURRENT_GC blocked 64ms
D/dalvikvm( 1021): WAIT_FOR_CONCURRENT_GC blocked 17ms
W/ResourceType( 1021): Failure getting entry for 0x7f020003 (t=1 e=3) in package 0 (error -75)
E/AudioPolicyService( 148): getParamFromPolicy : enter , keys = audioParam;outDevice
E/audio_policy_mrvl( 148): mrvl_ap_getParamFromPolicy: audioParam;outDevice
V/audio_policy_mrvl( 148): get_new_device: Selected device 0
I/audio_policy_mrvl( 148): get_device_for_strategy: Strategy 0, device 2
D/dalvikvm( 419): GC_CONCURRENT freed 2913K, 46% free 9640K/17620K, paused 1ms+1ms, total 20ms
W/PackageParser( 1021): No actions in intent filter at /system/app/CMFileManager.apk Binary XML file line #137
E/AudioPolicyService( 148): getParamFromPolicy : enter , keys = audioParam;outDevice
E/audio_policy_mrvl( 148): mrvl_ap_getParamFromPolicy: audioParam;outDevice
V/audio_policy_mrvl( 148): get_new_device: Selected device 0
I/audio_policy_mrvl( 148): get_device_for_strategy: Strategy 0, device 2
I/Xposed ( 1021): TW Seekbar KK path
I/Xposed ( 1021): TW: unsupported action
E/AudioPolicyService( 148): getParamFromPolicy : enter , keys = audioParam;outDevice
E/audio_policy_mrvl( 148): mrvl_ap_getParamFromPolicy: audioParam;outDevice
V/audio_policy_mrvl( 148): get_new_device: Selected device 0
I/audio_policy_mrvl( 148): get_device_for_strategy: Strategy 0, device 2
I/Xposed ( 1021): Theming Touch framework..
E/AudioPolicyService( 148): getParamFromPolicy : enter , keys = audioParam;outDevice
E/audio_policy_mrvl( 148): mrvl_ap_getParamFromPolicy: audioParam;outDevice
V/audio_policy_mrvl( 148): get_new_device: Selected device 0
I/audio_policy_mrvl( 148): get_device_for_strategy: Strategy 0, device 2
D/dalvikvm( 1021): GC_CONCURRENT freed 2149K, 17% free 19782K/23680K, paused 3ms+6ms, total 98ms
D/dalvikvm( 1021): WAIT_FOR_CONCURRENT_GC blocked 54ms
D/dalvikvm( 419): GC_CONCURRENT freed 3378K, 47% free 9466K/17620K, paused 1ms+1ms, total 16ms
D/dalvikvm( 1021): WAIT_FOR_CONCURRENT_GC blocked 55ms
D/dalvikvm( 1021): WAIT_FOR_CONCURRENT_GC blocked 57ms
D/dalvikvm( 1021): WAIT_FOR_CONCURRENT_GC blocked 39ms
D/dalvikvm( 1021): WAIT_FOR_CONCURRENT_GC blocked 63ms
D/dalvikvm( 1021): WAIT_FOR_CONCURRENT_GC blocked 67ms
I/Xposed ( 1021): android.content.res.Resources$NotFoundException: android:drawable/tw_ab_bottom_transparent_dark_holo
I/Xposed ( 1021): at android.content.res.XResources.setSystemWideReplacement(XResources.java:325)
I/Xposed ( 1021): at com.kuaq.monsterui.touchwiz.TouchFramework.handleLoadPackage(TouchFramework.java:17)
I/Xposed ( 1021): at com.kuaq.monsterui.ModuleTest.handleLoadPackage(ModuleTest.java:274)
