I/audio_policy_mrvl( 148): get_device_for_strategy: Strategy 0, device 2
E/AudioPolicyService( 148): getParamFromPolicy : enter , keys = audioParam;outDevice
E/audio_policy_mrvl( 148): mrvl_ap_getParamFromPolicy: audioParam;outDevice
V/audio_policy_mrvl( 148): get_new_device: Selected device 0
I/audio_policy_mrvl( 148): get_device_for_strategy: Strategy 0, device 2
E/AudioPolicyService( 148): getParamFromPolicy : enter , keys = audioParam;outDevice
E/audio_policy_mrvl( 148): mrvl_ap_getParamFromPolicy: audioParam;outDevice
V/audio_policy_mrvl( 148): get_new_device: Selected device 0
I/audio_policy_mrvl( 148): get_device_for_strategy: Strategy 0, device 2
D/dalvikvm( 419): GC_CONCURRENT freed 3096K, 47% free 9502K/17620K, paused 1ms+1ms, total 17ms
D/dalvikvm( 1021): GC_CONCURRENT freed 1112K, 26% free 27418K/36896K, paused 4ms+7ms, total 193ms
D/dalvikvm( 1021): WAIT_FOR_CONCURRENT_GC blocked 167ms
E/AudioPolicyService( 148): getParamFromPolicy : enter , keys = audioParam;outDevice
E/audio_policy_mrvl( 148): mrvl_ap_getParamFromPolicy: audioParam;outDevice
V/audio_policy_mrvl( 148): get_new_device: Selected device 0
I/audio_policy_mrvl( 148): get_device_for_strategy: Strategy 0, device 2
E/AudioPolicyService( 148): getParamFromPolicy : enter , keys = audioParam;outDevice
E/audio_policy_mrvl( 148): mrvl_ap_getParamFromPolicy: audioParam;outDevice
V/audio_policy_mrvl( 148): get_new_device: Selected device 0
I/audio_policy_mrvl( 148): get_device_for_strategy: Strategy 0, device 2
E/AudioPolicyService( 148): getParamFromPolicy : enter , keys = audioParam;outDevice
E/audio_policy_mrvl( 148): mrvl_ap_getParamFromPolicy: audioParam;outDevice
V/audio_policy_mrvl( 148): get_new_device: Selected device 0
I/audio_policy_mrvl( 148): get_device_for_strategy: Strategy 0, device 2
E/AudioPolicyService( 148): getParamFromPolicy : enter , keys = audioParam;outDevice
E/audio_policy_mrvl( 148): mrvl_ap_getParamFromPolicy: audioParam;outDevice
V/audio_policy_mrvl( 148): get_new_device: Selected device 0
I/audio_policy_mrvl( 148): get_device_for_strategy: Strategy 0, device 2
E/AudioPolicyService( 148): getParamFromPolicy : enter , keys = audioParam;outDevice
E/audio_policy_mrvl( 148): mrvl_ap_getParamFromPolicy: audioParam;outDevice
V/audio_policy_mrvl( 148): get_new_device: Selected device 0
I/audio_policy_mrvl( 148): get_device_for_strategy: Strategy 0, device 2
E/BufferQueue( 144): [CFSurface] dequeueBuffer: min undequeued buffer count (1) exceeded (dequeued=2 undequeudCount=0)
E/BufferQueue( 144): [CFSurface] dequeueBuffer: min undequeued buffer count (1) exceeded (dequeued=2 undequeudCount=0)
E/BufferQueue( 144): [CFSurface] dequeueBuffer: min undequeued buffer count (1) exceeded (dequeued=2 undequeudCount=0)
E/BufferQueue( 144): [CFSurface] dequeueBuffer: min undequeued buffer count (1) exceeded (dequeued=2 undequeudCount=0)
E/AudioPolicyService( 148): getParamFromPolicy : enter , keys = audioParam;outDevice
E/audio_policy_mrvl( 148): mrvl_ap_getParamFromPolicy: audioParam;outDevice
V/audio_policy_mrvl( 148): get_new_device: Selected device 0
I/audio_policy_mrvl( 148): get_device_for_strategy: Strategy 0, device 2
E/AudioPolicyService( 148): getParamFromPolicy : enter , keys = audioParam;outDevice
E/audio_policy_mrvl( 148): mrvl_ap_getParamFromPolicy: audioParam;outDevice
V/audio_policy_mrvl( 148): get_new_device: Selected device 0
I/audio_policy_mrvl( 148): get_device_for_strategy: Strategy 0, device 2
D/dalvikvm( 419): GC_CONCURRENT freed 3094K, 47% free 9450K/17620K, paused 1ms+3ms, total 15ms
E/AudioPolicyService( 148): getParamFromPolicy : enter , keys = audioParam;outDevice
E/audio_policy_mrvl( 148): mrvl_ap_getParamFromPolicy: audioParam;outDevice
V/audio_policy_mrvl( 148): get_new_device: Selected device 0
I/audio_policy_mrvl( 148): get_device_for_strategy: Strategy 0, device 2
E/AudioPolicyService( 148): getParamFromPolicy : enter , keys = audioParam;outDevice
E/audio_policy_mrvl( 148): mrvl_ap_getParamFromPolicy: audioParam;outDevice
V/audio_policy_mrvl( 148): get_new_device: Selected device 0
I/audio_policy_mrvl( 148): get_device_for_strategy: Strategy 0, device 2
D/dalvikvm( 1021): GC_CONCURRENT freed 2934K, 27% free 27134K/36896K, paused 5ms+9ms, total 185ms
D/dalvikvm( 1021): WAIT_FOR_CONCURRENT_GC blocked 141ms
E/AudioPolicyService( 148): getParamFromPolicy : enter , keys = audioParam;outDevice
E/audio_policy_mrvl( 148): mrvl_ap_getParamFromPolicy: audioParam;outDevice
V/audio_policy_mrvl( 148): get_new_device: Selected device 0
I/audio_policy_mrvl( 148): get_device_for_strategy: Strategy 0, device 2
E/AudioPolicyService( 148): getParamFromPolicy : enter , keys = audioParam;outDevice
E/audio_policy_mrvl( 148): mrvl_ap_getParamFromPolicy: audioParam;outDevice
V/audio_policy_mrvl( 148): get_new_device: Selected device 0
I/audio_policy_mrvl( 148): get_device_for_strategy: Strategy 0, device 2
E/AudioPolicyService( 148): getParamFromPolicy : enter , keys = audioParam;outDevice
E/audio_policy_mrvl( 148): mrvl_ap_getParamFromPolicy: audioParam;outDevice
V/audio_policy_mrvl( 148): get_new_device: Selected device 0
I/audio_policy_mrvl( 148): get_device_for_strategy: Strategy 0, device 2
E/AudioPolicyService( 148): getParamFromPolicy : enter , keys = audioParam;outDevice
E/audio_policy_mrvl( 148): mrvl_ap_getParamFromPolicy: audioParam;outDevice
V/audio_policy_mrvl( 148): get_new_device: Selected device 0
I/audio_policy_mrvl( 148): get_device_for_strategy: Strategy 0, device 2
E/AudioPolicyService( 148): getParamFromPolicy : enter , keys = audioParam;outDevice
E/audio_policy_mrvl( 148): mrvl_ap_getParamFromPolicy: audioParam;outDevice
V/audio_policy_mrvl( 148): get_new_device: Selected device 0
I/audio_policy_mrvl( 148): get_device_for_strategy: Strategy 0, device 2
E/AudioPolicyService( 148): getParamFromPolicy : enter , keys = audioParam;outDevice
E/audio_policy_mrvl( 148): mrvl_ap_getParamFromPolicy: audioParam;outDevice
V/audio_policy_mrvl( 148): get_new_device: Selected device 0
I/audio_policy_mrvl( 148): get_device_for_strategy: Strategy 0, device 2
D/dalvikvm( 419): GC_CONCURRENT freed 3040K, 47% free 9449K/17620K, paused 2ms+1ms, total 20ms
E/AudioPolicyService( 148): getParamFromPolicy : enter , keys = audioParam;outDevice
E/audio_policy_mrvl( 148): mrvl_ap_getParamFromPolicy: audioParam;outDevice
V/audio_policy_mrvl( 148): get_new_device: Selected device 0
I/audio_policy_mrvl( 148): get_device_for_strategy: Strategy 0, device 2
E/AudioPolicyService( 148): getParamFromPolicy : enter , keys = audioParam;outDevice
E/audio_policy_mrvl( 148): mrvl_ap_getParamFromPolicy: audioParam;outDevice
V/audio_policy_mrvl( 148): get_new_device: Selected device 0
I/audio_policy_mrvl( 148): get_device_for_strategy: Strategy 0, device 2
E/AudioPolicyService( 148): getParamFromPolicy : enter , keys = audioParam;outDevice
E/audio_policy_mrvl( 148): mrvl_ap_getParamFromPolicy: audioParam;outDevice
V/audio_policy_mrvl( 148): get_new_device: Selected device 0
I/audio_policy_mrvl( 148): get_device_for_strategy: Strategy 0, device 2
I/PackageManager( 1021): /data/app/media.hd.video.player-1.apk changed; collecting certs
W/PackageManager( 1021): Application package mobi.infolife.ezweather already installed. Skipping duplicate.
E/AudioPolicyService( 148): getParamFromPolicy : enter , keys = audioParam;outDevice
E/audio_policy_mrvl( 148): mrvl_ap_getParamFromPolicy: audioParam;outDevice
V/audio_policy_mrvl( 148): get_new_device: Selected device 0
I/audio_policy_mrvl( 148): get_device_for_strategy: Strategy 0, device 2
E/AudioPolicyService( 148): getParamFromPolicy : enter , keys = audioParam;outDevice
E/audio_policy_mrvl( 148): mrvl_ap_getParamFromPolicy: audioParam;outDevice
V/audio_policy_mrvl( 148): get_new_device: Selected device 0
I/audio_policy_mrvl( 148): get_device_for_strategy: Strategy 0, device 2
E/AudioPolicyService( 148): getParamFromPolicy : enter , keys = audioParam;outDevice
E/audio_policy_mrvl( 148): mrvl_ap_getParamFromPolicy: audioParam;outDevice
V/audio_policy_mrvl( 148): get_new_device: Selected device 0
I/audio_policy_mrvl( 148): get_device_for_strategy: Strategy 0, device 2
D/dalvikvm( 1021): GC_CONCURRENT freed 2331K, 26% free 27382K/36896K, paused 5ms+41ms, total 209ms
D/dalvikvm( 1021): WAIT_FOR_CONCURRENT_GC blocked 189ms
E/AudioPolicyService( 148): getParamFromPolicy : enter , keys = audioParam;outDevice
E/audio_policy_mrvl( 148): mrvl_ap_getParamFromPolicy: audioParam;outDevice
V/audio_policy_mrvl( 148): get_new_device: Selected device 0
I/audio_policy_mrvl( 148): get_device_for_strategy: Strategy 0, device 2
E/AudioPolicyService( 148): getParamFromPolicy : enter , keys = audioParam;outDevice
E/audio_policy_mrvl( 148): mrvl_ap_getParamFromPolicy: audioParam;outDevice
V/audio_policy_mrvl( 148): get_new_device: Selected device 0
I/audio_policy_mrvl( 148): get_device_for_strategy: Strategy 0, device 2
D/dalvikvm( 419): GC_CONCURRENT freed 3148K, 47% free 9451K/17620K, paused 2ms+1ms, total 17ms
E/AudioPolicyService( 148): getParamFromPolicy : enter , keys = audioParam;outDevice
E/audio_policy_mrvl( 148): mrvl_ap_getParamFromPolicy: audioParam;outDevice
V/audio_policy_mrvl( 148): get_new_device: Selected device 0
I/audio_policy_mrvl( 148): get_device_for_strategy: Strategy 0, device 2
E/AudioPolicyService( 148): getParamFromPolicy : enter , keys = audioParam;outDevice
E/audio_policy_mrvl( 148): mrvl_ap_getParamFromPolicy: audioParam;outDevice
V/audio_policy_mrvl( 148): get_new_device: Selected device 0
I/audio_policy_mrvl( 148): get_device_for_strategy: Strategy 0, device 2
D/dalvikvm( 1021): GC_CONCURRENT freed 4396K, 31% free 25627K/36896K, paused 3ms+6ms, total 174ms
D/dalvikvm( 1021): WAIT_FOR_CONCURRENT_GC blocked 149ms
E/AudioPolicyService( 148): getParamFromPolicy : enter , keys = audioParam;outDevice
E/audio_policy_mrvl( 148): mrvl_ap_getParamFromPolicy: audioParam;outDevice
V/audio_policy_mrvl( 148): get_new_device: Selected device 0
I/audio_policy_mrvl( 148): get_device_for_strategy: Strategy 0, device 2
E/AudioPolicyService( 148): getParamFromPolicy : enter , keys = audioParam;outDevice
E/audio_policy_mrvl( 148): mrvl_ap_getParamFromPolicy: audioParam;outDevice
V/audio_policy_mrvl( 148): get_new_device: Selected device 0
I/audio_policy_mrvl( 148): get_device_for_strategy: Strategy 0, device 2
E/AudioPolicyService( 148): getParamFromPolicy : enter , keys = audioParam;outDevice
E/audio_policy_mrvl( 148): mrvl_ap_getParamFromPolicy: audioParam;outDevice
V/audio_policy_mrvl( 148): get_new_device: Selected device 0
I/audio_policy_mrvl( 148): get_device_for_strategy: Strategy 0, device 2
E/AudioPolicyService( 148): getParamFromPolicy : enter , keys = audioParam;outDevice
E/audio_policy_mrvl( 148): mrvl_ap_getParamFromPolicy: audioParam;outDevice
V/audio_policy_mrvl( 148): get_new_device: Selected device 0
I/audio_policy_mrvl( 148): get_device_for_strategy: Strategy 0, device 2
E/AudioPolicyService( 148): getParamFromPolicy : enter , keys = audioParam;outDevice
E/audio_policy_mrvl( 148): mrvl_ap_getParamFromPolicy: audioParam;outDevice
V/audio_policy_mrvl( 148): get_new_device: Selected device 0
I/audio_policy_mrvl( 148): get_device_for_strategy: Strategy 0, device 2
E/AudioPolicyService( 148): getParamFromPolicy : enter , keys = audioParam;outDevice
E/audio_policy_mrvl( 148): mrvl_ap_getParamFromPolicy: audioParam;outDevice
V/audio_policy_mrvl( 148): get_new_device: Selected device 0
I/audio_policy_mrvl( 148): get_device_for_strategy: Strategy 0, device 2
D/dalvikvm( 419): GC_CONCURRENT freed 3104K, 47% free 9456K/17620K, paused 1ms+2ms, total 25ms
E/AudioPolicyService( 148): getParamFromPolicy : enter , keys = audioParam;outDevice
E/audio_policy_mrvl( 148): mrvl_ap_getParamFromPolicy: audioParam;outDevice
V/audio_policy_mrvl( 148): get_new_device: Selected device 0
I/audio_policy_mrvl( 148): get_device_for_strategy: Strategy 0, device 2
D/dalvikvm( 1021): GC_CONCURRENT freed 2164K, 31% free 25665K/36896K, paused 5ms+9ms, total 178ms
D/dalvikvm( 1021): WAIT_FOR_CONCURRENT_GC blocked 122ms
E/AudioPolicyService( 148): getParamFromPolicy : enter , keys = audioParam;outDevice
E/audio_policy_mrvl( 148): mrvl_ap_getParamFromPolicy: audioParam;outDevice
V/audio_policy_mrvl( 148): get_new_device: Selected device 0
I/audio_policy_mrvl( 148): get_device_for_strategy: Strategy 0, device 2
E/AudioPolicyService( 148): getParamFromPolicy : enter , keys = audioParam;outDevice
E/audio_policy_mrvl( 148): mrvl_ap_getParamFromPolicy: audioParam;outDevice
V/audio_policy_mrvl( 148): get_new_device: Selected device 0
I/audio_policy_mrvl( 148): get_device_for_strategy: Strategy 0, device 2
E/AudioPolicyService( 148): getParamFromPolicy : enter , keys = audioParam;outDevice
E/audio_policy_mrvl( 148): mrvl_ap_getParamFromPolicy: audioParam;outDevice
V/audio_policy_mrvl( 148): get_new_device: Selected device 0
I/audio_policy_mrvl( 148): get_device_for_strategy: Strategy 0, device 2
E/AudioPolicyService( 148): getParamFromPolicy : enter , keys = audioParam;outDevice
E/audio_policy_mrvl( 148): mrvl_ap_getParamFromPolicy: audioParam;outDevice
V/audio_policy_mrvl( 148): get_new_device: Selected device 0
I/audio_policy_mrvl( 148): get_device_for_strategy: Strategy 0, device 2
E/AudioPolicyService( 148): getParamFromPolicy : enter , keys = audioParam;outDevice
E/audio_policy_mrvl( 148): mrvl_ap_getParamFromPolicy: audioParam;outDevice
V/audio_policy_mrvl( 148): get_new_device: Selected device 0
I/audio_policy_mrvl( 148): get_device_for_strategy: Strategy 0, device 2
E/AudioPolicyService( 148): getParamFromPolicy : enter , keys = audioParam;outDevice
E/audio_policy_mrvl( 148): mrvl_ap_getParamFromPolicy: audioParam;outDevice
V/audio_policy_mrvl( 148): get_new_device: Selected device 0
I/audio_policy_mrvl( 148): get_device_for_strategy: Strategy 0, device 2
E/AudioPolicyService( 148): getParamFromPolicy : enter , keys = audioParam;outDevice
E/audio_policy_mrvl( 148): mrvl_ap_getParamFromPolicy: audioParam;outDevice
V/audio_policy_mrvl( 148): get_new_device: Selected device 0
I/audio_policy_mrvl( 148): get_device_for_strategy: Strategy 0, device 2
D/dalvikvm( 419): GC_CONCURRENT freed 3032K, 47% free 9502K/17620K, paused 0ms+1ms, total 21ms
E/AudioPolicyService( 148): getParamFromPolicy : enter , keys = audioParam;outDevice
E/audio_policy_mrvl( 148): mrvl_ap_getParamFromPolicy: audioParam;outDevice
V/audio_policy_mrvl( 148): get_new_device: Selected device 0
I/audio_policy_mrvl( 148): get_device_for_strategy: Strategy 0, device 2
I/PackageManager( 1021): /data/app/com.teslacoilsw.launcher-2.apk changed; collecting certs
W/PackageManager( 1021): Application package media.hd.video.player already installed. Skipping duplicate.
E/AudioPolicyService( 148): getParamFromPolicy : enter , keys = audioParam;outDevice
E/audio_policy_mrvl( 148): mrvl_ap_getParamFromPolicy: audioParam;outDevice
V/audio_policy_mrvl( 148): get_new_device: Selected device 0
I/audio_policy_mrvl( 148): get_device_for_strategy: Strategy 0, device 2
E/AudioPolicyService( 148): getParamFromPolicy : enter , keys = audioParam;outDevice
E/audio_policy_mrvl( 148): mrvl_ap_getParamFromPolicy: audioParam;outDevice
V/audio_policy_mrvl( 148): get_new_device: Selected device 0
I/audio_policy_mrvl( 148): get_device_for_strategy: Strategy 0, device 2
E/AudioPolicyService( 148): getParamFromPolicy : enter , keys = audioParam;outDevice
E/audio_policy_mrvl( 148): mrvl_ap_getParamFromPolicy: audioParam;outDevice
V/audio_policy_mrvl( 148): get_new_device: Selected device 0
I/audio_policy_mrvl( 148): get_device_for_strategy: Strategy 0, device 2
D/dalvikvm( 1021): GC_CONCURRENT freed 1644K, 29% free 26220K/36896K, paused 3ms+19ms, total 179ms
D/dalvikvm( 1021): WAIT_FOR_CONCURRENT_GC blocked 175ms
E/AudioPolicyService( 148): getParamFromPolicy : enter , keys = audioParam;outDevice
E/audio_policy_mrvl( 148): mrvl_ap_getParamFromPolicy: audioParam;outDevice
V/audio_policy_mrvl( 148): get_new_device: Selected device 0
I/audio_policy_mrvl( 148): get_device_for_strategy: Strategy 0, device 2
E/AudioPolicyService( 148): getParamFromPolicy : enter , keys = audioParam;outDevice
E/audio_policy_mrvl( 148): mrvl_ap_getParamFromPolicy: audioParam;outDevice
V/audio_policy_mrvl( 148): get_new_device: Selected device 0
I/audio_policy_mrvl( 148): get_device_for_strategy: Strategy 0, device 2
E/AudioPolicyService( 148): getParamFromPolicy : enter , keys = audioParam;outDevice
E/audio_policy_mrvl( 148): mrvl_ap_getParamFromPolicy: audioParam;outDevice
V/audio_policy_mrvl( 148): get_new_device: Selected device 0
I/audio_policy_mrvl( 148): get_device_for_strategy: Strategy 0, device 2
E/AudioPolicyService( 148): getParamFromPolicy : enter , keys = audioParam;outDevice
E/audio_policy_mrvl( 148): mrvl_ap_getParamFromPolicy: audioParam;outDevice
V/audio_policy_mrvl( 148): get_new_device: Selected device 0
I/audio_policy_mrvl( 148): get_device_for_strategy: Strategy 0, device 2
D/dalvikvm( 419): GC_CONCURRENT freed 3199K, 47% free 9350K/17620K, paused 2ms+1ms, total 18ms
D/dalvikvm( 1021): GC_CONCURRENT freed 2615K, 30% free 25955K/36896K, paused 16ms+6ms, total 174ms
D/dalvikvm( 1021): WAIT_FOR_CONCURRENT_GC blocked 146ms
E/AudioPolicyService( 148): getParamFromPolicy : enter , keys = audioParam;outDevice
E/audio_policy_mrvl( 148): mrvl_ap_getParamFromPolicy: audioParam;outDevice
V/audio_policy_mrvl( 148): get_new_device: Selected device 0
I/audio_policy_mrvl( 148): get_device_for_strategy: Strategy 0, device 2
I/PackageManager( 1021): /data/app/com.google.android.apps.photos-3.apk changed; collecting certs
W/PackageManager( 1021): Application package com.teslacoilsw.launcher already installed. Skipping duplicate.
E/AudioPolicyService( 148): getParamFromPolicy : enter , keys = audioParam;outDevice
E/audio_policy_mrvl( 148): mrvl_ap_getParamFromPolicy: audioParam;outDevice
V/audio_policy_mrvl( 148): get_new_device: Selected device 0
I/audio_policy_mrvl( 148): get_device_for_strategy: Strategy 0, device 2
E/AudioPolicyService( 148): getParamFromPolicy : enter , keys = audioParam;outDevice
E/audio_policy_mrvl( 148): mrvl_ap_getParamFromPolicy: audioParam;outDevice
V/audio_policy_mrvl( 148): get_new_device: Selected device 0
I/audio_policy_mrvl( 148): get_device_for_strategy: Strategy 0, device 2
D/dalvikvm( 1021): GC_FOR_ALLOC freed 1411K, 28% free 26584K/36896K, paused 144ms, total 144ms
E/AudioPolicyService( 148): getParamFromPolicy : enter , keys = audioParam;outDevice
E/audio_policy_mrvl( 148): mrvl_ap_getParamFromPolicy: audioParam;outDevice
V/audio_policy_mrvl( 148): get_new_device: Selected device 0
I/audio_policy_mrvl( 148): get_device_for_strategy: Strategy 0, device 2
E/AudioPolicyService( 148): getParamFromPolicy : enter , keys = audioParam;outDevice
E/audio_policy_mrvl( 148): mrvl_ap_getParamFromPolicy: audioParam;outDevice
V/audio_policy_mrvl( 148): get_new_device: Selected device 0
I/audio_policy_mrvl( 148): get_device_for_strategy: Strategy 0, device 2
E/AudioPolicyService( 148): getParamFromPolicy : enter , keys = audioParam;outDevice
E/audio_policy_mrvl( 148): mrvl_ap_getParamFromPolicy: audioParam;outDevice
V/audio_policy_mrvl( 148): get_new_device: Selected device 0
I/audio_policy_mrvl( 148): get_device_for_strategy: Strategy 0, device 2
E/AudioPolicyService( 148): getParamFromPolicy : enter , keys = audioParam;outDevice
E/audio_policy_mrvl( 148): mrvl_ap_getParamFromPolicy: audioParam;outDevice
V/audio_policy_mrvl( 148): get_new_device: Selected device 0
I/audio_policy_mrvl( 148): get_device_for_strategy: Strategy 0, device 2
D/dalvikvm( 419): GC_CONCURRENT freed 2901K, 47% free 9450K/17620K, paused 3ms+2ms, total 22ms
E/AudioPolicyService( 148): getParamFromPolicy : enter , keys = audioParam;outDevice
E/audio_policy_mrvl( 148): mrvl_ap_getParamFromPolicy: audioParam;outDevice
V/audio_policy_mrvl( 148): get_new_device: Selected device 0
I/audio_policy_mrvl( 148): get_device_for_strategy: Strategy 0, device 2
D/dalvikvm( 1021): GC_CONCURRENT freed 2913K, 30% free 26097K/36896K, paused 14ms+10ms, total 195ms
D/dalvikvm( 1021): WAIT_FOR_CONCURRENT_GC blocked 176ms
E/AudioPolicyService( 148): getParamFromPolicy : enter , keys = audioParam;outDevice
E/audio_policy_mrvl( 148): mrvl_ap_getParamFromPolicy: audioParam;outDevice
V/audio_policy_mrvl( 148): get_new_device: Selected device 0
I/audio_policy_mrvl( 148): get_device_for_strategy: Strategy 0, device 2
E/AudioPolicyService( 148): getParamFromPolicy : enter , keys = audioParam;outDevice
E/audio_policy_mrvl( 148): mrvl_ap_getParamFromPolicy: audioParam;outDevice
V/audio_policy_mrvl( 148): get_new_device: Selected device 0
I/audio_policy_mrvl( 148): get_device_for_strategy: Strategy 0, device 2
E/AudioPolicyService( 148): getParamFromPolicy : enter , keys = audioParam;outDevice
E/audio_policy_mrvl( 148): mrvl_ap_getParamFromPolicy: audioParam;outDevice
V/audio_policy_mrvl( 148): get_new_device: Selected device 0
I/audio_policy_mrvl( 148): get_device_for_strategy: Strategy 0, device 2
E/AudioPolicyService( 148): getParamFromPolicy : enter , keys = audioParam;outDevice
E/audio_policy_mrvl( 148): mrvl_ap_getParamFromPolicy: audioParam;outDevice
V/audio_policy_mrvl( 148): get_new_device: Selected device 0
I/audio_policy_mrvl( 148): get_device_for_strategy: Strategy 0, device 2
E/AudioPolicyService( 148): getParamFromPolicy : enter , keys = audioParam;outDevice
E/audio_policy_mrvl( 148): mrvl_ap_getParamFromPolicy: audioParam;outDevice
V/audio_policy_mrvl( 148): get_new_device: Selected device 0
I/audio_policy_mrvl( 148): get_device_for_strategy: Strategy 0, device 2
E/AudioPolicyService( 148): getParamFromPolicy : enter , keys = audioParam;outDevice
E/audio_policy_mrvl( 148): mrvl_ap_getParamFromPolicy: audioParam;outDevice
V/audio_policy_mrvl( 148): get_new_device: Selected device 0
I/audio_policy_mrvl( 148): get_device_for_strategy: Strategy 0, device 2
E/AudioPolicyService( 148): getParamFromPolicy : enter , keys = audioParam;outDevice
E/audio_policy_mrvl( 148): mrvl_ap_getParamFromPolicy: audioParam;outDevice
V/audio_policy_mrvl( 148): get_new_device: Selected device 0
I/audio_policy_mrvl( 148): get_device_for_strategy: Strategy 0, device 2
D/dalvikvm( 419): GC_CONCURRENT freed 3034K, 47% free 9452K/17620K, paused 3ms+1ms, total 19ms
E/AudioPolicyService( 148): getParamFromPolicy : enter , keys = audioParam;outDevice
E/audio_policy_mrvl( 148): mrvl_ap_getParamFromPolicy: audioParam;outDevice
V/audio_policy_mrvl( 148): get_new_device: Selected device 0
I/audio_policy_mrvl( 148): get_device_for_strategy: Strategy 0, device 2
E/AudioPolicyService( 148): getParamFromPolicy : enter , keys = audioParam;outDevice
E/audio_policy_mrvl( 148): mrvl_ap_getParamFromPolicy: audioParam;outDevice
V/audio_policy_mrvl( 148): get_new_device: Selected device 0
I/audio_policy_mrvl( 148): get_device_for_strategy: Strategy 0, device 2 4,1009,41382629,-;[c0] reclaimed 1636 (swapped 886) pages.
E/AudioPolicyService( 148): getParamFromPolicy : enter , keys = audioParam;outDevice
E/audio_policy_mrvl( 148): mrvl_ap_getParamFromPolicy: audioParam;outDevice
V/audio_policy_mrvl( 148): get_new_device: Selected device 0
I/audio_policy_mrvl( 148): get_device_for_strategy: Strategy 0, device 2
E/AudioPolicyService( 148): getParamFromPolicy : enter , keys = audioParam;outDevice
E/audio_policy_mrvl( 148): mrvl_ap_getParamFromPolicy: audioParam;outDevice
V/audio_policy_mrvl( 148): get_new_device: Selected device 0
I/audio_policy_mrvl( 148): get_device_for_strategy: Strategy 0, device 2
E/AudioPolicyService( 148): getParamFromPolicy : enter , keys = audioParam;outDevice
E/audio_policy_mrvl( 148): mrvl_ap_getParamFromPolicy: audioParam;outDevice
V/audio_policy_mrvl( 148): get_new_device: Selected device 0
I/audio_policy_mrvl( 148): get_device_for_strategy: Strategy 0, device 2
E/AudioPolicyService( 148): getParamFromPolicy : enter , keys = audioParam;outDevice
E/audio_policy_mrvl( 148): mrvl_ap_getParamFromPolicy: audioParam;outDevice
V/audio_policy_mrvl( 148): get_new_device: Selected device 0
I/audio_policy_mrvl( 148): get_device_for_strategy: Strategy 0, device 2
E/AudioPolicyService( 148): getParamFromPolicy : enter , keys = audioParam;outDevice
E/audio_policy_mrvl( 148): mrvl_ap_getParamFromPolicy: audioParam;outDevice
V/audio_policy_mrvl( 148): get_new_device: Selected device 0
I/audio_policy_mrvl( 148): get_device_for_strategy: Strategy 0, device 2
E/AudioPolicyService( 148): getParamFromPolicy : enter , keys = audioParam;outDevice
E/audio_policy_mrvl( 148): mrvl_ap_getParamFromPolicy: audioParam;outDevice
V/audio_policy_mrvl( 148): get_new_device: Selected device 0
I/audio_policy_mrvl( 148): get_device_for_strategy: Strategy 0, device 2
E/AudioPolicyService( 148): getParamFromPolicy : enter , keys = audioParam;outDevice
E/audio_policy_mrvl( 148): mrvl_ap_getParamFromPolicy: audioParam;outDevice
V/audio_policy_mrvl( 148): get_new_device: Selected device 0
I/audio_policy_mrvl( 148): get_device_for_strategy: Strategy 0, device 2
D/dalvikvm( 419): GC_CONCURRENT freed 3032K, 47% free 9499K/17620K, paused 1ms+1ms, total 18ms
D/dalvikvm( 1021): GC_CONCURRENT freed 2027K, 29% free 26389K/36896K, paused 6ms+9ms, total 187ms
D/dalvikvm( 1021): WAIT_FOR_CONCURRENT_GC blocked 151ms
E/AudioPolicyService( 148): getParamFromPolicy : enter , keys = audioParam;outDevice
E/audio_policy_mrvl( 148): mrvl_ap_getParamFromPolicy: audioParam;outDevice
V/audio_policy_mrvl( 148): get_new_device: Selected device 0
I/audio_policy_mrvl( 148): get_device_for_strategy: Strategy 0, device 2
E/AudioPolicyService( 148): getParamFromPolicy : enter , keys = audioParam;outDevice
E/audio_policy_mrvl( 148): mrvl_ap_getParamFromPolicy: audioParam;outDevice
V/audio_policy_mrvl( 148): get_new_device: Selected device 0
I/audio_policy_mrvl( 148): get_device_for_strategy: Strategy 0, device 2
E/AudioPolicyService( 148): getParamFromPolicy : enter , keys = audioParam;outDevice
E/audio_policy_mrvl( 148): mrvl_ap_getParamFromPolicy: audioParam;outDevice
V/audio_policy_mrvl( 148): get_new_device: Selected device 0
I/audio_policy_mrvl( 148): get_device_for_strategy: Strategy 0, device 2
E/AudioPolicyService( 148): getParamFromPolicy : enter , keys = audioParam;outDevice
E/audio_policy_mrvl( 148): mrvl_ap_getParamFromPolicy: audioParam;outDevice
V/audio_policy_mrvl( 148): get_new_device: Selected device 0
I/audio_policy_mrvl( 148): get_device_for_strategy: Strategy 0, device 2
E/AudioPolicyService( 148): getParamFromPolicy : enter , keys = audioParam;outDevice
E/audio_policy_mrvl( 148): mrvl_ap_getParamFromPolicy: audioParam;outDevice
V/audio_policy_mrvl( 148): get_new_device: Selected device 0
I/audio_policy_mrvl( 148): get_device_for_strategy: Strategy 0, device 2
E/AudioPolicyService( 148): getParamFromPolicy : enter , keys = audioParam;outDevice
E/audio_policy_mrvl( 148): mrvl_ap_getParamFromPolicy: audioParam;outDevice
V/audio_policy_mrvl( 148): get_new_device: Selected device 0
I/audio_policy_mrvl( 148): get_device_for_strategy: Strategy 0, device 2
E/AudioPolicyService( 148): getParamFromPolicy : enter , keys = audioParam;outDevice
E/audio_policy_mrvl( 148): mrvl_ap_getParamFromPolicy: audioParam;outDevice
V/audio_policy_mrvl( 148): get_new_device: Selected device 0
I/audio_policy_mrvl( 148): get_device_for_strategy: Strategy 0, device 2
E/AudioPolicyService( 148): getParamFromPolicy : enter , keys = audioParam;outDevice
E/audio_policy_mrvl( 148): mrvl_ap_getParamFromPolicy: audioParam;outDevice
V/audio_policy_mrvl( 148): get_new_device: Selected device 0
I/audio_policy_mrvl( 148): get_device_for_strategy: Strategy 0, device 2
D/dalvikvm( 419): GC_CONCURRENT freed 3247K, 47% free 9399K/17620K, paused 1ms+2ms, total 16ms
D/dalvikvm( 419): WAIT_FOR_CONCURRENT_GC blocked 10ms
E/AudioPolicyService( 148): getParamFromPolicy : enter , keys = audioParam;outDevice
E/audio_policy_mrvl( 148): mrvl_ap_getParamFromPolicy: audioParam;outDevice
V/audio_policy_mrvl( 148): get_new_device: Selected device 0
I/audio_policy_mrvl( 148): get_device_for_strategy: Strategy 0, device 2
D/dalvikvm( 1021): GC_CONCURRENT freed 2215K, 28% free 26566K/36896K, paused 7ms+10ms, total 171ms
D/dalvikvm( 1021): WAIT_FOR_CONCURRENT_GC blocked 109ms
E/AudioPolicyService( 148): getParamFromPolicy : enter , keys = audioParam;outDevice
E/audio_policy_mrvl( 148): mrvl_ap_getParamFromPolicy: audioParam;outDevice
V/audio_policy_mrvl( 148): get_new_device: Selected device 0
I/audio_policy_mrvl( 148): get_device_for_strategy: Strategy 0, device 2
E/AudioPolicyService( 148): getParamFromPolicy : enter , keys = audioParam;outDevice
E/audio_policy_mrvl( 148): mrvl_ap_getParamFromPolicy: audioParam;outDevice
V/audio_policy_mrvl( 148): get_new_device: Selected device 0
I/audio_policy_mrvl( 148): get_device_for_strategy: Strategy 0, device 2
I/PackageManager( 1021): /data/app/mobi.infolife.ezweather-4.apk changed; collecting certs
W/PackageManager( 1021): Application package com.google.android.apps.photos already installed. Skipping duplicate.
E/AudioPolicyService( 148): getParamFromPolicy : enter , keys = audioParam;outDevice
E/audio_policy_mrvl( 148): mrvl_ap_getParamFromPolicy: audioParam;outDevice
V/audio_policy_mrvl( 148): get_new_device: Selected device 0
I/audio_policy_mrvl( 148): get_device_for_strategy: Strategy 0, device 2
E/AudioPolicyService( 148): getParamFromPolicy : enter , keys = audioParam;outDevice
E/audio_policy_mrvl( 148): mrvl_ap_getParamFromPolicy: audioParam;outDevice
V/audio_policy_mrvl( 148): get_new_device: Selected device 0
I/audio_policy_mrvl( 148): get_device_for_strategy: Strategy 0, device 2
E/AudioPolicyService( 148): getParamFromPolicy : enter , keys = audioParam;outDevice
E/audio_policy_mrvl( 148): mrvl_ap_getParamFromPolicy: audioParam;outDevice
V/audio_policy_mrvl( 148): get_new_device: Selected device 0
I/audio_policy_mrvl( 148): get_device_for_strategy: Strategy 0, device 2
D/dalvikvm( 1021): GC_CONCURRENT freed 1573K, 26% free 27393K/36896K, paused 4ms+32ms, total 180ms
D/dalvikvm( 1021): WAIT_FOR_CONCURRENT_GC blocked 173ms
E/AudioPolicyService( 148): getParamFromPolicy : enter , keys = audioParam;outDevice
E/audio_policy_mrvl( 148): mrvl_ap_getParamFromPolicy: audioParam;outDevice
V/audio_policy_mrvl( 148): get_new_device: Selected device 0
I/audio_policy_mrvl( 148): get_device_for_strategy: Strategy 0, device 2
D/dalvikvm( 419): GC_CONCURRENT freed 2972K, 47% free 9450K/17620K, paused 2ms+3ms, total 19ms
E/AudioPolicyService( 148): getParamFromPolicy : enter , keys = audioParam;outDevice
E/audio_policy_mrvl( 148): mrvl_ap_getParamFromPolicy: audioParam;outDevice
V/audio_policy_mrvl( 148): get_new_device: Selected device 0
I/audio_policy_mrvl( 148): get_device_for_strategy: Strategy 0, device 2
E/AudioPolicyService( 148): getParamFromPolicy : enter , keys = audioParam;outDevice
E/audio_policy_mrvl( 148): mrvl_ap_getParamFromPolicy: audioParam;outDevice
V/audio_policy_mrvl( 148): get_new_device: Selected device 0
I/audio_policy_mrvl( 148): get_device_for_strategy: Strategy 0, device 2
E/AudioPolicyService( 148): getParamFromPolicy : enter , keys = audioParam;outDevice
E/audio_policy_mrvl( 148): mrvl_ap_getParamFromPolicy: audioParam;outDevice
V/audio_policy_mrvl( 148): get_new_device: Selected device 0
I/audio_policy_mrvl( 148): get_device_for_strategy: Strategy 0, device 2
E/AudioPolicyService( 148): getParamFromPolicy : enter , keys = audioParam;outDevice
E/audio_policy_mrvl( 148): mrvl_ap_getParamFromPolicy: audioParam;outDevice
V/audio_policy_mrvl( 148): get_new_device: Selected device 0
I/audio_policy_mrvl( 148): get_device_for_strategy: Strategy 0, device 2
D/dalvikvm( 1021): GC_CONCURRENT freed 3611K, 29% free 26425K/36896K, paused 4ms+10ms, total 183ms
D/dalvikvm( 1021): WAIT_FOR_CONCURRENT_GC blocked 159ms
E/AudioPolicyService( 148): getParamFromPolicy : enter , keys = audioParam;outDevice
E/audio_policy_mrvl( 148): mrvl_ap_getParamFromPolicy: audioParam;outDevice
V/audio_policy_mrvl( 148): get_new_device: Selected device 0
I/audio_policy_mrvl( 148): get_device_for_strategy: Strategy 0, device 2
E/AudioPolicyService( 148): getParamFromPolicy : enter , keys = audioParam;outDevice
E/audio_policy_mrvl( 148): mrvl_ap_getParamFromPolicy: audioParam;outDevice
V/audio_policy_mrvl( 148): get_new_device: Selected device 0
I/audio_policy_mrvl( 148): get_device_for_strategy: Strategy 0, device 2
E/AudioPolicyService( 148): getParamFromPolicy : enter , keys = audioParam;outDevice
E/audio_policy_mrvl( 148): mrvl_ap_getParamFromPolicy: audioParam;outDevice
V/audio_policy_mrvl( 148): get_new_device: Selected device 0
I/audio_policy_mrvl( 148): get_device_for_strategy: Strategy 0, device 2
E/AudioPolicyService( 148): getParamFromPolicy : enter , keys = audioParam;outDevice
E/audio_policy_mrvl( 148): mrvl_ap_getParamFromPolicy: audioParam;outDevice
V/audio_policy_mrvl( 148): get_new_device: Selected device 0
I/audio_policy_mrvl( 148): get_device_for_strategy: Strategy 0, device 2
D/dalvikvm( 419): GC_CONCURRENT freed 3026K, 47% free 9451K/17620K, paused 1ms+1ms, total 14ms
E/AudioPolicyService( 148): getParamFromPolicy : enter , keys = audioParam;outDevice
E/audio_policy_mrvl( 148): mrvl_ap_getParamFromPolicy: audioParam;outDevice
V/audio_policy_mrvl( 148): get_new_device: Selected device 0
I/audio_policy_mrvl( 148): get_device_for_strategy: Strategy 0, device 2
E/AudioPolicyService( 148): getParamFromPolicy : enter , keys = audioParam;outDevice
E/audio_policy_mrvl( 148): mrvl_ap_getParamFromPolicy: audioParam;outDevice
V/audio_policy_mrvl( 148): get_new_device: Selected device 0
I/audio_policy_mrvl( 148): get_device_for_strategy: Strategy 0, device 2
D/dalvikvm( 1021): GC_CONCURRENT freed 1944K, 28% free 26882K/36896K, paused 3ms+6ms, total 195ms
D/dalvikvm( 1021): WAIT_FOR_CONCURRENT_GC blocked 154ms
E/AudioPolicyService( 148): getParamFromPolicy : enter , keys = audioParam;outDevice
E/audio_policy_mrvl( 148): mrvl_ap_getParamFromPolicy: audioParam;outDevice
V/audio_policy_mrvl( 148): get_new_device: Selected device 0
I/audio_policy_mrvl( 148): get_device_for_strategy: Strategy 0, device 2
E/AudioPolicyService( 148): getParamFromPolicy : enter , keys = audioParam;outDevice
E/audio_policy_mrvl( 148): mrvl_ap_getParamFromPolicy: audioParam;outDevice
V/audio_policy_mrvl( 148): get_new_device: Selected device 0
I/audio_policy_mrvl( 148): get_device_for_strategy: Strategy 0, device 2
E/AudioPolicyService( 148): getParamFromPolicy : enter , keys = audioParam;outDevice
E/audio_policy_mrvl( 148): mrvl_ap_getParamFromPolicy: audioParam;outDevice
V/audio_policy_mrvl( 148): get_new_device: Selected device 0
I/audio_policy_mrvl( 148): get_device_for_strategy: Strategy 0, device 2
E/AudioPolicyService( 148): getParamFromPolicy : enter , keys = audioParam;outDevice
E/audio_policy_mrvl( 148): mrvl_ap_getParamFromPolicy: audioParam;outDevice
V/audio_policy_mrvl( 148): get_new_device: Selected device 0
I/audio_policy_mrvl( 148): get_device_for_strategy: Strategy 0, device 2
E/AudioPolicyService( 148): getParamFromPolicy : enter , keys = audioParam;outDevice
E/audio_policy_mrvl( 148): mrvl_ap_getParamFromPolicy: audioParam;outDevice
V/audio_policy_mrvl( 148): get_new_device: Selected device 0
I/audio_policy_mrvl( 148): get_device_for_strategy: Strategy 0, device 2
E/AudioPolicyService( 148): getParamFromPolicy : enter , keys = audioParam;outDevice
E/audio_policy_mrvl( 148): mrvl_ap_getParamFromPolicy: audioParam;outDevice
V/audio_policy_mrvl( 148): get_new_device: Selected device 0
I/audio_policy_mrvl( 148): get_device_for_strategy: Strategy 0, device 2
D/dalvikvm( 419): GC_CONCURRENT freed 3068K, 47% free 9502K/17620K, paused 2ms+2ms, total 24ms
E/AudioPolicyService( 148): getParamFromPolicy : enter , keys = audioParam;outDevice
E/audio_policy_mrvl( 148): mrvl_ap_getParamFromPolicy: audioParam;outDevice
V/audio_policy_mrvl( 148): get_new_device: Selected device 0
I/audio_policy_mrvl( 148): get_device_for_strategy: Strategy 0, device 2
E/AudioPolicyService( 148): getParamFromPolicy : enter , keys = audioParam;outDevice
E/audio_policy_mrvl( 148): mrvl_ap_getParamFromPolicy: audioParam;outDevice
V/audio_policy_mrvl( 148): get_new_device: Selected device 0
I/audio_policy_mrvl( 148): get_device_for_strategy: Strategy 0, device 2
D/dalvikvm( 1021): GC_CONCURRENT freed 2346K, 27% free 27052K/36896K, paused 5ms+11ms, total 177ms
D/dalvikvm( 1021): WAIT_FOR_CONCURRENT_GC blocked 131ms
E/AudioPolicyService( 148): getParamFromPolicy : enter , keys = audioParam;outDevice
E/audio_policy_mrvl( 148): mrvl_ap_getParamFromPolicy: audioParam;outDevice
V/audio_policy_mrvl( 148): get_new_device: Selected device 0
I/audio_policy_mrvl( 148): get_device_for_strategy: Strategy 0, device 2
E/AudioPolicyService( 148): getParamFromPolicy : enter , keys = audioParam;outDevice
E/audio_policy_mrvl( 148): mrvl_ap_getParamFromPolicy: audioParam;outDevice
V/audio_policy_mrvl( 148): get_new_device: Selected device 0
I/audio_policy_mrvl( 148): get_device_for_strategy: Strategy 0, device 2
E/AudioPolicyService( 148): getParamFromPolicy : enter , keys = audioParam;outDevice
E/audio_policy_mrvl( 148): mrvl_ap_getParamFromPolicy: audioParam;outDevice
V/audio_policy_mrvl( 148): get_new_device: Selected device 0
I/audio_policy_mrvl( 148): get_device_for_strategy: Strategy 0, device 2
E/AudioPolicyService( 148): getParamFromPolicy : enter , keys = audioParam;outDevice
E/audio_policy_mrvl( 148): mrvl_ap_getParamFromPolicy: audioParam;outDevice
V/audio_policy_mrvl( 148): get_new_device: Selected device 0
I/audio_policy_mrvl( 148): get_device_for_strategy: Strategy 0, device 2
E/AudioPolicyService( 148): getParamFromPolicy : enter , keys = audioParam;outDevice
E/audio_policy_mrvl( 148): mrvl_ap_getParamFromPolicy: audioParam;outDevice
V/audio_policy_mrvl( 148): get_new_device: Selected device 0
I/audio_policy_mrvl( 148): get_device_for_strategy: Strategy 0, device 2
E/AudioPolicyService( 148): getParamFromPolicy : enter , keys = audioParam;outDevice
E/audio_policy_mrvl( 148): mrvl_ap_getParamFromPolicy: audioParam;outDevice
V/audio_policy_mrvl( 148): get_new_device: Selected device 0
I/audio_policy_mrvl( 148): get_device_for_strategy: Strategy 0, device 2
D/dalvikvm( 419): GC_CONCURRENT freed 3047K, 47% free 9502K/17620K, paused 2ms+1ms, total 17ms
E/AudioPolicyService( 148): getParamFromPolicy : enter , keys = audioParam;outDevice
E/audio_policy_mrvl( 148): mrvl_ap_getParamFromPolicy: audioParam;outDevice
V/audio_policy_mrvl( 148): get_new_device: Selected device 0
I/audio_policy_mrvl( 148): get_device_for_strategy: Strategy 0, device 2
E/AudioPolicyService( 148): getParamFromPolicy : enter , keys = audioParam;outDevice
E/audio_policy_mrvl( 148): mrvl_ap_getParamFromPolicy: audioParam;outDevice
V/audio_policy_mrvl( 148): get_new_device: Selected device 0
I/audio_policy_mrvl( 148): get_device_for_strategy: Strategy 0, device 2
I/PackageManager( 1021): /data/app/com.crazystudio.emoji.kitkat-3.apk changed; collecting certs
W/PackageManager( 1021): Application package mobi.infolife.ezweather already installed. Skipping duplicate.
E/AudioPolicyService( 148): getParamFromPolicy : enter , keys = audioParam;outDevice
E/audio_policy_mrvl( 148): mrvl_ap_getParamFromPolicy: audioParam;outDevice
V/audio_policy_mrvl( 148): get_new_device: Selected device 0
I/audio_policy_mrvl( 148): get_device_for_strategy: Strategy 0, device 2
E/AudioPolicyService( 148): getParamFromPolicy : enter , keys = audioParam;outDevice
E/audio_policy_mrvl( 148): mrvl_ap_getParamFromPolicy: audioParam;outDevice
V/audio_policy_mrvl( 148): get_new_device: Selected device 0
I/audio_policy_mrvl( 148): get_device_for_strategy: Strategy 0, device 2
E/AudioPolicyService( 148): getParamFromPolicy : enter , keys = audioParam;outDevice
E/audio_policy_mrvl( 148): mrvl_ap_getParamFromPolicy: audioParam;outDevice
V/audio_policy_mrvl( 148): get_new_device: Selected device 0
I/audio_policy_mrvl( 148): get_device_for_strategy: Strategy 0, device 2
D/dalvikvm( 1021): GC_CONCURRENT freed 1971K, 26% free 27639K/36896K, paused 5ms+50ms, total 219ms
D/dalvikvm( 1021): WAIT_FOR_CONCURRENT_GC blocked 195ms
E/AudioPolicyService( 148): getParamFromPolicy : enter , keys = audioParam;outDevice
E/audio_policy_mrvl( 148): mrvl_ap_getParamFromPolicy: audioParam;outDevice
V/audio_policy_mrvl( 148): get_new_device: Selected device 0
I/audio_policy_mrvl( 148): get_device_for_strategy: Strategy 0, device 2
E/AudioPolicyService( 148): getParamFromPolicy : enter , keys = audioParam;outDevice
E/audio_policy_mrvl( 148): mrvl_ap_getParamFromPolicy: audioParam;outDevice
V/audio_policy_mrvl( 148): get_new_device: Selected device 0
I/audio_policy_mrvl( 148): get_device_for_strategy: Strategy 0, device 2
D/dalvikvm( 1021): GC_FOR_ALLOC freed 4438K, 31% free 25469K/36896K, paused 149ms, total 149ms
E/AudioPolicyService( 148): getParamFromPolicy : enter , keys = audioParam;outDevice
E/audio_policy_mrvl( 148): mrvl_ap_getParamFromPolicy: audioParam;outDevice
V/audio_policy_mrvl( 148): get_new_device: Selected device 0
I/audio_policy_mrvl( 148): get_device_for_strategy: Strategy 0, device 2
D/dalvikvm( 419): GC_CONCURRENT freed 3202K, 47% free 9449K/17620K, paused 1ms+2ms, total 22ms
E/AudioPolicyService( 148): getParamFromPolicy : enter , keys = audioParam;outDevice
E/audio_policy_mrvl( 148): mrvl_ap_getParamFromPolicy: audioParam;outDevice
V/audio_policy_mrvl( 148): get_new_device: Selected device 0
I/audio_policy_mrvl( 148): get_device_for_strategy: Strategy 0, device 2
D/dalvikvm( 1021): GC_CONCURRENT freed 1295K, 29% free 26336K/36896K, paused 6ms+10ms, total 142ms
D/dalvikvm( 1021): WAIT_FOR_CONCURRENT_GC blocked 113ms
E/AudioPolicyService( 148): getParamFromPolicy : enter , keys = audioParam;outDevice
E/audio_policy_mrvl( 148): mrvl_ap_getParamFromPolicy: audioParam;outDevice
V/audio_policy_mrvl( 148): get_new_device: Selected device 0
I/audio_policy_mrvl( 148): get_device_for_strategy: Strategy 0, device 2
E/AudioPolicyService( 148): getParamFromPolicy : enter , keys = audioParam;outDevice
E/audio_policy_mrvl( 148): mrvl_ap_getParamFromPolicy: audioParam;outDevice
V/audio_policy_mrvl( 148): get_new_device: Selected device 0
I/audio_policy_mrvl( 148): get_device_for_strategy: Strategy 0, device 2
E/AudioPolicyService( 148): getParamFromPolicy : enter , keys = audioParam;outDevice
E/audio_policy_mrvl( 148): mrvl_ap_getParamFromPolicy: audioParam;outDevice
V/audio_policy_mrvl( 148): get_new_device: Selected device 0
I/audio_policy_mrvl( 148): get_device_for_strategy: Strategy 0, device 2
E/AudioPolicyService( 148): getParamFromPolicy : enter , keys = audioParam;outDevice
E/audio_policy_mrvl( 148): mrvl_ap_getParamFromPolicy: audioParam;outDevice
V/audio_policy_mrvl( 148): get_new_device: Selected device 0
I/audio_policy_mrvl( 148): get_device_for_strategy: Strategy 0, device 2
E/AudioPolicyService( 148): getParamFromPolicy : enter , keys = audioParam;outDevice
E/audio_policy_mrvl( 148): mrvl_ap_getParamFromPolicy: audioParam;outDevice
V/audio_policy_mrvl( 148): get_new_device: Selected device 0
I/audio_policy_mrvl( 148): get_device_for_strategy: Strategy 0, device 2
D/dalvikvm( 1021): GC_CONCURRENT freed 1416K, 27% free 27299K/36896K, paused 5ms+11ms, total 168ms
D/dalvikvm( 1021): WAIT_FOR_CONCURRENT_GC blocked 146ms
E/AudioPolicyService( 148): getParamFromPolicy : enter , keys = audioParam;outDevice
E/audio_policy_mrvl( 148): mrvl_ap_getParamFromPolicy: audioParam;outDevice
V/audio_policy_mrvl( 148): get_new_device: Selected device 0
I/audio_policy_mrvl( 148): get_device_for_strategy: Strategy 0, device 2
E/AudioPolicyService( 148): getParamFromPolicy : enter , keys = audioParam;outDevice
E/audio_policy_mrvl( 148): mrvl_ap_getParamFromPolicy: audioParam;outDevice
V/audio_policy_mrvl( 148): get_new_device: Selected device 0
I/audio_policy_mrvl( 148): get_device_for_strategy: Strategy 0, device 2
D/dalvikvm( 419): GC_CONCURRENT freed 3098K, 47% free 9502K/17620K, paused 1ms+5ms, total 33ms
E/AudioPolicyService( 148): getParamFromPolicy : enter , keys = audioParam;outDevice
E/audio_policy_mrvl( 148): mrvl_ap_getParamFromPolicy: audioParam;outDevice
V/audio_policy_mrvl( 148): get_new_device: Selected device 0
I/audio_policy_mrvl( 148): get_device_for_strategy: Strategy 0, device 2
I/PackageManager( 1021): /data/app/com.android.vending.billing.InAppBillingService.LUCK-5.apk changed; collecting certs
W/PackageManager( 1021): Application package com.crazystudio.emoji.kitkat already installed. Skipping duplicate.
E/AudioPolicyService( 148): getParamFromPolicy : enter , keys = audioParam;outDevice
E/audio_policy_mrvl( 148): mrvl_ap_getParamFromPolicy: audioParam;outDevice
V/audio_policy_mrvl( 148): get_new_device: Selected device 0
I/audio_policy_mrvl( 148): get_device_for_strategy: Strategy 0, device 2
E/AudioPolicyService( 148): getParamFromPolicy : enter , keys = audioParam;outDevice
E/audio_policy_mrvl( 148): mrvl_ap_getParamFromPolicy: audioParam;outDevice
V/audio_policy_mrvl( 148): get_new_device: Selected device 0
I/audio_policy_mrvl( 148): get_device_for_strategy: Strategy 0, device 2
E/AudioPolicyService( 148): getParamFromPolicy : enter , keys = audioParam;outDevice
E/audio_policy_mrvl( 148): mrvl_ap_getParamFromPolicy: audioParam;outDevice
V/audio_policy_mrvl( 148): get_new_device: Selected device 0
I/audio_policy_mrvl( 148): get_device_for_strategy: Strategy 0, device 2
E/AudioPolicyService( 148): getParamFromPolicy : enter , keys = audioParam;outDevice
E/audio_policy_mrvl( 148): mrvl_ap_getParamFromPolicy: audioParam;outDevice
V/audio_policy_mrvl( 148): get_new_device: Selected device 0
I/audio_policy_mrvl( 148): get_device_for_strategy: Strategy 0, device 2
E/AudioPolicyService( 148): getParamFromPolicy : enter , keys = audioParam;outDevice
E/audio_policy_mrvl( 148): mrvl_ap_getParamFromPolicy: audioParam;outDevice
V/audio_policy_mrvl( 148): get_new_device: Selected device 0
I/audio_policy_mrvl( 148): get_device_for_strategy: Strategy 0, device 2
E/AudioPolicyService( 148): getParamFromPolicy : enter , keys = audioParam;outDevice
E/audio_policy_mrvl( 148): mrvl_ap_getParamFromPolicy: audioParam;outDevice
V/audio_policy_mrvl( 148): get_new_device: Selected device 0
I/audio_policy_mrvl( 148): get_device_for_strategy: Strategy 0, device 2
E/AudioPolicyService( 148): getParamFromPolicy : enter , keys = audioParam;outDevice
E/audio_policy_mrvl( 148): mrvl_ap_getParamFromPolicy: audioParam;outDevice
V/audio_policy_mrvl( 148): get_new_device: Selected device 0
I/audio_policy_mrvl( 148): get_device_for_strategy: Strategy 0, device 2
D/dalvikvm( 419): GC_CONCURRENT freed 3213K, 47% free 9452K/17620K, paused 1ms+1ms, total 16ms
E/AudioPolicyService( 148): getParamFromPolicy : enter , keys = audioParam;outDevice
E/audio_policy_mrvl( 148): mrvl_ap_getParamFromPolicy: audioParam;outDevice
V/audio_policy_mrvl( 148): get_new_device: Selected device 0
I/audio_policy_mrvl( 148): get_device_for_strategy: Strategy 0, device 2
E/AudioPolicyService( 148): getParamFromPolicy : enter , keys = audioParam;outDevice
E/audio_policy_mrvl( 148): mrvl_ap_getParamFromPolicy: audioParam;outDevice
V/audio_policy_mrvl( 148): get_new_device: Selected device 0
I/audio_policy_mrvl( 148): get_device_for_strategy: Strategy 0, device 2
W/PackageManager( 1021): Application package com.android.vending.billing.InAppBillingService.LUCK already installed. Skipping duplicate.
W/PackageManager( 1021): Package com.google.android.gms desires unavailable shared library com.google.android.ble; ignoring!
E/AudioPolicyService( 148): getParamFromPolicy : enter , keys = audioParam;outDevice
E/audio_policy_mrvl( 148): mrvl_ap_getParamFromPolicy: audioParam;outDevice
V/audio_policy_mrvl( 148): get_new_device: Selected device 0
I/audio_policy_mrvl( 148): get_device_for_strategy: Strategy 0, device 2
W/PackageManager( 1021): Package com.android.phone desires unavailable shared library libvtmanagerjar; ignoring!
W/PackageManager( 1021): Package com.android.phone desires unavailable shared library com.sec.imslibrary; ignoring!
W/PackageManager( 1021): Package com.android.phone desires unavailable shared library TmoWfcUtils; ignoring!
W/PackageManager( 1021): Package com.android.settings desires unavailable shared library TmoWfcUtils; ignoring!
W/PackageManager( 1021): Package nextapp.fx desires unavailable shared library com.motorola.android.storage; ignoring!
W/PackageManager( 1021): Package com.google.android.gms desires unavailable shared library com.google.android.ble; ignoring!
E/PackageManager( 1021): Package com.wssnps requires unavailable shared library kies_feature; failing!
W/PackageManager( 1021): Package com.android.systemui desires unavailable shared library colorextractionlib; ignoring!
I/PackageManager( 1021): Time to scan packages: 30.436 seconds
W/PackageManager( 1021): Removing dangling permission: android.permission.ACCESS_USB from package null
W/System.err( 1021): java.lang.NullPointerException
W/PackageManager( 1021): Removing dangling permission: com.sec.android.permission.CAMERA from package null 4,1010,51433990,-;[c1] reclaimed 2248 (swapped 1171) pages.
I/boot_progress_pms_scan_end( 1021): 48857
W/System.err( 1021): at com.chelpus.XSupport$17.beforeHookedMethod(XSupport.java:533)
W/System.err( 1021): at de.robv.android.xposed.XposedBridge.handleHookedMethod(XposedBridge.java:611)
W/System.err( 1021): at com.android.server.pm.PackageManagerService.compareSignatures(Native Method)
W/System.err( 1021): at com.android.server.pm.PackageManagerService.grantSignaturePermission(PackageManagerService.java:8012)
W/System.err( 1021): at com.android.server.pm.PackageManagerService.grantPermissionsLPw(PackageManagerService.java:7927)
W/System.err( 1021): at de.robv.android.xposed.XposedBridge.invokeOriginalMethodNative(Native Method)
W/System.err( 1021): at de.robv.android.xposed.XposedBridge.handleHookedMethod(XposedBridge.java:631)
W/System.err( 1021): at com.android.server.pm.PackageManagerService.grantPermissionsLPw(Native Method)
