W/PackageManager( 1021): Application package com.google.android.gsf already installed. Skipping duplicate.
E/AudioPolicyService( 148): getParamFromPolicy : enter , keys = audioParam;outDevice
E/audio_policy_mrvl( 148): mrvl_ap_getParamFromPolicy: audioParam;outDevice
V/audio_policy_mrvl( 148): get_new_device: Selected device 0
I/audio_policy_mrvl( 148): get_device_for_strategy: Strategy 0, device 2
D/dalvikvm( 1021): GC_CONCURRENT freed 5935K, 25% free 25376K/33692K, paused 3ms+14ms, total 151ms
D/dalvikvm( 1021): WAIT_FOR_CONCURRENT_GC blocked 137ms
E/AudioPolicyService( 148): getParamFromPolicy : enter , keys = audioParam;outDevice
E/audio_policy_mrvl( 148): mrvl_ap_getParamFromPolicy: audioParam;outDevice
V/audio_policy_mrvl( 148): get_new_device: Selected device 0
I/audio_policy_mrvl( 148): get_device_for_strategy: Strategy 0, device 2
I/PackageManager( 1021): /system/app/InputDevices.apk changed; collecting certs
W/PackageManager( 1021): Application package com.sec.android.app.hwmoduletest already installed. Skipping duplicate.
I/PackageManager( 1021): /system/app/intelligenceservice_1.0_alpha1.apk changed; collecting certs
W/PackageManager( 1021): Application package com.android.inputdevices already installed. Skipping duplicate.
E/AudioPolicyService( 148): getParamFromPolicy : enter , keys = audioParam;outDevice
E/audio_policy_mrvl( 148): mrvl_ap_getParamFromPolicy: audioParam;outDevice
V/audio_policy_mrvl( 148): get_new_device: Selected device 0
I/audio_policy_mrvl( 148): get_device_for_strategy: Strategy 0, device 2
I/PackageManager( 1021): /system/app/SecLiveWallpapersPicker.apk changed; collecting certs
W/PackageManager( 1021): Application package com.samsung.android.intelligenceservice already installed. Skipping duplicate.
W/PackageManager( 1021): Code path for hidden system pkg : com.dsmartapps.root.kerneltweaker changing from /system/app/kerneltweaker.apk to /system/app/com.dsmartapps.root.kerneltweaker-2.apk
I/PackageManager( 1021): /system/app/LogsProvider.apk changed; collecting certs
W/PackageManager( 1021): Application package com.android.wallpaper.livepicker already installed. Skipping duplicate.
I/PackageManager( 1021): /system/app/GoogleFeedback.apk changed; collecting certs
W/PackageManager( 1021): Application package com.sec.android.provider.logsprovider already installed. Skipping duplicate.
I/PackageManager( 1021): /system/app/SecMediaProvider.apk changed; collecting certs
W/PackageManager( 1021): Application package com.google.android.feedback already installed. Skipping duplicate.
I/PackageManager( 1021): /system/app/MtpApplication.apk changed; collecting certs
W/PackageManager( 1021): Application package com.android.providers.media already installed. Skipping duplicate.
I/PackageManager( 1021): /system/app/MusicFX.apk changed; collecting certs
W/PackageManager( 1021): Application package com.samsung.android.MtpApplication already installed. Skipping duplicate.
W/PackageManager( 1021): Application package com.android.musicfx already installed. Skipping duplicate.
I/PackageManager( 1021): /system/app/OneTimeInitializer.apk changed; collecting certs
E/AudioPolicyService( 148): getParamFromPolicy : enter , keys = audioParam;outDevice
E/audio_policy_mrvl( 148): mrvl_ap_getParamFromPolicy: audioParam;outDevice
V/audio_policy_mrvl( 148): get_new_device: Selected device 0
I/audio_policy_mrvl( 148): get_device_for_strategy: Strategy 0, device 2
W/PackageManager( 1021): Code path for hidden system pkg : com.teslacoilsw.launcher changing from /system/priv-app/com.teslacoilsw.launcher.apk to /system/app/com.teslacoilsw.launcher-1.apk
I/PackageManager( 1021): /system/app/DefaultContainerService.apk changed; collecting certs
W/PackageManager( 1021): Application package com.android.onetimeinitializer already installed. Skipping duplicate.
I/PackageManager( 1021): /system/app/SecPhone.apk changed; collecting certs
W/PackageManager( 1021): Application package com.android.defcontainer already installed. Skipping duplicate.
D/dalvikvm( 419): GC_CONCURRENT freed 3219K, 47% free 9459K/17620K, paused 1ms+2ms, total 15ms
E/AudioPolicyService( 148): getParamFromPolicy : enter , keys = audioParam;outDevice
E/audio_policy_mrvl( 148): mrvl_ap_getParamFromPolicy: audioParam;outDevice
V/audio_policy_mrvl( 148): get_new_device: Selected device 0
I/audio_policy_mrvl( 148): get_device_for_strategy: Strategy 0, device 2
D/dalvikvm( 1021): GC_CONCURRENT freed 2780K, 27% free 24735K/33692K, paused 4ms+11ms, total 177ms
D/dalvikvm( 1021): WAIT_FOR_CONCURRENT_GC blocked 156ms
E/AudioPolicyService( 148): getParamFromPolicy : enter , keys = audioParam;outDevice
E/audio_policy_mrvl( 148): mrvl_ap_getParamFromPolicy: audioParam;outDevice
V/audio_policy_mrvl( 148): get_new_device: Selected device 0
I/audio_policy_mrvl( 148): get_device_for_strategy: Strategy 0, device 2
E/AudioPolicyService( 148): getParamFromPolicy : enter , keys = audioParam;outDevice
E/audio_policy_mrvl( 148): mrvl_ap_getParamFromPolicy: audioParam;outDevice
V/audio_policy_mrvl( 148): get_new_device: Selected device 0
I/audio_policy_mrvl( 148): get_device_for_strategy: Strategy 0, device 2
E/AudioPolicyService( 148): getParamFromPolicy : enter , keys = audioParam;outDevice
E/audio_policy_mrvl( 148): mrvl_ap_getParamFromPolicy: audioParam;outDevice
V/audio_policy_mrvl( 148): get_new_device: Selected device 0
I/audio_policy_mrvl( 148): get_device_for_strategy: Strategy 0, device 2
D/dalvikvm( 1021): GC_FOR_ALLOC freed 1292K, 27% free 24841K/33692K, paused 127ms, total 127ms
E/AudioPolicyService( 148): getParamFromPolicy : enter , keys = audioParam;outDevice
E/audio_policy_mrvl( 148): mrvl_ap_getParamFromPolicy: audioParam;outDevice
V/audio_policy_mrvl( 148): get_new_device: Selected device 0
I/audio_policy_mrvl( 148): get_device_for_strategy: Strategy 0, device 2
D/dalvikvm( 419): GC_CONCURRENT freed 2931K, 46% free 9658K/17620K, paused 1ms+2ms, total 16ms
D/dalvikvm( 1021): GC_FOR_ALLOC freed 401K, 26% free 25202K/33692K, paused 129ms, total 129ms
E/AudioPolicyService( 148): getParamFromPolicy : enter , keys = audioParam;outDevice
E/audio_policy_mrvl( 148): mrvl_ap_getParamFromPolicy: audioParam;outDevice
V/audio_policy_mrvl( 148): get_new_device: Selected device 0
I/audio_policy_mrvl( 148): get_device_for_strategy: Strategy 0, device 2
E/AudioPolicyService( 148): getParamFromPolicy : enter , keys = audioParam;outDevice
E/audio_policy_mrvl( 148): mrvl_ap_getParamFromPolicy: audioParam;outDevice
V/audio_policy_mrvl( 148): get_new_device: Selected device 0
I/audio_policy_mrvl( 148): get_device_for_strategy: Strategy 0, device 2
D/dalvikvm( 1021): GC_FOR_ALLOC freed 627K, 26% free 25084K/33692K, paused 108ms, total 108ms
E/AudioPolicyService( 148): getParamFromPolicy : enter , keys = audioParam;outDevice
E/audio_policy_mrvl( 148): mrvl_ap_getParamFromPolicy: audioParam;outDevice
V/audio_policy_mrvl( 148): get_new_device: Selected device 0
I/audio_policy_mrvl( 148): get_device_for_strategy: Strategy 0, device 2
D/dalvikvm( 1021): GC_FOR_ALLOC freed 1384K, 27% free 25728K/34972K, paused 112ms, total 113ms
E/AudioPolicyService( 148): getParamFromPolicy : enter , keys = audioParam;outDevice
E/audio_policy_mrvl( 148): mrvl_ap_getParamFromPolicy: audioParam;outDevice
V/audio_policy_mrvl( 148): get_new_device: Selected device 0
I/audio_policy_mrvl( 148): get_device_for_strategy: Strategy 0, device 2
D/dalvikvm( 419): GC_CONCURRENT freed 3287K, 47% free 9495K/17620K, paused 2ms+2ms, total 14ms
E/AudioPolicyService( 148): getParamFromPolicy : enter , keys = audioParam;outDevice
E/audio_policy_mrvl( 148): mrvl_ap_getParamFromPolicy: audioParam;outDevice
V/audio_policy_mrvl( 148): get_new_device: Selected device 0
I/audio_policy_mrvl( 148): get_device_for_strategy: Strategy 0, device 2
E/AudioPolicyService( 148): getParamFromPolicy : enter , keys = audioParam;outDevice
E/audio_policy_mrvl( 148): mrvl_ap_getParamFromPolicy: audioParam;outDevice
V/audio_policy_mrvl( 148): get_new_device: Selected device 0
I/audio_policy_mrvl( 148): get_device_for_strategy: Strategy 0, device 2
E/AudioPolicyService( 148): getParamFromPolicy : enter , keys = audioParam;outDevice
E/audio_policy_mrvl( 148): mrvl_ap_getParamFromPolicy: audioParam;outDevice
V/audio_policy_mrvl( 148): get_new_device: Selected device 0
I/audio_policy_mrvl( 148): get_device_for_strategy: Strategy 0, device 2
D/dalvikvm( 419): GC_CONCURRENT freed 2981K, 46% free 9607K/17620K, paused 1ms+2ms, total 19ms
E/AudioPolicyService( 148): getParamFromPolicy : enter , keys = audioParam;outDevice
E/audio_policy_mrvl( 148): mrvl_ap_getParamFromPolicy: audioParam;outDevice
V/audio_policy_mrvl( 148): get_new_device: Selected device 0
I/audio_policy_mrvl( 148): get_device_for_strategy: Strategy 0, device 2
E/AudioPolicyService( 148): getParamFromPolicy : enter , keys = audioParam;outDevice
E/audio_policy_mrvl( 148): mrvl_ap_getParamFromPolicy: audioParam;outDevice
V/audio_policy_mrvl( 148): get_new_device: Selected device 0
I/audio_policy_mrvl( 148): get_device_for_strategy: Strategy 0, device 2
I/PackageManager( 1021): /system/app/ProxyHandler.apk changed; collecting certs
W/PackageManager( 1021): Application package com.android.phone already installed. Skipping duplicate.
I/PackageManager( 1021): /system/app/FmmDM.apk changed; collecting certs
W/PackageManager( 1021): Application package com.android.proxyhandler already installed. Skipping duplicate.
E/AudioPolicyService( 148): getParamFromPolicy : enter , keys = audioParam;outDevice
E/audio_policy_mrvl( 148): mrvl_ap_getParamFromPolicy: audioParam;outDevice
V/audio_policy_mrvl( 148): get_new_device: Selected device 0
I/audio_policy_mrvl( 148): get_device_for_strategy: Strategy 0, device 2
I/PackageManager( 1021): /system/app/FmmDS.apk changed; collecting certs
W/PackageManager( 1021): Application package com.fmm.dm already installed. Skipping duplicate.
I/PackageManager( 1021): /system/app/PCWClientS18.apk changed; collecting certs
W/PackageManager( 1021): Application package com.fmm.ds already installed. Skipping duplicate.
I/PackageManager( 1021): /system/app/PhoneErrService.apk changed; collecting certs
W/PackageManager( 1021): Application package com.sec.pcw.device already installed. Skipping duplicate.
I/PackageManager( 1021): /system/app/SecWallpaperChooser.apk changed; collecting certs
W/PackageManager( 1021): Application package com.sec.app.RilErrorNotifier already installed. Skipping duplicate.
I/PackageManager( 1021): /system/app/serviceModeApp_FB.apk changed; collecting certs
W/PackageManager( 1021): Application package com.sec.android.app.wallpaperchooser already installed. Skipping duplicate.
E/AudioPolicyService( 148): getParamFromPolicy : enter , keys = audioParam;outDevice
E/audio_policy_mrvl( 148): mrvl_ap_getParamFromPolicy: audioParam;outDevice
V/audio_policy_mrvl( 148): get_new_device: Selected device 0
I/audio_policy_mrvl( 148): get_device_for_strategy: Strategy 0, device 2
I/PackageManager( 1021): /system/app/ServiceModeApp_RIL.apk changed; collecting certs
W/PackageManager( 1021): Application package com.sec.android.app.servicemodeapp already installed. Skipping duplicate.
D/dalvikvm( 419): GC_CONCURRENT freed 3292K, 47% free 9481K/17620K, paused 2ms+2ms, total 16ms
D/dalvikvm( 419): WAIT_FOR_CONCURRENT_GC blocked 7ms
I/PackageManager( 1021): /system/app/SecSettings.apk changed; collecting certs
W/PackageManager( 1021): Application package com.sec.android.RilServiceModeApp already installed. Skipping duplicate.
E/AudioPolicyService( 148): getParamFromPolicy : enter , keys = audioParam;outDevice
E/audio_policy_mrvl( 148): mrvl_ap_getParamFromPolicy: audioParam;outDevice
V/audio_policy_mrvl( 148): get_new_device: Selected device 0
I/audio_policy_mrvl( 148): get_device_for_strategy: Strategy 0, device 2
E/AudioPolicyService( 148): getParamFromPolicy : enter , keys = audioParam;outDevice
E/audio_policy_mrvl( 148): mrvl_ap_getParamFromPolicy: audioParam;outDevice
V/audio_policy_mrvl( 148): get_new_device: Selected device 0
I/audio_policy_mrvl( 148): get_device_for_strategy: Strategy 0, device 2
E/AudioPolicyService( 148): getParamFromPolicy : enter , keys = audioParam;outDevice
E/audio_policy_mrvl( 148): mrvl_ap_getParamFromPolicy: audioParam;outDevice
V/audio_policy_mrvl( 148): get_new_device: Selected device 0
I/audio_policy_mrvl( 148): get_device_for_strategy: Strategy 0, device 2
D/dalvikvm( 419): GC_CONCURRENT freed 3163K, 47% free 9466K/17620K, paused 1ms+1ms, total 15ms
D/dalvikvm( 419): WAIT_FOR_CONCURRENT_GC blocked 9ms
E/AudioPolicyService( 148): getParamFromPolicy : enter , keys = audioParam;outDevice
E/audio_policy_mrvl( 148): mrvl_ap_getParamFromPolicy: audioParam;outDevice
V/audio_policy_mrvl( 148): get_new_device: Selected device 0
I/audio_policy_mrvl( 148): get_device_for_strategy: Strategy 0, device 2
D/dalvikvm( 1021): GC_CONCURRENT freed 4880K, 19% free 29010K/35648K, paused 4ms+33ms, total 171ms
D/dalvikvm( 1021): WAIT_FOR_CONCURRENT_GC blocked 164ms
E/AudioPolicyService( 148): getParamFromPolicy : enter , keys = audioParam;outDevice
E/audio_policy_mrvl( 148): mrvl_ap_getParamFromPolicy: audioParam;outDevice
V/audio_policy_mrvl( 148): get_new_device: Selected device 0
I/audio_policy_mrvl( 148): get_device_for_strategy: Strategy 0, device 2
E/AudioPolicyService( 148): getParamFromPolicy : enter , keys = audioParam;outDevice
E/audio_policy_mrvl( 148): mrvl_ap_getParamFromPolicy: audioParam;outDevice
V/audio_policy_mrvl( 148): get_new_device: Selected device 0
I/audio_policy_mrvl( 148): get_device_for_strategy: Strategy 0, device 2
D/dalvikvm( 1021): GC_FOR_ALLOC freed 4834K, 28% free 25847K/35648K, paused 151ms, total 151ms
E/AudioPolicyService( 148): getParamFromPolicy : enter , keys = audioParam;outDevice
E/audio_policy_mrvl( 148): mrvl_ap_getParamFromPolicy: audioParam;outDevice
V/audio_policy_mrvl( 148): get_new_device: Selected device 0
I/audio_policy_mrvl( 148): get_device_for_strategy: Strategy 0, device 2
D/dalvikvm( 1021): GC_FOR_ALLOC freed 254K, 27% free 26101K/35648K, paused 114ms, total 114ms
I/dalvikvm-heap( 1021): Grow heap (frag case) to 27.595MB for 422820-byte allocation
E/AudioPolicyService( 148): getParamFromPolicy : enter , keys = audioParam;outDevice
E/audio_policy_mrvl( 148): mrvl_ap_getParamFromPolicy: audioParam;outDevice
V/audio_policy_mrvl( 148): get_new_device: Selected device 0
I/audio_policy_mrvl( 148): get_device_for_strategy: Strategy 0, device 2
D/dalvikvm( 419): GC_CONCURRENT freed 3009K, 46% free 9564K/17620K, paused 0ms+1ms, total 13ms
D/dalvikvm( 1021): GC_FOR_ALLOC freed 509K, 28% free 26004K/36064K, paused 111ms, total 111ms
E/AudioPolicyService( 148): getParamFromPolicy : enter , keys = audioParam;outDevice
E/audio_policy_mrvl( 148): mrvl_ap_getParamFromPolicy: audioParam;outDevice
V/audio_policy_mrvl( 148): get_new_device: Selected device 0
I/audio_policy_mrvl( 148): get_device_for_strategy: Strategy 0, device 2
E/AudioPolicyService( 148): getParamFromPolicy : enter , keys = audioParam;outDevice
E/audio_policy_mrvl( 148): mrvl_ap_getParamFromPolicy: audioParam;outDevice
V/audio_policy_mrvl( 148): get_new_device: Selected device 0
I/audio_policy_mrvl( 148): get_device_for_strategy: Strategy 0, device 2
E/AudioPolicyService( 148): getParamFromPolicy : enter , keys = audioParam;outDevice
E/audio_policy_mrvl( 148): mrvl_ap_getParamFromPolicy: audioParam;outDevice
V/audio_policy_mrvl( 148): get_new_device: Selected device 0
I/audio_policy_mrvl( 148): get_device_for_strategy: Strategy 0, device 2
D/dalvikvm( 419): GC_CONCURRENT freed 3456K, 48% free 9296K/17620K, paused 0ms+1ms, total 13ms
D/dalvikvm( 419): WAIT_FOR_CONCURRENT_GC blocked 4ms
D/dalvikvm( 419): WAIT_FOR_CONCURRENT_GC blocked 8ms
E/AudioPolicyService( 148): getParamFromPolicy : enter , keys = audioParam;outDevice
E/audio_policy_mrvl( 148): mrvl_ap_getParamFromPolicy: audioParam;outDevice
V/audio_policy_mrvl( 148): get_new_device: Selected device 0
I/audio_policy_mrvl( 148): get_device_for_strategy: Strategy 0, device 2
E/AudioPolicyService( 148): getParamFromPolicy : enter , keys = audioParam;outDevice
E/audio_policy_mrvl( 148): mrvl_ap_getParamFromPolicy: audioParam;outDevice
V/audio_policy_mrvl( 148): get_new_device: Selected device 0
I/audio_policy_mrvl( 148): get_device_for_strategy: Strategy 0, device 2
E/AudioPolicyService( 148): getParamFromPolicy : enter , keys = audioParam;outDevice
E/audio_policy_mrvl( 148): mrvl_ap_getParamFromPolicy: audioParam;outDevice
V/audio_policy_mrvl( 148): get_new_device: Selected device 0
I/audio_policy_mrvl( 148): get_device_for_strategy: Strategy 0, device 2
D/dalvikvm( 419): GC_CONCURRENT freed 2844K, 46% free 9542K/17620K, paused 0ms+3ms, total 13ms
E/AudioPolicyService( 148): getParamFromPolicy : enter , keys = audioParam;outDevice
E/audio_policy_mrvl( 148): mrvl_ap_getParamFromPolicy: audioParam;outDevice
V/audio_policy_mrvl( 148): get_new_device: Selected device 0
I/audio_policy_mrvl( 148): get_device_for_strategy: Strategy 0, device 2
E/AudioPolicyService( 148): getParamFromPolicy : enter , keys = audioParam;outDevice
E/audio_policy_mrvl( 148): mrvl_ap_getParamFromPolicy: audioParam;outDevice
V/audio_policy_mrvl( 148): get_new_device: Selected device 0
I/audio_policy_mrvl( 148): get_device_for_strategy: Strategy 0, device 2
E/AudioPolicyService( 148): getParamFromPolicy : enter , keys = audioParam;outDevice
E/audio_policy_mrvl( 148): mrvl_ap_getParamFromPolicy: audioParam;outDevice
V/audio_policy_mrvl( 148): get_new_device: Selected device 0
I/audio_policy_mrvl( 148): get_device_for_strategy: Strategy 0, device 2
E/AudioPolicyService( 148): getParamFromPolicy : enter , keys = audioParam;outDevice
E/audio_policy_mrvl( 148): mrvl_ap_getParamFromPolicy: audioParam;outDevice
V/audio_policy_mrvl( 148): get_new_device: Selected device 0
I/audio_policy_mrvl( 148): get_device_for_strategy: Strategy 0, device 2
D/dalvikvm( 419): GC_CONCURRENT freed 3074K, 46% free 9533K/17620K, paused 1ms+1ms, total 17ms
E/AudioPolicyService( 148): getParamFromPolicy : enter , keys = audioParam;outDevice
E/audio_policy_mrvl( 148): mrvl_ap_getParamFromPolicy: audioParam;outDevice
V/audio_policy_mrvl( 148): get_new_device: Selected device 0
I/audio_policy_mrvl( 148): get_device_for_strategy: Strategy 0, device 2
D/dalvikvm( 1021): GC_CONCURRENT freed 3632K, 19% free 29886K/36896K, paused 2ms+7ms, total 204ms
D/dalvikvm( 1021): WAIT_FOR_CONCURRENT_GC blocked 185ms
E/AudioPolicyService( 148): getParamFromPolicy : enter , keys = audioParam;outDevice
E/audio_policy_mrvl( 148): mrvl_ap_getParamFromPolicy: audioParam;outDevice
V/audio_policy_mrvl( 148): get_new_device: Selected device 0
I/audio_policy_mrvl( 148): get_device_for_strategy: Strategy 0, device 2
I/PackageManager( 1021): /system/app/SecSettingsProvider.apk changed; collecting certs
W/PackageManager( 1021): Application package com.android.settings already installed. Skipping duplicate.
I/PackageManager( 1021): /system/app/SetupWizard.apk changed; collecting certs
W/PackageManager( 1021): Application package com.android.providers.settings already installed. Skipping duplicate.
E/AudioPolicyService( 148): getParamFromPolicy : enter , keys = audioParam;outDevice
E/audio_policy_mrvl( 148): mrvl_ap_getParamFromPolicy: audioParam;outDevice
V/audio_policy_mrvl( 148): get_new_device: Selected device 0
I/audio_policy_mrvl( 148): get_device_for_strategy: Strategy 0, device 2
E/AudioPolicyService( 148): getParamFromPolicy : enter , keys = audioParam;outDevice
E/audio_policy_mrvl( 148): mrvl_ap_getParamFromPolicy: audioParam;outDevice
V/audio_policy_mrvl( 148): get_new_device: Selected device 0
I/audio_policy_mrvl( 148): get_device_for_strategy: Strategy 0, device 2
I/PackageManager( 1021): /system/app/Shell.apk changed; collecting certs
W/PackageManager( 1021): Application package com.google.android.setupwizard already installed. Skipping duplicate.
I/PackageManager( 1021): /system/app/SunBeam.apk changed; collecting certs
W/PackageManager( 1021): Application package com.android.shell already installed. Skipping duplicate.
I/PackageManager( 1021): /system/app/SystemUI.apk changed; collecting certs
W/PackageManager( 1021): Application package com.android.phasebeamorange already installed. Skipping duplicate.
E/AudioPolicyService( 148): getParamFromPolicy : enter , keys = audioParam;outDevice
E/audio_policy_mrvl( 148): mrvl_ap_getParamFromPolicy: audioParam;outDevice
V/audio_policy_mrvl( 148): get_new_device: Selected device 0
I/audio_policy_mrvl( 148): get_device_for_strategy: Strategy 0, device 2
E/AudioPolicyService( 148): getParamFromPolicy : enter , keys = audioParam;outDevice
E/audio_policy_mrvl( 148): mrvl_ap_getParamFromPolicy: audioParam;outDevice
V/audio_policy_mrvl( 148): get_new_device: Selected device 0
I/audio_policy_mrvl( 148): get_device_for_strategy: Strategy 0, device 2
D/dalvikvm( 419): GC_CONCURRENT freed 3067K, 46% free 9586K/17620K, paused 0ms+1ms, total 14ms
E/AudioPolicyService( 148): getParamFromPolicy : enter , keys = audioParam;outDevice
E/audio_policy_mrvl( 148): mrvl_ap_getParamFromPolicy: audioParam;outDevice
V/audio_policy_mrvl( 148): get_new_device: Selected device 0
I/audio_policy_mrvl( 148): get_device_for_strategy: Strategy 0, device 2
D/dalvikvm( 1021): GC_CONCURRENT freed 2776K, 18% free 30325K/36896K, paused 3ms+48ms, total 187ms
D/dalvikvm( 1021): WAIT_FOR_CONCURRENT_GC blocked 179ms
E/AudioPolicyService( 148): getParamFromPolicy : enter , keys = audioParam;outDevice
E/audio_policy_mrvl( 148): mrvl_ap_getParamFromPolicy: audioParam;outDevice
V/audio_policy_mrvl( 148): get_new_device: Selected device 0
I/audio_policy_mrvl( 148): get_device_for_strategy: Strategy 0, device 2
E/AudioPolicyService( 148): getParamFromPolicy : enter , keys = audioParam;outDevice
E/audio_policy_mrvl( 148): mrvl_ap_getParamFromPolicy: audioParam;outDevice
V/audio_policy_mrvl( 148): get_new_device: Selected device 0
I/audio_policy_mrvl( 148): get_device_for_strategy: Strategy 0, device 2
E/AudioPolicyService( 148): getParamFromPolicy : enter , keys = audioParam;outDevice
E/audio_policy_mrvl( 148): mrvl_ap_getParamFromPolicy: audioParam;outDevice
V/audio_policy_mrvl( 148): get_new_device: Selected device 0
I/audio_policy_mrvl( 148): get_device_for_strategy: Strategy 0, device 2
I/PackageManager( 1021): /system/app/TrimApp_tablet.apk changed; collecting certs
W/PackageManager( 1021): Application package com.android.systemui already installed. Skipping duplicate.
D/dalvikvm( 419): GC_CONCURRENT freed 3322K, 47% free 9422K/17620K, paused 2ms+1ms, total 15ms
I/PackageManager( 1021): /system/app/SecVideoList2.apk changed; collecting certs
W/PackageManager( 1021): Application package com.lifevibes.trimapp already installed. Skipping duplicate.
E/AudioPolicyService( 148): getParamFromPolicy : enter , keys = audioParam;outDevice
E/audio_policy_mrvl( 148): mrvl_ap_getParamFromPolicy: audioParam;outDevice
V/audio_policy_mrvl( 148): get_new_device: Selected device 0
I/audio_policy_mrvl( 148): get_device_for_strategy: Strategy 0, device 2
E/AudioPolicyService( 148): getParamFromPolicy : enter , keys = audioParam;outDevice
E/audio_policy_mrvl( 148): mrvl_ap_getParamFromPolicy: audioParam;outDevice
V/audio_policy_mrvl( 148): get_new_device: Selected device 0
I/audio_policy_mrvl( 148): get_device_for_strategy: Strategy 0, device 2
D/dalvikvm( 1021): GC_CONCURRENT freed 7975K, 31% free 25728K/36896K, paused 4ms+16ms, total 169ms
D/dalvikvm( 1021): WAIT_FOR_CONCURRENT_GC blocked 147ms
E/AudioPolicyService( 148): getParamFromPolicy : enter , keys = audioParam;outDevice
E/audio_policy_mrvl( 148): mrvl_ap_getParamFromPolicy: audioParam;outDevice
V/audio_policy_mrvl( 148): get_new_device: Selected device 0
I/audio_policy_mrvl( 148): get_device_for_strategy: Strategy 0, device 2
D/dalvikvm( 419): GC_CONCURRENT freed 3117K, 47% free 9408K/17620K, paused 1ms+2ms, total 13ms
D/dalvikvm( 419): WAIT_FOR_CONCURRENT_GC blocked 11ms
I/PackageManager( 1021): /system/app/SecVideoPlayer.apk changed; collecting certs
W/PackageManager( 1021): Application package com.samsung.everglades.video already installed. Skipping duplicate.
E/AudioPolicyService( 148): getParamFromPolicy : enter , keys = audioParam;outDevice
E/audio_policy_mrvl( 148): mrvl_ap_getParamFromPolicy: audioParam;outDevice
V/audio_policy_mrvl( 148): get_new_device: Selected device 0
I/audio_policy_mrvl( 148): get_device_for_strategy: Strategy 0, device 2
E/AudioPolicyService( 148): getParamFromPolicy : enter , keys = audioParam;outDevice
E/audio_policy_mrvl( 148): mrvl_ap_getParamFromPolicy: audioParam;outDevice
V/audio_policy_mrvl( 148): get_new_device: Selected device 0
I/audio_policy_mrvl( 148): get_device_for_strategy: Strategy 0, device 2
D/dalvikvm( 1021): GC_CONCURRENT freed 2756K, 32% free 25151K/36896K, paused 5ms+9ms, total 139ms
D/dalvikvm( 1021): WAIT_FOR_CONCURRENT_GC blocked 132ms
E/AudioPolicyService( 148): getParamFromPolicy : enter , keys = audioParam;outDevice
E/audio_policy_mrvl( 148): mrvl_ap_getParamFromPolicy: audioParam;outDevice
V/audio_policy_mrvl( 148): get_new_device: Selected device 0
I/audio_policy_mrvl( 148): get_device_for_strategy: Strategy 0, device 2
E/AudioPolicyService( 148): getParamFromPolicy : enter , keys = audioParam;outDevice
E/audio_policy_mrvl( 148): mrvl_ap_getParamFromPolicy: audioParam;outDevice
V/audio_policy_mrvl( 148): get_new_device: Selected device 0
I/audio_policy_mrvl( 148): get_device_for_strategy: Strategy 0, device 2
D/dalvikvm( 419): GC_CONCURRENT freed 3972K, 52% free 8533K/17620K, paused 0ms+1ms, total 12ms
D/dalvikvm( 419): WAIT_FOR_CONCURRENT_GC blocked 9ms
E/AudioPolicyService( 148): getParamFromPolicy : enter , keys = audioParam;outDevice
E/audio_policy_mrvl( 148): mrvl_ap_getParamFromPolicy: audioParam;outDevice
V/audio_policy_mrvl( 148): get_new_device: Selected device 0
I/audio_policy_mrvl( 148): get_device_for_strategy: Strategy 0, device 2
E/AudioPolicyService( 148): getParamFromPolicy : enter , keys = audioParam;outDevice
E/audio_policy_mrvl( 148): mrvl_ap_getParamFromPolicy: audioParam;outDevice
V/audio_policy_mrvl( 148): get_new_device: Selected device 0
I/audio_policy_mrvl( 148): get_device_for_strategy: Strategy 0, device 2
D/dalvikvm( 1021): GC_CONCURRENT freed 1795K, 32% free 25438K/36896K, paused 8ms+9ms, total 143ms
D/dalvikvm( 1021): WAIT_FOR_CONCURRENT_GC blocked 115ms
D/dalvikvm( 419): GC_CONCURRENT freed 2120K, 49% free 9132K/17620K, paused 1ms+2ms, total 14ms
I/PackageManager( 1021): /system/app/wssyncmlnps.apk changed; collecting certs
W/PackageManager( 1021): Application package com.sec.android.app.videoplayer already installed. Skipping duplicate.
I/PackageManager( 1021): /system/app/de.robv.android.xposed.installer.apk changed; collecting certs
W/PackageManager( 1021): Application package com.wssnps already installed. Skipping duplicate.
E/File ( 1021): fail readDirectory() errno=2
D/PackageManager( 1021): No files in app dir /vendor/app
E/AudioPolicyService( 148): getParamFromPolicy : enter , keys = audioParam;outDevice
E/audio_policy_mrvl( 148): mrvl_ap_getParamFromPolicy: audioParam;outDevice
V/audio_policy_mrvl( 148): get_new_device: Selected device 0
I/audio_policy_mrvl( 148): get_device_for_strategy: Strategy 0, device 2
W/PackageManager( 1021): Application package de.robv.android.xposed.installer already installed. Skipping duplicate.
I/boot_progress_pms_data_scan_start( 1021): 28290
E/AudioPolicyService( 148): getParamFromPolicy : enter , keys = audioParam;outDevice
E/audio_policy_mrvl( 148): mrvl_ap_getParamFromPolicy: audioParam;outDevice
V/audio_policy_mrvl( 148): get_new_device: Selected device 0
I/audio_policy_mrvl( 148): get_device_for_strategy: Strategy 0, device 2
W/PackageManager( 1021): Package nextapp.fx desires unavailable shared library com.motorola.android.storage; ignoring!
D/dalvikvm( 419): GC_CONCURRENT freed 2617K, 47% free 9480K/17620K, paused 1ms+3ms, total 13ms
E/AudioPolicyService( 148): getParamFromPolicy : enter , keys = audioParam;outDevice
E/audio_policy_mrvl( 148): mrvl_ap_getParamFromPolicy: audioParam;outDevice
V/audio_policy_mrvl( 148): get_new_device: Selected device 0
I/audio_policy_mrvl( 148): get_device_for_strategy: Strategy 0, device 2
E/AudioPolicyService( 148): getParamFromPolicy : enter , keys = audioParam;outDevice
E/audio_policy_mrvl( 148): mrvl_ap_getParamFromPolicy: audioParam;outDevice
V/audio_policy_mrvl( 148): get_new_device: Selected device 0
I/audio_policy_mrvl( 148): get_device_for_strategy: Strategy 0, device 2
I/PackageManager( 1021): /data/app/com.google.android.apps.photos-1.apk changed; collecting certs
E/AudioPolicyService( 148): getParamFromPolicy : enter , keys = audioParam;outDevice
E/audio_policy_mrvl( 148): mrvl_ap_getParamFromPolicy: audioParam;outDevice
V/audio_policy_mrvl( 148): get_new_device: Selected device 0
I/audio_policy_mrvl( 148): get_device_for_strategy: Strategy 0, device 2
E/AudioPolicyService( 148): getParamFromPolicy : enter , keys = audioParam;outDevice
E/audio_policy_mrvl( 148): mrvl_ap_getParamFromPolicy: audioParam;outDevice
V/audio_policy_mrvl( 148): get_new_device: Selected device 0
I/audio_policy_mrvl( 148): get_device_for_strategy: Strategy 0, device 2
D/dalvikvm( 419): GC_CONCURRENT freed 3117K, 46% free 9521K/17620K, paused 1ms+3ms, total 14ms
D/dalvikvm( 1021): GC_CONCURRENT freed 1256K, 29% free 26229K/36896K, paused 4ms+14ms, total 145ms
D/dalvikvm( 1021): WAIT_FOR_CONCURRENT_GC blocked 132ms
E/AudioPolicyService( 148): getParamFromPolicy : enter , keys = audioParam;outDevice
E/audio_policy_mrvl( 148): mrvl_ap_getParamFromPolicy: audioParam;outDevice
V/audio_policy_mrvl( 148): get_new_device: Selected device 0
I/audio_policy_mrvl( 148): get_device_for_strategy: Strategy 0, device 2
E/AudioPolicyService( 148): getParamFromPolicy : enter , keys = audioParam;outDevice
E/audio_policy_mrvl( 148): mrvl_ap_getParamFromPolicy: audioParam;outDevice
V/audio_policy_mrvl( 148): get_new_device: Selected device 0
I/audio_policy_mrvl( 148): get_device_for_strategy: Strategy 0, device 2
E/AudioPolicyService( 148): getParamFromPolicy : enter , keys = audioParam;outDevice
E/audio_policy_mrvl( 148): mrvl_ap_getParamFromPolicy: audioParam;outDevice
V/audio_policy_mrvl( 148): get_new_device: Selected device 0
I/audio_policy_mrvl( 148): get_device_for_strategy: Strategy 0, device 2
D/dalvikvm( 1021): GC_CONCURRENT freed 2961K, 31% free 25621K/36896K, paused 3ms+10ms, total 168ms
D/dalvikvm( 1021): WAIT_FOR_CONCURRENT_GC blocked 147ms
E/AudioPolicyService( 148): getParamFromPolicy : enter , keys = audioParam;outDevice
E/audio_policy_mrvl( 148): mrvl_ap_getParamFromPolicy: audioParam;outDevice
V/audio_policy_mrvl( 148): get_new_device: Selected device 0
I/audio_policy_mrvl( 148): get_device_for_strategy: Strategy 0, device 2
D/dalvikvm( 419): GC_CONCURRENT freed 4554K, 55% free 8084K/17620K, paused 2ms+1ms, total 15ms
E/AudioPolicyService( 148): getParamFromPolicy : enter , keys = audioParam;outDevice
E/audio_policy_mrvl( 148): mrvl_ap_getParamFromPolicy: audioParam;outDevice
V/audio_policy_mrvl( 148): get_new_device: Selected device 0
I/audio_policy_mrvl( 148): get_device_for_strategy: Strategy 0, device 2
E/AudioPolicyService( 148): getParamFromPolicy : enter , keys = audioParam;outDevice
E/audio_policy_mrvl( 148): mrvl_ap_getParamFromPolicy: audioParam;outDevice
V/audio_policy_mrvl( 148): get_new_device: Selected device 0
I/audio_policy_mrvl( 148): get_device_for_strategy: Strategy 0, device 2
D/dalvikvm( 419): GC_CONCURRENT freed 1333K, 47% free 9444K/17620K, paused 1ms+2ms, total 12ms
D/dalvikvm( 419): WAIT_FOR_CONCURRENT_GC blocked 6ms
E/AudioPolicyService( 148): getParamFromPolicy : enter , keys = audioParam;outDevice
E/audio_policy_mrvl( 148): mrvl_ap_getParamFromPolicy: audioParam;outDevice
V/audio_policy_mrvl( 148): get_new_device: Selected device 0
I/audio_policy_mrvl( 148): get_device_for_strategy: Strategy 0, device 2
E/AudioPolicyService( 148): getParamFromPolicy : enter , keys = audioParam;outDevice
E/audio_policy_mrvl( 148): mrvl_ap_getParamFromPolicy: audioParam;outDevice
V/audio_policy_mrvl( 148): get_new_device: Selected device 0
I/audio_policy_mrvl( 148): get_device_for_strategy: Strategy 0, device 2
D/dalvikvm( 1021): GC_CONCURRENT freed 1172K, 28% free 26649K/36896K, paused 6ms+8ms, total 189ms
D/dalvikvm( 1021): WAIT_FOR_CONCURRENT_GC blocked 103ms
E/AudioPolicyService( 148): getParamFromPolicy : enter , keys = audioParam;outDevice
E/audio_policy_mrvl( 148): mrvl_ap_getParamFromPolicy: audioParam;outDevice
V/audio_policy_mrvl( 148): get_new_device: Selected device 0
I/audio_policy_mrvl( 148): get_device_for_strategy: Strategy 0, device 2
E/AudioPolicyService( 148): getParamFromPolicy : enter , keys = audioParam;outDevice
E/audio_policy_mrvl( 148): mrvl_ap_getParamFromPolicy: audioParam;outDevice
V/audio_policy_mrvl( 148): get_new_device: Selected device 0
I/audio_policy_mrvl( 148): get_device_for_strategy: Strategy 0, device 2
E/AudioPolicyService( 148): getParamFromPolicy : enter , keys = audioParam;outDevice
E/audio_policy_mrvl( 148): mrvl_ap_getParamFromPolicy: audioParam;outDevice
V/audio_policy_mrvl( 148): get_new_device: Selected device 0
I/audio_policy_mrvl( 148): get_device_for_strategy: Strategy 0, device 2
E/AudioPolicyService( 148): getParamFromPolicy : enter , keys = audioParam;outDevice
E/audio_policy_mrvl( 148): mrvl_ap_getParamFromPolicy: audioParam;outDevice
V/audio_policy_mrvl( 148): get_new_device: Selected device 0
I/audio_policy_mrvl( 148): get_device_for_strategy: Strategy 0, device 2
E/AudioPolicyService( 148): getParamFromPolicy : enter , keys = audioParam;outDevice
E/audio_policy_mrvl( 148): mrvl_ap_getParamFromPolicy: audioParam;outDevice
V/audio_policy_mrvl( 148): get_new_device: Selected device 0
I/audio_policy_mrvl( 148): get_device_for_strategy: Strategy 0, device 2
E/AudioPolicyService( 148): getParamFromPolicy : enter , keys = audioParam;outDevice
E/audio_policy_mrvl( 148): mrvl_ap_getParamFromPolicy: audioParam;outDevice
V/audio_policy_mrvl( 148): get_new_device: Selected device 0
I/audio_policy_mrvl( 148): get_device_for_strategy: Strategy 0, device 2
D/dalvikvm( 419): GC_CONCURRENT freed 2998K, 47% free 9501K/17620K, paused 2ms+2ms, total 17ms
E/AudioPolicyService( 148): getParamFromPolicy : enter , keys = audioParam;outDevice
E/audio_policy_mrvl( 148): mrvl_ap_getParamFromPolicy: audioParam;outDevice
V/audio_policy_mrvl( 148): get_new_device: Selected device 0
I/audio_policy_mrvl( 148): get_device_for_strategy: Strategy 0, device 2
E/AudioPolicyService( 148): getParamFromPolicy : enter , keys = audioParam;outDevice
E/audio_policy_mrvl( 148): mrvl_ap_getParamFromPolicy: audioParam;outDevice
V/audio_policy_mrvl( 148): get_new_device: Selected device 0
I/audio_policy_mrvl( 148): get_device_for_strategy: Strategy 0, device 2
E/AudioPolicyService( 148): getParamFromPolicy : enter , keys = audioParam;outDevice
E/audio_policy_mrvl( 148): mrvl_ap_getParamFromPolicy: audioParam;outDevice
V/audio_policy_mrvl( 148): get_new_device: Selected device 0
I/audio_policy_mrvl( 148): get_device_for_strategy: Strategy 0, device 2
E/AudioPolicyService( 148): getParamFromPolicy : enter , keys = audioParam;outDevice
E/audio_policy_mrvl( 148): mrvl_ap_getParamFromPolicy: audioParam;outDevice
V/audio_policy_mrvl( 148): get_new_device: Selected device 0
I/audio_policy_mrvl( 148): get_device_for_strategy: Strategy 0, device 2
E/AudioPolicyService( 148): getParamFromPolicy : enter , keys = audioParam;outDevice
E/audio_policy_mrvl( 148): mrvl_ap_getParamFromPolicy: audioParam;outDevice
V/audio_policy_mrvl( 148): get_new_device: Selected device 0
I/audio_policy_mrvl( 148): get_device_for_strategy: Strategy 0, device 2
E/AudioPolicyService( 148): getParamFromPolicy : enter , keys = audioParam;outDevice
E/audio_policy_mrvl( 148): mrvl_ap_getParamFromPolicy: audioParam;outDevice
V/audio_policy_mrvl( 148): get_new_device: Selected device 0
I/audio_policy_mrvl( 148): get_device_for_strategy: Strategy 0, device 2
E/AudioPolicyService( 148): getParamFromPolicy : enter , keys = audioParam;outDevice
E/audio_policy_mrvl( 148): mrvl_ap_getParamFromPolicy: audioParam;outDevice
V/audio_policy_mrvl( 148): get_new_device: Selected device 0
I/audio_policy_mrvl( 148): get_device_for_strategy: Strategy 0, device 2 6,1007,31014831,-;[c2] healthd: battery l=69 v=3858 t=28.0 h=2 st=3 c=0 o=1 ca=0 ct=0 chg=
V/MARVELL_TEL_ATCMD( 374): [modemDevRx] got Netlink Data
E/AudioPolicyService( 148): getParamFromPolicy : enter , keys = audioParam;outDevice
E/audio_policy_mrvl( 148): mrvl_ap_getParamFromPolicy: audioParam;outDevice
V/audio_policy_mrvl( 148): get_new_device: Selected device 0
I/audio_policy_mrvl( 148): get_device_for_strategy: Strategy 0, device 2
D/dalvikvm( 419): GC_CONCURRENT freed 3103K, 47% free 9449K/17620K, paused 2ms+1ms, total 19ms
E/AudioPolicyService( 148): getParamFromPolicy : enter , keys = audioParam;outDevice
E/audio_policy_mrvl( 148): mrvl_ap_getParamFromPolicy: audioParam;outDevice
V/audio_policy_mrvl( 148): get_new_device: Selected device 0
I/audio_policy_mrvl( 148): get_device_for_strategy: Strategy 0, device 2
E/AudioPolicyService( 148): getParamFromPolicy : enter , keys = audioParam;outDevice
E/audio_policy_mrvl( 148): mrvl_ap_getParamFromPolicy: audioParam;outDevice
V/audio_policy_mrvl( 148): get_new_device: Selected device 0
I/audio_policy_mrvl( 148): get_device_for_strategy: Strategy 0, device 2
E/AudioPolicyService( 148): getParamFromPolicy : enter , keys = audioParam;outDevice
E/audio_policy_mrvl( 148): mrvl_ap_getParamFromPolicy: audioParam;outDevice
V/audio_policy_mrvl( 148): get_new_device: Selected device 0
I/audio_policy_mrvl( 148): get_device_for_strategy: Strategy 0, device 2
E/BufferQueue( 144): [CFSurface] dequeueBuffer: min undequeued buffer count (1) exceeded (dequeued=2 undequeudCount=0)
E/BufferQueue( 144): [CFSurface] dequeueBuffer: min undequeued buffer count (1) exceeded (dequeued=2 undequeudCount=0)
E/BufferQueue( 144): [CFSurface] dequeueBuffer: min undequeued buffer count (1) exceeded (dequeued=2 undequeudCount=0) 4,1008,31380615,-;[c0] reclaimed 1018 (swapped 677) pages.
E/BufferQueue( 144): [CFSurface] dequeueBuffer: min undequeued buffer count (1) exceeded (dequeued=2 undequeudCount=0)
E/BufferQueue( 144): [CFSurface] dequeueBuffer: min undequeued buffer count (1) exceeded (dequeued=2 undequeudCount=0)
E/BufferQueue( 144): [CFSurface] dequeueBuffer: min undequeued buffer count (1) exceeded (dequeued=2 undequeudCount=0)
E/BufferQueue( 144): [CFSurface] dequeueBuffer: min undequeued buffer count (1) exceeded (dequeued=2 undequeudCount=0)
E/BufferQueue( 144): [CFSurface] dequeueBuffer: min undequeued buffer count (1) exceeded (dequeued=2 undequeudCount=0)
E/AudioPolicyService( 148): getParamFromPolicy : enter , keys = audioParam;outDevice
E/audio_policy_mrvl( 148): mrvl_ap_getParamFromPolicy: audioParam;outDevice
V/audio_policy_mrvl( 148): get_new_device: Selected device 0
I/audio_policy_mrvl( 148): get_device_for_strategy: Strategy 0, device 2
D/dalvikvm( 1021): GC_CONCURRENT freed 2555K, 29% free 26552K/36896K, paused 4ms+7ms, total 185ms
D/dalvikvm( 1021): WAIT_FOR_CONCURRENT_GC blocked 135ms
E/AudioPolicyService( 148): getParamFromPolicy : enter , keys = audioParam;outDevice
E/audio_policy_mrvl( 148): mrvl_ap_getParamFromPolicy: audioParam;outDevice
V/audio_policy_mrvl( 148): get_new_device: Selected device 0
I/audio_policy_mrvl( 148): get_device_for_strategy: Strategy 0, device 2
E/AudioPolicyService( 148): getParamFromPolicy : enter , keys = audioParam;outDevice
E/audio_policy_mrvl( 148): mrvl_ap_getParamFromPolicy: audioParam;outDevice
V/audio_policy_mrvl( 148): get_new_device: Selected device 0
I/audio_policy_mrvl( 148): get_device_for_strategy: Strategy 0, device 2
D/dalvikvm( 419): GC_CONCURRENT freed 3030K, 47% free 9448K/17620K, paused 0ms+1ms, total 13ms
E/AudioPolicyService( 148): getParamFromPolicy : enter , keys = audioParam;outDevice
E/audio_policy_mrvl( 148): mrvl_ap_getParamFromPolicy: audioParam;outDevice
V/audio_policy_mrvl( 148): get_new_device: Selected device 0
I/audio_policy_mrvl( 148): get_device_for_strategy: Strategy 0, device 2
E/AudioPolicyService( 148): getParamFromPolicy : enter , keys = audioParam;outDevice
E/audio_policy_mrvl( 148): mrvl_ap_getParamFromPolicy: audioParam;outDevice
V/audio_policy_mrvl( 148): get_new_device: Selected device 0
I/audio_policy_mrvl( 148): get_device_for_strategy: Strategy 0, device 2
E/AudioPolicyService( 148): getParamFromPolicy : enter , keys = audioParam;outDevice
E/audio_policy_mrvl( 148): mrvl_ap_getParamFromPolicy: audioParam;outDevice
V/audio_policy_mrvl( 148): get_new_device: Selected device 0
I/audio_policy_mrvl( 148): get_device_for_strategy: Strategy 0, device 2
W/PackageManager( 1021): Application package com.google.android.apps.photos already installed. Skipping duplicate.
I/PackageManager( 1021): /data/app/com.crazystudio.emoji.kitkat-2.apk changed; collecting certs
E/AudioPolicyService( 148): getParamFromPolicy : enter , keys = audioParam;outDevice
E/audio_policy_mrvl( 148): mrvl_ap_getParamFromPolicy: audioParam;outDevice
V/audio_policy_mrvl( 148): get_new_device: Selected device 0
I/audio_policy_mrvl( 148): get_device_for_strategy: Strategy 0, device 2
E/AudioPolicyService( 148): getParamFromPolicy : enter , keys = audioParam;outDevice
E/audio_policy_mrvl( 148): mrvl_ap_getParamFromPolicy: audioParam;outDevice
V/audio_policy_mrvl( 148): get_new_device: Selected device 0
I/audio_policy_mrvl( 148): get_device_for_strategy: Strategy 0, device 2
E/AudioPolicyService( 148): getParamFromPolicy : enter , keys = audioParam;outDevice
E/audio_policy_mrvl( 148): mrvl_ap_getParamFromPolicy: audioParam;outDevice
V/audio_policy_mrvl( 148): get_new_device: Selected device 0
I/audio_policy_mrvl( 148): get_device_for_strategy: Strategy 0, device 2
E/AudioPolicyService( 148): getParamFromPolicy : enter , keys = audioParam;outDevice
E/audio_policy_mrvl( 148): mrvl_ap_getParamFromPolicy: audioParam;outDevice
V/audio_policy_mrvl( 148): get_new_device: Selected device 0
I/audio_policy_mrvl( 148): get_device_for_strategy: Strategy 0, device 2
D/dalvikvm( 1021): GC_CONCURRENT freed 1732K, 27% free 27252K/36896K, paused 3ms+31ms, total 197ms
D/dalvikvm( 1021): WAIT_FOR_CONCURRENT_GC blocked 189ms
E/AudioPolicyService( 148): getParamFromPolicy : enter , keys = audioParam;outDevice
E/audio_policy_mrvl( 148): mrvl_ap_getParamFromPolicy: audioParam;outDevice
V/audio_policy_mrvl( 148): get_new_device: Selected device 0
I/audio_policy_mrvl( 148): get_device_for_strategy: Strategy 0, device 2
D/dalvikvm( 419): GC_CONCURRENT freed 3149K, 47% free 9447K/17620K, paused 1ms+1ms, total 15ms
D/dalvikvm( 419): WAIT_FOR_CONCURRENT_GC blocked 9ms
E/AudioPolicyService( 148): getParamFromPolicy : enter , keys = audioParam;outDevice
E/audio_policy_mrvl( 148): mrvl_ap_getParamFromPolicy: audioParam;outDevice
V/audio_policy_mrvl( 148): get_new_device: Selected device 0
D/dalvikvm( 1021): GC_FOR_ALLOC freed 3854K, 31% free 25773K/36896K, paused 146ms, total 147ms
I/audio_policy_mrvl( 148): get_device_for_strategy: Strategy 0, device 2
E/AudioPolicyService( 148): getParamFromPolicy : enter , keys = audioParam;outDevice
E/audio_policy_mrvl( 148): mrvl_ap_getParamFromPolicy: audioParam;outDevice
V/audio_policy_mrvl( 148): get_new_device: Selected device 0
I/audio_policy_mrvl( 148): get_device_for_strategy: Strategy 0, device 2
E/AudioPolicyService( 148): getParamFromPolicy : enter , keys = audioParam;outDevice
E/audio_policy_mrvl( 148): mrvl_ap_getParamFromPolicy: audioParam;outDevice
V/audio_policy_mrvl( 148): get_new_device: Selected device 0
I/audio_policy_mrvl( 148): get_device_for_strategy: Strategy 0, device 2
D/dalvikvm( 1021): GC_CONCURRENT freed 1730K, 29% free 26281K/36896K, paused 4ms+9ms, total 172ms
D/dalvikvm( 1021): WAIT_FOR_CONCURRENT_GC blocked 148ms
E/AudioPolicyService( 148): getParamFromPolicy : enter , keys = audioParam;outDevice
E/audio_policy_mrvl( 148): mrvl_ap_getParamFromPolicy: audioParam;outDevice
V/audio_policy_mrvl( 148): get_new_device: Selected device 0
I/audio_policy_mrvl( 148): get_device_for_strategy: Strategy 0, device 2
E/AudioPolicyService( 148): getParamFromPolicy : enter , keys = audioParam;outDevice
E/audio_policy_mrvl( 148): mrvl_ap_getParamFromPolicy: audioParam;outDevice
V/audio_policy_mrvl( 148): get_new_device: Selected device 0
I/audio_policy_mrvl( 148): get_device_for_strategy: Strategy 0, device 2
E/AudioPolicyService( 148): getParamFromPolicy : enter , keys = audioParam;outDevice
E/audio_policy_mrvl( 148): mrvl_ap_getParamFromPolicy: audioParam;outDevice
V/audio_policy_mrvl( 148): get_new_device: Selected device 0
I/audio_policy_mrvl( 148): get_device_for_strategy: Strategy 0, device 2
E/AudioPolicyService( 148): getParamFromPolicy : enter , keys = audioParam;outDevice
E/audio_policy_mrvl( 148): mrvl_ap_getParamFromPolicy: audioParam;outDevice
V/audio_policy_mrvl( 148): get_new_device: Selected device 0
I/audio_policy_mrvl( 148): get_device_for_strategy: Strategy 0, device 2
E/AudioPolicyService( 148): getParamFromPolicy : enter , keys = audioParam;outDevice
E/audio_policy_mrvl( 148): mrvl_ap_getParamFromPolicy: audioParam;outDevice
V/audio_policy_mrvl( 148): get_new_device: Selected device 0
I/audio_policy_mrvl( 148): get_device_for_strategy: Strategy 0, device 2
D/dalvikvm( 419): GC_CONCURRENT freed 3061K, 47% free 9449K/17620K, paused 1ms+1ms, total 15ms
D/dalvikvm( 1021): GC_CONCURRENT freed 1195K, 26% free 27452K/36896K, paused 3ms+11ms, total 179ms
D/dalvikvm( 1021): WAIT_FOR_CONCURRENT_GC blocked 153ms
E/AudioPolicyService( 148): getParamFromPolicy : enter , keys = audioParam;outDevice
E/audio_policy_mrvl( 148): mrvl_ap_getParamFromPolicy: audioParam;outDevice
V/audio_policy_mrvl( 148): get_new_device: Selected device 0
I/audio_policy_mrvl( 148): get_device_for_strategy: Strategy 0, device 2
E/AudioPolicyService( 148): getParamFromPolicy : enter , keys = audioParam;outDevice
E/audio_policy_mrvl( 148): mrvl_ap_getParamFromPolicy: audioParam;outDevice
V/audio_policy_mrvl( 148): get_new_device: Selected device 0
I/audio_policy_mrvl( 148): get_device_for_strategy: Strategy 0, device 2
E/AudioPolicyService( 148): getParamFromPolicy : enter , keys = audioParam;outDevice
E/audio_policy_mrvl( 148): mrvl_ap_getParamFromPolicy: audioParam;outDevice
V/audio_policy_mrvl( 148): get_new_device: Selected device 0
I/audio_policy_mrvl( 148): get_device_for_strategy: Strategy 0, device 2
W/PackageManager( 1021): Application package com.crazystudio.emoji.kitkat already installed. Skipping duplicate.
I/PackageManager( 1021): /data/app/mobi.infolife.ezweather-8.apk changed; collecting certs
E/AudioPolicyService( 148): getParamFromPolicy : enter , keys = audioParam;outDevice
E/audio_policy_mrvl( 148): mrvl_ap_getParamFromPolicy: audioParam;outDevice
V/audio_policy_mrvl( 148): get_new_device: Selected device 0
I/audio_policy_mrvl( 148): get_device_for_strategy: Strategy 0, device 2
E/AudioPolicyService( 148): getParamFromPolicy : enter , keys = audioParam;outDevice
E/audio_policy_mrvl( 148): mrvl_ap_getParamFromPolicy: audioParam;outDevice
V/audio_policy_mrvl( 148): get_new_device: Selected device 0
I/audio_policy_mrvl( 148): get_device_for_strategy: Strategy 0, device 2
E/AudioPolicyService( 148): getParamFromPolicy : enter , keys = audioParam;outDevice
E/audio_policy_mrvl( 148): mrvl_ap_getParamFromPolicy: audioParam;outDevice
V/audio_policy_mrvl( 148): get_new_device: Selected device 0
I/audio_policy_mrvl( 148): get_device_for_strategy: Strategy 0, device 2
D/dalvikvm( 1021): GC_CONCURRENT freed 1636K, 23% free 28410K/36896K, paused 8ms+31ms, total 168ms
D/dalvikvm( 1021): WAIT_FOR_CONCURRENT_GC blocked 160ms
E/AudioPolicyService( 148): getParamFromPolicy : enter , keys = audioParam;outDevice
E/audio_policy_mrvl( 148): mrvl_ap_getParamFromPolicy: audioParam;outDevice
V/audio_policy_mrvl( 148): get_new_device: Selected device 0
I/audio_policy_mrvl( 148): get_device_for_strategy: Strategy 0, device 2
D/dalvikvm( 419): GC_CONCURRENT freed 3031K, 47% free 9501K/17620K, paused 0ms+2ms, total 22ms
E/AudioPolicyService( 148): getParamFromPolicy : enter , keys = audioParam;outDevice
E/audio_policy_mrvl( 148): mrvl_ap_getParamFromPolicy: audioParam;outDevice
V/audio_policy_mrvl( 148): get_new_device: Selected device 0
I/audio_policy_mrvl( 148): get_device_for_strategy: Strategy 0, device 2
E/AudioPolicyService( 148): getParamFromPolicy : enter , keys = audioParam;outDevice
E/audio_policy_mrvl( 148): mrvl_ap_getParamFromPolicy: audioParam;outDevice
V/audio_policy_mrvl( 148): get_new_device: Selected device 0
I/audio_policy_mrvl( 148): get_device_for_strategy: Strategy 0, device 2
E/AudioPolicyService( 148): getParamFromPolicy : enter , keys = audioParam;outDevice
E/audio_policy_mrvl( 148): mrvl_ap_getParamFromPolicy: audioParam;outDevice
V/audio_policy_mrvl( 148): get_new_device: Selected device 0
I/audio_policy_mrvl( 148): get_device_for_strategy: Strategy 0, device 2
D/dalvikvm( 1021): GC_CONCURRENT freed 5120K, 30% free 26188K/36896K, paused 10ms+10ms, total 186ms
D/dalvikvm( 1021): WAIT_FOR_CONCURRENT_GC blocked 156ms
E/AudioPolicyService( 148): getParamFromPolicy : enter , keys = audioParam;outDevice
E/audio_policy_mrvl( 148): mrvl_ap_getParamFromPolicy: audioParam;outDevice
V/audio_policy_mrvl( 148): get_new_device: Selected device 0
I/audio_policy_mrvl( 148): get_device_for_strategy: Strategy 0, device 2
E/AudioPolicyService( 148): getParamFromPolicy : enter , keys = audioParam;outDevice
E/audio_policy_mrvl( 148): mrvl_ap_getParamFromPolicy: audioParam;outDevice
V/audio_policy_mrvl( 148): get_new_device: Selected device 0
I/audio_policy_mrvl( 148): get_device_for_strategy: Strategy 0, device 2
E/AudioPolicyService( 148): getParamFromPolicy : enter , keys = audioParam;outDevice
E/audio_policy_mrvl( 148): mrvl_ap_getParamFromPolicy: audioParam;outDevice
V/audio_policy_mrvl( 148): get_new_device: Selected device 0
