W/System.err( 1021): at com.android.server.pm.PackageManagerService.(PackageManagerService.java:1951)
W/System.err( 1021): at de.robv.android.xposed.XposedBridge.invokeOriginalMethodNative(Native Method)
W/System.err( 1021): at de.robv.android.xposed.XposedBridge.handleHookedMethod(XposedBridge.java:631)
W/System.err( 1021): at com.android.server.pm.PackageManagerService.(Native Method)
W/System.err( 1021): at com.android.server.pm.PackageManagerService.main(PackageManagerService.java:1422)
W/System.err( 1021): at com.android.server.ServerThread.initAndLoop(SystemServer.java:480)
W/System.err( 1021): at de.robv.android.xposed.XposedBridge.invokeOriginalMethodNative(Native Method)
W/System.err( 1021): at de.robv.android.xposed.XposedBridge.handleHookedMethod(XposedBridge.java:631)
W/System.err( 1021): at com.android.server.ServerThread.initAndLoop(Native Method)
W/System.err( 1021): at com.android.server.SystemServer.main(SystemServer.java:2215)
W/System.err( 1021): at java.lang.reflect.Method.invokeNative(Native Method)
W/System.err( 1021): at java.lang.reflect.Method.invoke(Method.java:515)
W/System.err( 1021): at com.android.internal.os.ZygoteInit$MethodAndArgsCaller.run(ZygoteInit.java:1283)
W/System.err( 1021): at com.android.internal.os.ZygoteInit.main(ZygoteInit.java:1099)
W/System.err( 1021): at de.robv.android.xposed.XposedBridge.main(XposedBridge.java:132)
W/System.err( 1021): at dalvik.system.NativeStart.main(Native Method)
W/System.err( 1021): java.lang.NullPointerException
W/System.err( 1021): at com.chelpus.XSupport$17.beforeHookedMethod(XSupport.java:533)
W/System.err( 1021): at de.robv.android.xposed.XposedBridge.handleHookedMethod(XposedBridge.java:611)
W/System.err( 1021): at com.android.server.pm.PackageManagerService.compareSignatures(Native Method)
W/System.err( 1021): at com.android.server.pm.PackageManagerService.grantSignaturePermission(PackageManagerService.java:8012)
W/System.err( 1021): at com.android.server.pm.PackageManagerService.grantPermissionsLPw(PackageManagerService.java:7927)
W/System.err( 1021): at de.robv.android.xposed.XposedBridge.invokeOriginalMethodNative(Native Method)
W/System.err( 1021): at de.robv.android.xposed.XposedBridge.handleHookedMethod(XposedBridge.java:631)
W/System.err( 1021): at com.android.server.pm.PackageManagerService.grantPermissionsLPw(Native Method)
W/System.err( 1021): at com.android.server.pm.PackageManagerService.updatePermissionsLPw(PackageManagerService.java:7851)
W/System.err( 1021): at com.android.server.pm.PackageManagerService.(PackageManagerService.java:1951)
W/System.err( 1021): at de.robv.android.xposed.XposedBridge.invokeOriginalMethodNative(Native Method)
W/System.err( 1021): at de.robv.android.xposed.XposedBridge.handleHookedMethod(XposedBridge.java:631)
W/System.err( 1021): at com.android.server.pm.PackageManagerService.(Native Method)
W/System.err( 1021): at com.android.server.pm.PackageManagerService.main(PackageManagerService.java:1422)
W/System.err( 1021): at com.android.server.ServerThread.initAndLoop(SystemServer.java:480)
W/System.err( 1021): at de.robv.android.xposed.XposedBridge.invokeOriginalMethodNative(Native Method)
W/System.err( 1021): at de.robv.android.xposed.XposedBridge.handleHookedMethod(XposedBridge.java:631)
W/System.err( 1021): at com.android.server.ServerThread.initAndLoop(Native Method)
W/System.err( 1021): at com.android.server.SystemServer.main(SystemServer.java:2215)
W/System.err( 1021): at java.lang.reflect.Method.invokeNative(Native Method)
W/System.err( 1021): at java.lang.reflect.Method.invoke(Method.java:515)
W/System.err( 1021): at com.android.internal.os.ZygoteInit$MethodAndArgsCaller.run(ZygoteInit.java:1283)
W/System.err( 1021): at com.android.internal.os.ZygoteInit.main(ZygoteInit.java:1099)
W/System.err( 1021): at de.robv.android.xposed.XposedBridge.main(XposedBridge.java:132)
W/System.err( 1021): at dalvik.system.NativeStart.main(Native Method)
W/System.err( 1021): java.lang.NullPointerException
W/System.err( 1021): at com.chelpus.XSupport$17.beforeHookedMethod(XSupport.java:533)
W/System.err( 1021): at de.robv.android.xposed.XposedBridge.handleHookedMethod(XposedBridge.java:611)
W/System.err( 1021): at com.android.server.pm.PackageManagerService.compareSignatures(Native Method)
W/System.err( 1021): at com.android.server.pm.PackageManagerService.grantSignaturePermission(PackageManagerService.java:8012)
W/System.err( 1021): at com.android.server.pm.PackageManagerService.grantPermissionsLPw(PackageManagerService.java:7927)
W/System.err( 1021): at de.robv.android.xposed.XposedBridge.invokeOriginalMethodNative(Native Method)
W/System.err( 1021): at de.robv.android.xposed.XposedBridge.handleHookedMethod(XposedBridge.java:631)
W/System.err( 1021): at com.android.server.pm.PackageManagerService.grantPermissionsLPw(Native Method)
W/System.err( 1021): at com.android.server.pm.PackageManagerService.updatePermissionsLPw(PackageManagerService.java:7851)
W/System.err( 1021): at com.android.server.pm.PackageManagerService.(PackageManagerService.java:1951)
W/System.err( 1021): at de.robv.android.xposed.XposedBridge.invokeOriginalMethodNative(Native Method)
W/System.err( 1021): at de.robv.android.xposed.XposedBridge.handleHookedMethod(XposedBridge.java:631)
W/System.err( 1021): at com.android.server.pm.PackageManagerService.(Native Method)
W/System.err( 1021): at com.android.server.pm.PackageManagerService.main(PackageManagerService.java:1422)
W/System.err( 1021): at com.android.server.ServerThread.initAndLoop(SystemServer.java:480)
W/System.err( 1021): at de.robv.android.xposed.XposedBridge.invokeOriginalMethodNative(Native Method)
W/System.err( 1021): at de.robv.android.xposed.XposedBridge.handleHookedMethod(XposedBridge.java:631)
W/System.err( 1021): at com.android.server.ServerThread.initAndLoop(Native Method)
W/System.err( 1021): at com.android.server.SystemServer.main(SystemServer.java:2215)
W/System.err( 1021): at java.lang.reflect.Method.invokeNative(Native Method)
W/System.err( 1021): at java.lang.reflect.Method.invoke(Method.java:515)
W/System.err( 1021): at com.android.internal.os.ZygoteInit$MethodAndArgsCaller.run(ZygoteInit.java:1283)
W/System.err( 1021): at com.android.internal.os.ZygoteInit.main(ZygoteInit.java:1099)
W/System.err( 1021): at de.robv.android.xposed.XposedBridge.main(XposedBridge.java:132)
W/System.err( 1021): at dalvik.system.NativeStart.main(Native Method)
W/System.err( 1021): java.lang.NullPointerException
W/System.err( 1021): at com.chelpus.XSupport$17.beforeHookedMethod(XSupport.java:533)
W/System.err( 1021): at de.robv.android.xposed.XposedBridge.handleHookedMethod(XposedBridge.java:611)
W/System.err( 1021): at com.android.server.pm.PackageManagerService.compareSignatures(Native Method)
W/System.err( 1021): at com.android.server.pm.PackageManagerService.grantSignaturePermission(PackageManagerService.java:8012)
W/System.err( 1021): at com.android.server.pm.PackageManagerService.grantPermissionsLPw(PackageManagerService.java:7927)
W/System.err( 1021): at de.robv.android.xposed.XposedBridge.invokeOriginalMethodNative(Native Method)
W/System.err( 1021): at de.robv.android.xposed.XposedBridge.handleHookedMethod(XposedBridge.java:631)
W/System.err( 1021): at com.android.server.pm.PackageManagerService.grantPermissionsLPw(Native Method)
W/System.err( 1021): at com.android.server.pm.PackageManagerService.updatePermissionsLPw(PackageManagerService.java:7851)
W/System.err( 1021): at com.android.server.pm.PackageManagerService.(PackageManagerService.java:1951)
W/System.err( 1021): at de.robv.android.xposed.XposedBridge.invokeOriginalMethodNative(Native Method)
W/System.err( 1021): at de.robv.android.xposed.XposedBridge.handleHookedMethod(XposedBridge.java:631)
W/System.err( 1021): at com.android.server.pm.PackageManagerService.(Native Method)
W/System.err( 1021): at com.android.server.pm.PackageManagerService.main(PackageManagerService.java:1422)
W/System.err( 1021): at com.android.server.ServerThread.initAndLoop(SystemServer.java:480)
W/System.err( 1021): at de.robv.android.xposed.XposedBridge.invokeOriginalMethodNative(Native Method)
W/System.err( 1021): at de.robv.android.xposed.XposedBridge.handleHookedMethod(XposedBridge.java:631)
W/System.err( 1021): at com.android.server.ServerThread.initAndLoop(Native Method)
W/System.err( 1021): at com.android.server.SystemServer.main(SystemServer.java:2215)
W/System.err( 1021): at java.lang.reflect.Method.invokeNative(Native Method)
W/System.err( 1021): at java.lang.reflect.Method.invoke(Method.java:515)
W/System.err( 1021): at com.android.internal.os.ZygoteInit$MethodAndArgsCaller.run(ZygoteInit.java:1283)
W/System.err( 1021): at com.android.internal.os.ZygoteInit.main(ZygoteInit.java:1099)
W/System.err( 1021): at de.robv.android.xposed.XposedBridge.main(XposedBridge.java:132)
W/System.err( 1021): at dalvik.system.NativeStart.main(Native Method)
W/System.err( 1021): java.lang.NullPointerException
W/System.err( 1021): at com.chelpus.XSupport$17.beforeHookedMethod(XSupport.java:533)
W/System.err( 1021): at de.robv.android.xposed.XposedBridge.handleHookedMethod(XposedBridge.java:611)
W/System.err( 1021): at com.android.server.pm.PackageManagerService.compareSignatures(Native Method)
W/System.err( 1021): at com.android.server.pm.PackageManagerService.grantSignaturePermission(PackageManagerService.java:8012)
W/System.err( 1021): at com.android.server.pm.PackageManagerService.grantPermissionsLPw(PackageManagerService.java:7927)
W/System.err( 1021): at de.robv.android.xposed.XposedBridge.invokeOriginalMethodNative(Native Method)
W/System.err( 1021): at de.robv.android.xposed.XposedBridge.handleHookedMethod(XposedBridge.java:631)
W/System.err( 1021): at com.android.server.pm.PackageManagerService.grantPermissionsLPw(Native Method)
W/System.err( 1021): at com.android.server.pm.PackageManagerService.updatePermissionsLPw(PackageManagerService.java:7851)
W/System.err( 1021): at com.android.server.pm.PackageManagerService.(PackageManagerService.java:1951)
W/System.err( 1021): at de.robv.android.xposed.XposedBridge.invokeOriginalMethodNative(Native Method)
W/System.err( 1021): at de.robv.android.xposed.XposedBridge.handleHookedMethod(XposedBridge.java:631)
W/System.err( 1021): at com.android.server.pm.PackageManagerService.(Native Method)
W/System.err( 1021): at com.android.server.pm.PackageManagerService.main(PackageManagerService.java:1422)
W/System.err( 1021): at com.android.server.ServerThread.initAndLoop(SystemServer.java:480)
W/System.err( 1021): at de.robv.android.xposed.XposedBridge.invokeOriginalMethodNative(Native Method)
W/System.err( 1021): at de.robv.android.xposed.XposedBridge.handleHookedMethod(XposedBridge.java:631)
W/System.err( 1021): at com.android.server.ServerThread.initAndLoop(Native Method)
W/System.err( 1021): at com.android.server.SystemServer.main(SystemServer.java:2215)
W/System.err( 1021): at java.lang.reflect.Method.invokeNative(Native Method)
W/System.err( 1021): at java.lang.reflect.Method.invoke(Method.java:515)
W/System.err( 1021): at com.android.internal.os.ZygoteInit$MethodAndArgsCaller.run(ZygoteInit.java:1283)
W/System.err( 1021): at com.android.internal.os.ZygoteInit.main(ZygoteInit.java:1099)
W/System.err( 1021): at de.robv.android.xposed.XposedBridge.main(XposedBridge.java:132)
W/System.err( 1021): at dalvik.system.NativeStart.main(Native Method)
W/System.err( 1021): java.lang.NullPointerException
W/System.err( 1021): at com.chelpus.XSupport$17.beforeHookedMethod(XSupport.java:533)
W/System.err( 1021): at de.robv.android.xposed.XposedBridge.handleHookedMethod(XposedBridge.java:611)
W/System.err( 1021): at com.android.server.pm.PackageManagerService.compareSignatures(Native Method)
W/System.err( 1021): at com.android.server.pm.PackageManagerService.grantSignaturePermission(PackageManagerService.java:8012)
W/System.err( 1021): at com.android.server.pm.PackageManagerService.grantPermissionsLPw(PackageManagerService.java:7927)
W/System.err( 1021): at de.robv.android.xposed.XposedBridge.invokeOriginalMethodNative(Native Method)
W/System.err( 1021): at de.robv.android.xposed.XposedBridge.handleHookedMethod(XposedBridge.java:631)
W/System.err( 1021): at com.android.server.pm.PackageManagerService.grantPermissionsLPw(Native Method)
W/System.err( 1021): at com.android.server.pm.PackageManagerService.updatePermissionsLPw(PackageManagerService.java:7851)
W/System.err( 1021): at com.android.server.pm.PackageManagerService.(PackageManagerService.java:1951)
W/System.err( 1021): at de.robv.android.xposed.XposedBridge.invokeOriginalMethodNative(Native Method)
W/System.err( 1021): at de.robv.android.xposed.XposedBridge.handleHookedMethod(XposedBridge.java:631)
W/System.err( 1021): at com.android.server.pm.PackageManagerService.(Native Method)
W/System.err( 1021): at com.android.server.pm.PackageManagerService.main(PackageManagerService.java:1422)
W/System.err( 1021): at com.android.server.ServerThread.initAndLoop(SystemServer.java:480)
W/System.err( 1021): at de.robv.android.xposed.XposedBridge.invokeOriginalMethodNative(Native Method)
W/System.err( 1021): at de.robv.android.xposed.XposedBridge.handleHookedMethod(XposedBridge.java:631)
W/System.err( 1021): at com.android.server.ServerThread.initAndLoop(Native Method)
W/System.err( 1021): at com.android.server.SystemServer.main(SystemServer.java:2215)
W/System.err( 1021): at java.lang.reflect.Method.invokeNative(Native Method)
W/System.err( 1021): at java.lang.reflect.Method.invoke(Method.java:515)
W/System.err( 1021): at com.android.internal.os.ZygoteInit$MethodAndArgsCaller.run(ZygoteInit.java:1283)
W/System.err( 1021): at com.android.internal.os.ZygoteInit.main(ZygoteInit.java:1099)
W/System.err( 1021): at de.robv.android.xposed.XposedBridge.main(XposedBridge.java:132)
W/System.err( 1021): at dalvik.system.NativeStart.main(Native Method)
W/System.err( 1021): java.lang.NullPointerException
W/System.err( 1021): at com.chelpus.XSupport$17.beforeHookedMethod(XSupport.java:533)
W/System.err( 1021): at de.robv.android.xposed.XposedBridge.handleHookedMethod(XposedBridge.java:611)
W/System.err( 1021): at com.android.server.pm.PackageManagerService.compareSignatures(Native Method)
W/System.err( 1021): at com.android.server.pm.PackageManagerService.grantSignaturePermission(PackageManagerService.java:8012)
W/System.err( 1021): at com.android.server.pm.PackageManagerService.grantPermissionsLPw(PackageManagerService.java:7927)
W/System.err( 1021): at de.robv.android.xposed.XposedBridge.invokeOriginalMethodNative(Native Method)
W/System.err( 1021): at de.robv.android.xposed.XposedBridge.handleHookedMethod(XposedBridge.java:631)
W/System.err( 1021): at com.android.server.pm.PackageManagerService.grantPermissionsLPw(Native Method)
W/System.err( 1021): at com.android.server.pm.PackageManagerService.updatePermissionsLPw(PackageManagerService.java:7851)
W/System.err( 1021): at com.android.server.pm.PackageManagerService.(PackageManagerService.java:1951)
W/System.err( 1021): at de.robv.android.xposed.XposedBridge.invokeOriginalMethodNative(Native Method)
W/System.err( 1021): at de.robv.android.xposed.XposedBridge.handleHookedMethod(XposedBridge.java:631)
W/System.err( 1021): at com.android.server.pm.PackageManagerService.(Native Method)
W/System.err( 1021): at com.android.server.pm.PackageManagerService.main(PackageManagerService.java:1422)
W/System.err( 1021): at com.android.server.ServerThread.initAndLoop(SystemServer.java:480)
W/System.err( 1021): at de.robv.android.xposed.XposedBridge.invokeOriginalMethodNative(Native Method)
W/System.err( 1021): at de.robv.android.xposed.XposedBridge.handleHookedMethod(XposedBridge.java:631)
W/System.err( 1021): at com.android.server.ServerThread.initAndLoop(Native Method)
W/System.err( 1021): at com.android.server.SystemServer.main(SystemServer.java:2215)
W/System.err( 1021): at java.lang.reflect.Method.invokeNative(Native Method)
W/System.err( 1021): at java.lang.reflect.Method.invoke(Method.java:515)
W/System.err( 1021): at com.android.internal.os.ZygoteInit$MethodAndArgsCaller.run(ZygoteInit.java:1283)
W/System.err( 1021): at com.android.internal.os.ZygoteInit.main(ZygoteInit.java:1099)
W/System.err( 1021): at de.robv.android.xposed.XposedBridge.main(XposedBridge.java:132)
W/System.err( 1021): at dalvik.system.NativeStart.main(Native Method)
W/System.err( 1021): java.lang.NullPointerException
E/AudioPolicyService( 148): getParamFromPolicy : enter , keys = audioParam;outDevice
E/audio_policy_mrvl( 148): mrvl_ap_getParamFromPolicy: audioParam;outDevice 4,1127,82334747,-;[c1] reclaimed 3080 (swapped 1930) pages.
V/audio_policy_mrvl( 148): get_new_device: Selected device 0
I/audio_policy_mrvl( 148): get_device_for_strategy: Strategy 0, device 2
W/System.err( 1021): at com.chelpus.XSupport$17.beforeHookedMethod(XSupport.java:533)
W/System.err( 1021): at de.robv.android.xposed.XposedBridge.handleHookedMethod(XposedBridge.java:611)
W/System.err( 1021): at com.android.server.pm.PackageManagerService.compareSignatures(Native Method)
W/System.err( 1021): at com.android.server.pm.PackageManagerService.grantSignaturePermission(PackageManagerService.java:8012)
W/System.err( 1021): at com.android.server.pm.PackageManagerService.grantPermissionsLPw(PackageManagerService.java:7927)
W/System.err( 1021): at de.robv.android.xposed.XposedBridge.invokeOriginalMethodNative(Native Method)
W/System.err( 1021): at de.robv.android.xposed.XposedBridge.handleHookedMethod(XposedBridge.java:631)
W/System.err( 1021): at com.android.server.pm.PackageManagerService.grantPermissionsLPw(Native Method)
W/System.err( 1021): at com.android.server.pm.PackageManagerService.updatePermissionsLPw(PackageManagerService.java:7851)
W/System.err( 1021): at com.android.server.pm.PackageManagerService.(PackageManagerService.java:1951)
W/System.err( 1021): at de.robv.android.xposed.XposedBridge.invokeOriginalMethodNative(Native Method)
W/System.err( 1021): at de.robv.android.xposed.XposedBridge.handleHookedMethod(XposedBridge.java:631)
W/System.err( 1021): at com.android.server.pm.PackageManagerService.(Native Method)
W/System.err( 1021): at com.android.server.pm.PackageManagerService.main(PackageManagerService.java:1422)
W/System.err( 1021): at com.android.server.ServerThread.initAndLoop(SystemServer.java:480)
W/System.err( 1021): at de.robv.android.xposed.XposedBridge.invokeOriginalMethodNative(Native Method)
W/System.err( 1021): at de.robv.android.xposed.XposedBridge.handleHookedMethod(XposedBridge.java:631)
W/PackageManager( 1021): Not granting permission android.permission.INTERACT_ACROSS_USERS_FULL to package com.android.contacts (protectionLevel=2 flags=0x4018be45)
W/System.err( 1021): at com.android.server.ServerThread.initAndLoop(Native Method)
W/System.err( 1021): at com.android.server.SystemServer.main(SystemServer.java:2215)
W/System.err( 1021): at java.lang.reflect.Method.invokeNative(Native Method)
W/System.err( 1021): at java.lang.reflect.Method.invoke(Method.java:515)
W/System.err( 1021): at com.android.internal.os.ZygoteInit$MethodAndArgsCaller.run(ZygoteInit.java:1283)
W/System.err( 1021): at com.android.internal.os.ZygoteInit.main(ZygoteInit.java:1099)
W/System.err( 1021): at de.robv.android.xposed.XposedBridge.main(XposedBridge.java:132)
W/System.err( 1021): at dalvik.system.NativeStart.main(Native Method)
W/System.err( 1021): java.lang.NullPointerException
W/System.err( 1021): at com.chelpus.XSupport$17.beforeHookedMethod(XSupport.java:533)
W/System.err( 1021): at de.robv.android.xposed.XposedBridge.handleHookedMethod(XposedBridge.java:611)
W/System.err( 1021): at com.android.server.pm.PackageManagerService.compareSignatures(Native Method)
W/System.err( 1021): at com.android.server.pm.PackageManagerService.grantSignaturePermission(PackageManagerService.java:8012)
W/System.err( 1021): at com.android.server.pm.PackageManagerService.grantPermissionsLPw(PackageManagerService.java:7927)
W/System.err( 1021): at de.robv.android.xposed.XposedBridge.invokeOriginalMethodNative(Native Method)
W/System.err( 1021): at de.robv.android.xposed.XposedBridge.handleHookedMethod(XposedBridge.java:631)
W/System.err( 1021): at com.android.server.pm.PackageManagerService.grantPermissionsLPw(Native Method)
W/System.err( 1021): at com.android.server.pm.PackageManagerService.updatePermissionsLPw(PackageManagerService.java:7851)
W/System.err( 1021): at com.android.server.pm.PackageManagerService.(PackageManagerService.java:1951)
W/System.err( 1021): at de.robv.android.xposed.XposedBridge.invokeOriginalMethodNative(Native Method)
W/System.err( 1021): at de.robv.android.xposed.XposedBridge.handleHookedMethod(XposedBridge.java:631)
W/System.err( 1021): at com.android.server.pm.PackageManagerService.(Native Method)
W/System.err( 1021): at com.android.server.pm.PackageManagerService.main(PackageManagerService.java:1422)
W/System.err( 1021): at com.android.server.ServerThread.initAndLoop(SystemServer.java:480)
W/System.err( 1021): at de.robv.android.xposed.XposedBridge.invokeOriginalMethodNative(Native Method)
W/System.err( 1021): at de.robv.android.xposed.XposedBridge.handleHookedMethod(XposedBridge.java:631)
W/System.err( 1021): at com.android.server.ServerThread.initAndLoop(Native Method)
W/System.err( 1021): at com.android.server.SystemServer.main(SystemServer.java:2215)
W/System.err( 1021): at java.lang.reflect.Method.invokeNative(Native Method)
W/System.err( 1021): at java.lang.reflect.Method.invoke(Method.java:515)
W/System.err( 1021): at com.android.internal.os.ZygoteInit$MethodAndArgsCaller.run(ZygoteInit.java:1283)
W/System.err( 1021): at com.android.internal.os.ZygoteInit.main(ZygoteInit.java:1099)
W/System.err( 1021): at de.robv.android.xposed.XposedBridge.main(XposedBridge.java:132)
W/System.err( 1021): at dalvik.system.NativeStart.main(Native Method)
W/System.err( 1021): java.lang.NullPointerException
W/System.err( 1021): at com.chelpus.XSupport$17.beforeHookedMethod(XSupport.java:533)
W/System.err( 1021): at de.robv.android.xposed.XposedBridge.handleHookedMethod(XposedBridge.java:611)
W/System.err( 1021): at com.android.server.pm.PackageManagerService.compareSignatures(Native Method)
W/System.err( 1021): at com.android.server.pm.PackageManagerService.grantSignaturePermission(PackageManagerService.java:8012)
W/System.err( 1021): at com.android.server.pm.PackageManagerService.grantPermissionsLPw(PackageManagerService.java:7927)
W/System.err( 1021): at de.robv.android.xposed.XposedBridge.invokeOriginalMethodNative(Native Method)
W/System.err( 1021): at de.robv.android.xposed.XposedBridge.handleHookedMethod(XposedBridge.java:631)
W/System.err( 1021): at com.android.server.pm.PackageManagerService.grantPermissionsLPw(Native Method)
W/System.err( 1021): at com.android.server.pm.PackageManagerService.updatePermissionsLPw(PackageManagerService.java:7851)
W/System.err( 1021): at com.android.server.pm.PackageManagerService.(PackageManagerService.java:1951)
W/System.err( 1021): at de.robv.android.xposed.XposedBridge.invokeOriginalMethodNative(Native Method)
W/System.err( 1021): at de.robv.android.xposed.XposedBridge.handleHookedMethod(XposedBridge.java:631)
W/System.err( 1021): at com.android.server.pm.PackageManagerService.(Native Method)
W/System.err( 1021): at com.android.server.pm.PackageManagerService.main(PackageManagerService.java:1422)
W/System.err( 1021): at com.android.server.ServerThread.initAndLoop(SystemServer.java:480)
W/System.err( 1021): at de.robv.android.xposed.XposedBridge.invokeOriginalMethodNative(Native Method)
W/System.err( 1021): at de.robv.android.xposed.XposedBridge.handleHookedMethod(XposedBridge.java:631)
W/System.err( 1021): at com.android.server.ServerThread.initAndLoop(Native Method)
W/System.err( 1021): at com.android.server.SystemServer.main(SystemServer.java:2215)
W/System.err( 1021): at java.lang.reflect.Method.invokeNative(Native Method)
W/System.err( 1021): at java.lang.reflect.Method.invoke(Method.java:515)
W/System.err( 1021): at com.android.internal.os.ZygoteInit$MethodAndArgsCaller.run(ZygoteInit.java:1283)
W/System.err( 1021): at com.android.internal.os.ZygoteInit.main(ZygoteInit.java:1099)
W/System.err( 1021): at de.robv.android.xposed.XposedBridge.main(XposedBridge.java:132)
W/System.err( 1021): at dalvik.system.NativeStart.main(Native Method)
W/System.err( 1021): java.lang.NullPointerException
E/BufferQueue( 144): [CFSurface] dequeueBuffer: min undequeued buffer count (1) exceeded (dequeued=2 undequeudCount=0)
W/System.err( 1021): at com.chelpus.XSupport$17.beforeHookedMethod(XSupport.java:533)
W/System.err( 1021): at de.robv.android.xposed.XposedBridge.handleHookedMethod(XposedBridge.java:611)
W/System.err( 1021): at com.android.server.pm.PackageManagerService.compareSignatures(Native Method)
W/System.err( 1021): at com.android.server.pm.PackageManagerService.grantSignaturePermission(PackageManagerService.java:8012)
W/System.err( 1021): at com.android.server.pm.PackageManagerService.grantPermissionsLPw(PackageManagerService.java:7927)
W/System.err( 1021): at de.robv.android.xposed.XposedBridge.invokeOriginalMethodNative(Native Method)
E/BufferQueue( 144): [CFSurface] dequeueBuffer: min undequeued buffer count (1) exceeded (dequeued=2 undequeudCount=0)
W/System.err( 1021): at de.robv.android.xposed.XposedBridge.handleHookedMethod(XposedBridge.java:631)
W/System.err( 1021): at com.android.server.pm.PackageManagerService.grantPermissionsLPw(Native Method)
W/System.err( 1021): at com.android.server.pm.PackageManagerService.updatePermissionsLPw(PackageManagerService.java:7851)
W/System.err( 1021): at com.android.server.pm.PackageManagerService.(PackageManagerService.java:1951)
W/System.err( 1021): at de.robv.android.xposed.XposedBridge.invokeOriginalMethodNative(Native Method)
W/System.err( 1021): at de.robv.android.xposed.XposedBridge.handleHookedMethod(XposedBridge.java:631)
E/BufferQueue( 144): [CFSurface] dequeueBuffer: min undequeued buffer count (1) exceeded (dequeued=2 undequeudCount=0)
W/System.err( 1021): at com.android.server.pm.PackageManagerService.(Native Method)
W/System.err( 1021): at com.android.server.pm.PackageManagerService.main(PackageManagerService.java:1422)
W/System.err( 1021): at com.android.server.ServerThread.initAndLoop(SystemServer.java:480)
W/System.err( 1021): at de.robv.android.xposed.XposedBridge.invokeOriginalMethodNative(Native Method)
W/System.err( 1021): at de.robv.android.xposed.XposedBridge.handleHookedMethod(XposedBridge.java:631)
W/System.err( 1021): at com.android.server.ServerThread.initAndLoop(Native Method)
W/System.err( 1021): at com.android.server.SystemServer.main(SystemServer.java:2215)
W/System.err( 1021): at java.lang.reflect.Method.invokeNative(Native Method)
W/System.err( 1021): at java.lang.reflect.Method.invoke(Method.java:515)
W/System.err( 1021): at com.android.internal.os.ZygoteInit$MethodAndArgsCaller.run(ZygoteInit.java:1283)
W/System.err( 1021): at com.android.internal.os.ZygoteInit.main(ZygoteInit.java:1099)
W/System.err( 1021): at de.robv.android.xposed.XposedBridge.main(XposedBridge.java:132)
W/System.err( 1021): at dalvik.system.NativeStart.main(Native Method)
W/System.err( 1021): java.lang.NullPointerException
E/BufferQueue( 144): [CFSurface] dequeueBuffer: min undequeued buffer count (1) exceeded (dequeued=2 undequeudCount=0)
W/System.err( 1021): at com.chelpus.XSupport$17.beforeHookedMethod(XSupport.java:533)
W/System.err( 1021): at de.robv.android.xposed.XposedBridge.handleHookedMethod(XposedBridge.java:611)
W/System.err( 1021): at com.android.server.pm.PackageManagerService.compareSignatures(Native Method)
W/System.err( 1021): at com.android.server.pm.PackageManagerService.grantSignaturePermission(PackageManagerService.java:8012)
W/System.err( 1021): at com.android.server.pm.PackageManagerService.grantPermissionsLPw(PackageManagerService.java:7927)
W/System.err( 1021): at de.robv.android.xposed.XposedBridge.invokeOriginalMethodNative(Native Method)
W/System.err( 1021): at de.robv.android.xposed.XposedBridge.handleHookedMethod(XposedBridge.java:631)
W/System.err( 1021): at com.android.server.pm.PackageManagerService.grantPermissionsLPw(Native Method)
W/System.err( 1021): at com.android.server.pm.PackageManagerService.updatePermissionsLPw(PackageManagerService.java:7851)
W/System.err( 1021): at com.android.server.pm.PackageManagerService.(PackageManagerService.java:1951)
W/System.err( 1021): at de.robv.android.xposed.XposedBridge.invokeOriginalMethodNative(Native Method)
W/System.err( 1021): at de.robv.android.xposed.XposedBridge.handleHookedMethod(XposedBridge.java:631)
W/System.err( 1021): at com.android.server.pm.PackageManagerService.(Native Method)
W/System.err( 1021): at com.android.server.pm.PackageManagerService.main(PackageManagerService.java:1422)
W/System.err( 1021): at com.android.server.ServerThread.initAndLoop(SystemServer.java:480)
W/System.err( 1021): at de.robv.android.xposed.XposedBridge.invokeOriginalMethodNative(Native Method)
E/BufferQueue( 144): [CFSurface] dequeueBuffer: min undequeued buffer count (1) exceeded (dequeued=2 undequeudCount=0)
W/System.err( 1021): at de.robv.android.xposed.XposedBridge.handleHookedMethod(XposedBridge.java:631)
W/System.err( 1021): at com.android.server.ServerThread.initAndLoop(Native Method)
W/System.err( 1021): at com.android.server.SystemServer.main(SystemServer.java:2215)
W/System.err( 1021): at java.lang.reflect.Method.invokeNative(Native Method)
W/System.err( 1021): at java.lang.reflect.Method.invoke(Method.java:515)
W/System.err( 1021): at com.android.internal.os.ZygoteInit$MethodAndArgsCaller.run(ZygoteInit.java:1283)
W/System.err( 1021): at com.android.internal.os.ZygoteInit.main(ZygoteInit.java:1099)
W/System.err( 1021): at de.robv.android.xposed.XposedBridge.main(XposedBridge.java:132)
W/System.err( 1021): at dalvik.system.NativeStart.main(Native Method)
W/System.err( 1021): java.lang.NullPointerException
W/System.err( 1021): at com.chelpus.XSupport$17.beforeHookedMethod(XSupport.java:533)
W/System.err( 1021): at de.robv.android.xposed.XposedBridge.handleHookedMethod(XposedBridge.java:611)
W/System.err( 1021): at com.android.server.pm.PackageManagerService.compareSignatures(Native Method)
W/System.err( 1021): at com.android.server.pm.PackageManagerService.grantSignaturePermission(PackageManagerService.java:8012)
W/System.err( 1021): at com.android.server.pm.PackageManagerService.grantPermissionsLPw(PackageManagerService.java:7927)
W/System.err( 1021): at de.robv.android.xposed.XposedBridge.invokeOriginalMethodNative(Native Method)
W/System.err( 1021): at de.robv.android.xposed.XposedBridge.handleHookedMethod(XposedBridge.java:631)
W/System.err( 1021): at com.android.server.pm.PackageManagerService.grantPermissionsLPw(Native Method)
W/System.err( 1021): at com.android.server.pm.PackageManagerService.updatePermissionsLPw(PackageManagerService.java:7851)
W/System.err( 1021): at com.android.server.pm.PackageManagerService.(PackageManagerService.java:1951)
W/System.err( 1021): at de.robv.android.xposed.XposedBridge.invokeOriginalMethodNative(Native Method)
W/System.err( 1021): at de.robv.android.xposed.XposedBridge.handleHookedMethod(XposedBridge.java:631)
W/System.err( 1021): at com.android.server.pm.PackageManagerService.(Native Method)
W/System.err( 1021): at com.android.server.pm.PackageManagerService.main(PackageManagerService.java:1422)
W/System.err( 1021): at com.android.server.ServerThread.initAndLoop(SystemServer.java:480)
W/System.err( 1021): at de.robv.android.xposed.XposedBridge.invokeOriginalMethodNative(Native Method)
E/BufferQueue( 144): [CFSurface] dequeueBuffer: min undequeued buffer count (1) exceeded (dequeued=2 undequeudCount=0)
W/System.err( 1021): at de.robv.android.xposed.XposedBridge.handleHookedMethod(XposedBridge.java:631)
W/System.err( 1021): at com.android.server.ServerThread.initAndLoop(Native Method)
W/System.err( 1021): at com.android.server.SystemServer.main(SystemServer.java:2215)
W/System.err( 1021): at java.lang.reflect.Method.invokeNative(Native Method)
W/System.err( 1021): at java.lang.reflect.Method.invoke(Method.java:515)
W/System.err( 1021): at com.android.internal.os.ZygoteInit$MethodAndArgsCaller.run(ZygoteInit.java:1283)
W/System.err( 1021): at com.android.internal.os.ZygoteInit.main(ZygoteInit.java:1099)
W/System.err( 1021): at de.robv.android.xposed.XposedBridge.main(XposedBridge.java:132)
W/System.err( 1021): at dalvik.system.NativeStart.main(Native Method)
W/System.err( 1021): java.lang.NullPointerException
W/System.err( 1021): at com.chelpus.XSupport$17.beforeHookedMethod(XSupport.java:533)
W/System.err( 1021): at de.robv.android.xposed.XposedBridge.handleHookedMethod(XposedBridge.java:611)
W/System.err( 1021): at com.android.server.pm.PackageManagerService.compareSignatures(Native Method)
W/System.err( 1021): at com.android.server.pm.PackageManagerService.grantSignaturePermission(PackageManagerService.java:8012)
W/System.err( 1021): at com.android.server.pm.PackageManagerService.grantPermissionsLPw(PackageManagerService.java:7927)
W/System.err( 1021): at de.robv.android.xposed.XposedBridge.invokeOriginalMethodNative(Native Method)
W/System.err( 1021): at de.robv.android.xposed.XposedBridge.handleHookedMethod(XposedBridge.java:631)
W/System.err( 1021): at com.android.server.pm.PackageManagerService.grantPermissionsLPw(Native Method)
W/System.err( 1021): at com.android.server.pm.PackageManagerService.updatePermissionsLPw(PackageManagerService.java:7851)
W/System.err( 1021): at com.android.server.pm.PackageManagerService.(PackageManagerService.java:1951)
W/System.err( 1021): at de.robv.android.xposed.XposedBridge.invokeOriginalMethodNative(Native Method)
W/System.err( 1021): at de.robv.android.xposed.XposedBridge.handleHookedMethod(XposedBridge.java:631)
W/System.err( 1021): at com.android.server.pm.PackageManagerService.(Native Method)
W/System.err( 1021): at com.android.server.pm.PackageManagerService.main(PackageManagerService.java:1422)
W/System.err( 1021): at com.android.server.ServerThread.initAndLoop(SystemServer.java:480)
W/System.err( 1021): at de.robv.android.xposed.XposedBridge.invokeOriginalMethodNative(Native Method)
W/System.err( 1021): at de.robv.android.xposed.XposedBridge.handleHookedMethod(XposedBridge.java:631)
W/System.err( 1021): at com.android.server.ServerThread.initAndLoop(Native Method)
W/System.err( 1021): at com.android.server.SystemServer.main(SystemServer.java:2215)
W/System.err( 1021): at java.lang.reflect.Method.invokeNative(Native Method)
W/System.err( 1021): at java.lang.reflect.Method.invoke(Method.java:515)
W/System.err( 1021): at com.android.internal.os.ZygoteInit$MethodAndArgsCaller.run(ZygoteInit.java:1283)
W/System.err( 1021): at com.android.internal.os.ZygoteInit.main(ZygoteInit.java:1099)
W/System.err( 1021): at de.robv.android.xposed.XposedBridge.main(XposedBridge.java:132)
W/System.err( 1021): at dalvik.system.NativeStart.main(Native Method)
W/System.err( 1021): java.lang.NullPointerException
W/System.err( 1021): at com.chelpus.XSupport$17.beforeHookedMethod(XSupport.java:533)
W/System.err( 1021): at de.robv.android.xposed.XposedBridge.handleHookedMethod(XposedBridge.java:611)
W/System.err( 1021): at com.android.server.pm.PackageManagerService.compareSignatures(Native Method)
W/System.err( 1021): at com.android.server.pm.PackageManagerService.grantSignaturePermission(PackageManagerService.java:8012)
W/System.err( 1021): at com.android.server.pm.PackageManagerService.grantPermissionsLPw(PackageManagerService.java:7927)
W/System.err( 1021): at de.robv.android.xposed.XposedBridge.invokeOriginalMethodNative(Native Method)
W/System.err( 1021): at de.robv.android.xposed.XposedBridge.handleHookedMethod(XposedBridge.java:631)
W/System.err( 1021): at com.android.server.pm.PackageManagerService.grantPermissionsLPw(Native Method)
W/System.err( 1021): at com.android.server.pm.PackageManagerService.updatePermissionsLPw(PackageManagerService.java:7851)
W/System.err( 1021): at com.android.server.pm.PackageManagerService.(PackageManagerService.java:1951)
W/System.err( 1021): at de.robv.android.xposed.XposedBridge.invokeOriginalMethodNative(Native Method)
W/System.err( 1021): at de.robv.android.xposed.XposedBridge.handleHookedMethod(XposedBridge.java:631)
W/System.err( 1021): at com.android.server.pm.PackageManagerService.(Native Method)
W/System.err( 1021): at com.android.server.pm.PackageManagerService.main(PackageManagerService.java:1422)
W/System.err( 1021): at com.android.server.ServerThread.initAndLoop(SystemServer.java:480)
W/System.err( 1021): at de.robv.android.xposed.XposedBridge.invokeOriginalMethodNative(Native Method)
W/System.err( 1021): at de.robv.android.xposed.XposedBridge.handleHookedMethod(XposedBridge.java:631)
W/System.err( 1021): at com.android.server.ServerThread.initAndLoop(Native Method)
W/System.err( 1021): at com.android.server.SystemServer.main(SystemServer.java:2215)
W/System.err( 1021): at java.lang.reflect.Method.invokeNative(Native Method)
W/System.err( 1021): at java.lang.reflect.Method.invoke(Method.java:515)
W/System.err( 1021): at com.android.internal.os.ZygoteInit$MethodAndArgsCaller.run(ZygoteInit.java:1283)
W/System.err( 1021): at com.android.internal.os.ZygoteInit.main(ZygoteInit.java:1099)
W/System.err( 1021): at de.robv.android.xposed.XposedBridge.main(XposedBridge.java:132)
W/System.err( 1021): at dalvik.system.NativeStart.main(Native Method)
W/System.err( 1021): java.lang.NullPointerException
W/System.err( 1021): at com.chelpus.XSupport$17.beforeHookedMethod(XSupport.java:533)
W/System.err( 1021): at de.robv.android.xposed.XposedBridge.handleHookedMethod(XposedBridge.java:611)
W/System.err( 1021): at com.android.server.pm.PackageManagerService.compareSignatures(Native Method)
W/System.err( 1021): at com.android.server.pm.PackageManagerService.grantSignaturePermission(PackageManagerService.java:8012)
W/System.err( 1021): at com.android.server.pm.PackageManagerService.grantPermissionsLPw(PackageManagerService.java:7927)
W/System.err( 1021): at de.robv.android.xposed.XposedBridge.invokeOriginalMethodNative(Native Method)
W/System.err( 1021): at de.robv.android.xposed.XposedBridge.handleHookedMethod(XposedBridge.java:631)
W/System.err( 1021): at com.android.server.pm.PackageManagerService.grantPermissionsLPw(Native Method)
W/System.err( 1021): at com.android.server.pm.PackageManagerService.updatePermissionsLPw(PackageManagerService.java:7851)
W/System.err( 1021): at com.android.server.pm.PackageManagerService.(PackageManagerService.java:1951)
W/System.err( 1021): at de.robv.android.xposed.XposedBridge.invokeOriginalMethodNative(Native Method)
W/System.err( 1021): at de.robv.android.xposed.XposedBridge.handleHookedMethod(XposedBridge.java:631)
W/System.err( 1021): at com.android.server.pm.PackageManagerService.(Native Method)
W/System.err( 1021): at com.android.server.pm.PackageManagerService.main(PackageManagerService.java:1422)
W/System.err( 1021): at com.android.server.ServerThread.initAndLoop(SystemServer.java:480)
W/System.err( 1021): at de.robv.android.xposed.XposedBridge.invokeOriginalMethodNative(Native Method)
W/System.err( 1021): at de.robv.android.xposed.XposedBridge.handleHookedMethod(XposedBridge.java:631)
W/System.err( 1021): at com.android.server.ServerThread.initAndLoop(Native Method)
W/System.err( 1021): at com.android.server.SystemServer.main(SystemServer.java:2215)
W/System.err( 1021): at java.lang.reflect.Method.invokeNative(Native Method)
W/System.err( 1021): at java.lang.reflect.Method.invoke(Method.java:515)
W/System.err( 1021): at com.android.internal.os.ZygoteInit$MethodAndArgsCaller.run(ZygoteInit.java:1283)
W/System.err( 1021): at com.android.internal.os.ZygoteInit.main(ZygoteInit.java:1099)
W/System.err( 1021): at de.robv.android.xposed.XposedBridge.main(XposedBridge.java:132)
W/System.err( 1021): at dalvik.system.NativeStart.main(Native Method)
W/System.err( 1021): java.lang.NullPointerException
W/System.err( 1021): at com.chelpus.XSupport$17.beforeHookedMethod(XSupport.java:533)
W/System.err( 1021): at de.robv.android.xposed.XposedBridge.handleHookedMethod(XposedBridge.java:611)
W/System.err( 1021): at com.android.server.pm.PackageManagerService.compareSignatures(Native Method)
W/System.err( 1021): at com.android.server.pm.PackageManagerService.grantSignaturePermission(PackageManagerService.java:8012)
W/System.err( 1021): at com.android.server.pm.PackageManagerService.grantPermissionsLPw(PackageManagerService.java:7927)
W/System.err( 1021): at de.robv.android.xposed.XposedBridge.invokeOriginalMethodNative(Native Method)
W/System.err( 1021): at de.robv.android.xposed.XposedBridge.handleHookedMethod(XposedBridge.java:631)
W/System.err( 1021): at com.android.server.pm.PackageManagerService.grantPermissionsLPw(Native Method)
W/System.err( 1021): at com.android.server.pm.PackageManagerService.updatePermissionsLPw(PackageManagerService.java:7851)
W/System.err( 1021): at com.android.server.pm.PackageManagerService.(PackageManagerService.java:1951)
W/System.err( 1021): at de.robv.android.xposed.XposedBridge.invokeOriginalMethodNative(Native Method)
W/System.err( 1021): at de.robv.android.xposed.XposedBridge.handleHookedMethod(XposedBridge.java:631)
W/System.err( 1021): at com.android.server.pm.PackageManagerService.(Native Method)
W/System.err( 1021): at com.android.server.pm.PackageManagerService.main(PackageManagerService.java:1422)
W/System.err( 1021): at com.android.server.ServerThread.initAndLoop(SystemServer.java:480)
W/System.err( 1021): at de.robv.android.xposed.XposedBridge.invokeOriginalMethodNative(Native Method)
W/System.err( 1021): at de.robv.android.xposed.XposedBridge.handleHookedMethod(XposedBridge.java:631)
W/System.err( 1021): at com.android.server.ServerThread.initAndLoop(Native Method)
W/System.err( 1021): at com.android.server.SystemServer.main(SystemServer.java:2215)
E/BufferQueue( 144): [CFSurface] dequeueBuffer: min undequeued buffer count (1) exceeded (dequeued=2 undequeudCount=0)
W/System.err( 1021): at java.lang.reflect.Method.invokeNative(Native Method)
W/System.err( 1021): at java.lang.reflect.Method.invoke(Method.java:515)
W/System.err( 1021): at com.android.internal.os.ZygoteInit$MethodAndArgsCaller.run(ZygoteInit.java:1283)
W/System.err( 1021): at com.android.internal.os.ZygoteInit.main(ZygoteInit.java:1099)
W/System.err( 1021): at de.robv.android.xposed.XposedBridge.main(XposedBridge.java:132)
W/System.err( 1021): at dalvik.system.NativeStart.main(Native Method)
W/System.err( 1021): java.lang.NullPointerException
W/System.err( 1021): at com.chelpus.XSupport$17.beforeHookedMethod(XSupport.java:533)
W/System.err( 1021): at de.robv.android.xposed.XposedBridge.handleHookedMethod(XposedBridge.java:611)
W/System.err( 1021): at com.android.server.pm.PackageManagerService.compareSignatures(Native Method)
W/System.err( 1021): at com.android.server.pm.PackageManagerService.grantSignaturePermission(PackageManagerService.java:8012)
W/System.err( 1021): at com.android.server.pm.PackageManagerService.grantPermissionsLPw(PackageManagerService.java:7927)
W/System.err( 1021): at de.robv.android.xposed.XposedBridge.invokeOriginalMethodNative(Native Method)
W/System.err( 1021): at de.robv.android.xposed.XposedBridge.handleHookedMethod(XposedBridge.java:631)
W/System.err( 1021): at com.android.server.pm.PackageManagerService.grantPermissionsLPw(Native Method)
W/System.err( 1021): at com.android.server.pm.PackageManagerService.updatePermissionsLPw(PackageManagerService.java:7851)
W/System.err( 1021): at com.android.server.pm.PackageManagerService.(PackageManagerService.java:1951)
W/System.err( 1021): at de.robv.android.xposed.XposedBridge.invokeOriginalMethodNative(Native Method)
W/System.err( 1021): at de.robv.android.xposed.XposedBridge.handleHookedMethod(XposedBridge.java:631)
W/System.err( 1021): at com.android.server.pm.PackageManagerService.(Native Method)
W/System.err( 1021): at com.android.server.pm.PackageManagerService.main(PackageManagerService.java:1422)
W/System.err( 1021): at com.android.server.ServerThread.initAndLoop(SystemServer.java:480)
W/System.err( 1021): at de.robv.android.xposed.XposedBridge.invokeOriginalMethodNative(Native Method)
W/System.err( 1021): at de.robv.android.xposed.XposedBridge.handleHookedMethod(XposedBridge.java:631)
W/System.err( 1021): at com.android.server.ServerThread.initAndLoop(Native Method)
W/System.err( 1021): at com.android.server.SystemServer.main(SystemServer.java:2215)
W/System.err( 1021): at java.lang.reflect.Method.invokeNative(Native Method)
W/System.err( 1021): at java.lang.reflect.Method.invoke(Method.java:515)
W/System.err( 1021): at com.android.internal.os.ZygoteInit$MethodAndArgsCaller.run(ZygoteInit.java:1283)
W/System.err( 1021): at com.android.internal.os.ZygoteInit.main(ZygoteInit.java:1099)
W/System.err( 1021): at de.robv.android.xposed.XposedBridge.main(XposedBridge.java:132)
W/System.err( 1021): at dalvik.system.NativeStart.main(Native Method)
W/System.err( 1021): java.lang.NullPointerException
W/System.err( 1021): at com.chelpus.XSupport$17.beforeHookedMethod(XSupport.java:533)
W/System.err( 1021): at de.robv.android.xposed.XposedBridge.handleHookedMethod(XposedBridge.java:611)
W/System.err( 1021): at com.android.server.pm.PackageManagerService.compareSignatures(Native Method)
W/System.err( 1021): at com.android.server.pm.PackageManagerService.grantSignaturePermission(PackageManagerService.java:8012)
W/System.err( 1021): at com.android.server.pm.PackageManagerService.grantPermissionsLPw(PackageManagerService.java:7927)
W/System.err( 1021): at de.robv.android.xposed.XposedBridge.invokeOriginalMethodNative(Native Method)
W/System.err( 1021): at de.robv.android.xposed.XposedBridge.handleHookedMethod(XposedBridge.java:631)
W/System.err( 1021): at com.android.server.pm.PackageManagerService.grantPermissionsLPw(Native Method)
W/System.err( 1021): at com.android.server.pm.PackageManagerService.updatePermissionsLPw(PackageManagerService.java:7851)
W/System.err( 1021): at com.android.server.pm.PackageManagerService.(PackageManagerService.java:1951)
W/System.err( 1021): at de.robv.android.xposed.XposedBridge.invokeOriginalMethodNative(Native Method)
W/System.err( 1021): at de.robv.android.xposed.XposedBridge.handleHookedMethod(XposedBridge.java:631)
W/System.err( 1021): at com.android.server.pm.PackageManagerService.(Native Method)
W/System.err( 1021): at com.android.server.pm.PackageManagerService.main(PackageManagerService.java:1422)
W/System.err( 1021): at com.android.server.ServerThread.initAndLoop(SystemServer.java:480)
W/System.err( 1021): at de.robv.android.xposed.XposedBridge.invokeOriginalMethodNative(Native Method)
W/System.err( 1021): at de.robv.android.xposed.XposedBridge.handleHookedMethod(XposedBridge.java:631)
W/System.err( 1021): at com.android.server.ServerThread.initAndLoop(Native Method)
W/System.err( 1021): at com.android.server.SystemServer.main(SystemServer.java:2215)
W/System.err( 1021): at java.lang.reflect.Method.invokeNative(Native Method)
W/System.err( 1021): at java.lang.reflect.Method.invoke(Method.java:515)
W/System.err( 1021): at com.android.internal.os.ZygoteInit$MethodAndArgsCaller.run(ZygoteInit.java:1283)
W/System.err( 1021): at com.android.internal.os.ZygoteInit.main(ZygoteInit.java:1099)
W/System.err( 1021): at de.robv.android.xposed.XposedBridge.main(XposedBridge.java:132)
W/System.err( 1021): at dalvik.system.NativeStart.main(Native Method)
W/System.err( 1021): java.lang.NullPointerException
W/System.err( 1021): at com.chelpus.XSupport$17.beforeHookedMethod(XSupport.java:533)
W/System.err( 1021): at de.robv.android.xposed.XposedBridge.handleHookedMethod(XposedBridge.java:611)
W/System.err( 1021): at com.android.server.pm.PackageManagerService.compareSignatures(Native Method)
W/System.err( 1021): at com.android.server.pm.PackageManagerService.grantSignaturePermission(PackageManagerService.java:8012)
W/System.err( 1021): at com.android.server.pm.PackageManagerService.grantPermissionsLPw(PackageManagerService.java:7927)
W/System.err( 1021): at de.robv.android.xposed.XposedBridge.invokeOriginalMethodNative(Native Method)
W/System.err( 1021): at de.robv.android.xposed.XposedBridge.handleHookedMethod(XposedBridge.java:631)
W/System.err( 1021): at com.android.server.pm.PackageManagerService.grantPermissionsLPw(Native Method)
W/PackageManager( 1021): Unknown permission com.android.email.permission.ACCESS_PROVIDER in package com.android.contacts
W/PackageManager( 1021): Unknown permission com.android.email.permission.READ_ATTACHMENT in package com.android.contacts
W/System.err( 1021): at com.android.server.pm.PackageManagerService.updatePermissionsLPw(PackageManagerService.java:7851)
W/System.err( 1021): at com.android.server.pm.PackageManagerService.(PackageManagerService.java:1951)
W/System.err( 1021): at de.robv.android.xposed.XposedBridge.invokeOriginalMethodNative(Native Method)
W/System.err( 1021): at de.robv.android.xposed.XposedBridge.handleHookedMethod(XposedBridge.java:631)
W/System.err( 1021): at com.android.server.pm.PackageManagerService.(Native Method)
W/System.err( 1021): at com.android.server.pm.PackageManagerService.main(PackageManagerService.java:1422)
W/System.err( 1021): at com.android.server.ServerThread.initAndLoop(SystemServer.java:480)
W/System.err( 1021): at de.robv.android.xposed.XposedBridge.invokeOriginalMethodNative(Native Method)
W/System.err( 1021): at de.robv.android.xposed.XposedBridge.handleHookedMethod(XposedBridge.java:631)
W/System.err( 1021): at com.android.server.ServerThread.initAndLoop(Native Method)
W/System.err( 1021): at com.android.server.SystemServer.main(SystemServer.java:2215)
W/System.err( 1021): at java.lang.reflect.Method.invokeNative(Native Method)
W/System.err( 1021): at java.lang.reflect.Method.invoke(Method.java:515)
W/System.err( 1021): at com.android.internal.os.ZygoteInit$MethodAndArgsCaller.run(ZygoteInit.java:1283)
W/System.err( 1021): at com.android.internal.os.ZygoteInit.main(ZygoteInit.java:1099)
